F/NetworkPolicy(  442):         at android.os.Looper.loop(Looper.java:136)
F/NetworkPolicy(  442):         at android.os.HandlerThread.run(HandlerThread.java:61)
F/NetworkPolicy(  442): Caused by: com.android.server.NativeDaemonConnector$NativeDaemonFailureException: command '1710 bandwidth setiquota rmnet0 922
3372036854775807' failed with '400 1710 Bandwidth command failed'
F/NetworkPolicy(  442):         at com.android.server.NativeDaemonConnector.execute(NativeDaemonConnector.java:391)
F/NetworkPolicy(  442):         at com.android.server.NativeDaemonConnector.executeForList(NativeDaemonConnector.java:327)
F/NetworkPolicy(  442):         at com.android.server.NativeDaemonConnector.execute(NativeDaemonConnector.java:292)
F/NetworkPolicy(  442):         at com.android.server.NetworkManagementService.setInterfaceQuota(NetworkManagementService.java:1283)
F/NetworkPolicy(  442):         ... 9 more
D/MobileDataStateTracker(  442): default: setPolicyDataEnable(enabled=true)
V/MmsConfig(23856): mnc/mcc: 26207
V/MmsConfig(23856): tag: int value: maxMessageSize - 307200
V/MmsConfig(23856): tag: int value: maxImageHeight - 768
V/MmsConfig(23856): tag: int value: maxImageWidth - 1024
V/MmsConfig(23856): tag: string value: userAgent - NexusOne
V/MmsConfig(23856): tag: string value: uaProfUrl - http://www.htcmms.com.tw/Android/Common/nexusone/ua-profile.xml
V/MmsConfig(23856): tag: int value: recipientLimit - -1
V/MmsConfig(23856): tag: int value: smsToMmsTextThreshold - 4
V/MmsConfig(23856): tag: bool value: enableMultipartSMS - true
V/MmsConfig(23856): tag: bool value: enableSlideDuration - true
V/MmsConfig(23856): tag: int value: maxMessageTextSize - -1
D/ConnectivityService(  442): requestRouteToHostAddress ok=true
D/ConnectivityService(  442): [CheckMp] isMobileOk: wait to establish route to hostAddr=clients3.google.com/173.194.45.40
W/LocationBasedCountryDetector(  442): Exception occurs when getting country from location
W/ContextImpl(23471): Implicit intents with startService are not safe: Intent { act=com.viber.voip.action.VIBER_SERVICE_BACKGROUND } android.content.C
ontextWrapper.startService:494 com.viber.voip.e.s.a:273 com.viber.voip.e.s.onServiceStateChanged:237
D/CaptivePortalTracker(  442): NoActiveNetworkState{ when=0 what=1 obj=NetworkInfo: type: mobile_hipri[GPRS], state: CONNECTED/CONNECTED, reason: data
Enabled, extra: internet, roaming: false, failover: false, isAvailable: true, isConnectedToProvisioningNetwork: false target=com.android.internal.util
.StateMachine$SmHandler }
D/CaptivePortalTracker(  442): NoActiveNetworkState not a wifi connectivity change, ignore
D/Tethering(  442): MasterInitialState.processMessage what=3
D/ConnectivityService(  442): [CheckMp] isMobileOk: newUrl=https://173.194.45.40/generate_204
D/CMStats (21148): Waiting for next sync : 0 hours
D/GCM     (21183): GcmService start Intent { act=android.net.conn.CONNECTIVITY_CHANGE flg=0x4000010 cmp=com.google.android.gms/.gcm.GcmService (has ex
tras) } android.net.conn.CONNECTIVITY_CHANGE
I/ActivityManager(  442): Start proc com.google.android.youtube for broadcast com.google.android.youtube/com.google.android.apps.youtube.app.prefetch.
PrefetchService$DeviceStateReceiver: pid=23950 uid=10053 gids={50053, 3003, 1028, 1015, 1006}
D/ActivityThread(23950): com.google.android.youtube black listed for hwui
D/YouTube (23950): apps.youtube.core.utils.bh.a:41 HttpClient.UserAgent: com.google.android.youtube/5.3.32(Linux; U; Android 4.4.2; en_GB; NexusHD2 Bu
ild/KOT49H) Experiment/20; ExoPlayerLib/1.0
D/ConnectivityService(  442): [CheckMp] isMobileOk: hostnameVerify retVal=true hostname=173.194.45.40 orgUriHost=clients3.google.com
D/YouTube (23950): apps.youtube.core.utils.bh.a:41 HttpClient.UserAgent: com.google.android.youtube/5.3.32(Linux; U; Android 4.4.2; en_GB; NexusHD2 Bu
ild/KOT49H) Experiment/20; ExoPlayerLib/1.0
D/YouTube (23950): apps.youtube.core.client.y.a:114 event [version=5.3.32 [20]-s2000, action=Startup, label=NORMAL_STARTUP, value=-1]
D/YouTube (23950): apps.youtube.core.cache.f.run:163 Cache is below limit, no need to shrink: [size=273399, limit=20971520]
D/dalvikvm(23950): DexOpt: --- BEGIN 'ads973100188.jar' (bootstrap=0) ---
D/dalvikvm(23974): DexOpt: load 16ms, verify+opt 18ms, 158860 bytes
D/dalvikvm(23950): DexOpt: --- END 'ads973100188.jar' (success) ---
D/dalvikvm(23950): DEX prep '/data/data/com.google.android.youtube/cache/ads973100188.jar': unzip in 0ms, rewrite 1151ms
I/GoogleConversionPing(23950): Pinging: http://www.googleadservices.com/pagead/conversion/1001680686/?label=4dahCKKczAYQrt7R3QM&value=&muid=oVrUNoujet
zsbixuQOgMhA&bundleid=com.google.android.youtube&appversion=5.3.32&osversion=4.4.2&sdkversion=ct-sdk-a-v1.1.0&remarketing_only=1&timestamp=1392807274&
data=screen_name%3D%3CAndroid_YT_Open_App%3E
D/YouTube (23950): apps.youtube.app.prefetch.PrefetchService$DeviceStateReceiver.onReceive:565 Got device state change intent: android.net.conn.CONNEC
TIVITY_CHANGE
D/YouTube (23950): apps.youtube.core.transfer.TransferService.onCreate:108 creating transfer service
D/ConnectivityService(  442): [CheckMp] isMobileOk: headers={null=[HTTP/1.1 204 No Content], Connection=[close], Content-Length=[0], Content-Type=[tex
t/html; charset=UTF-8], Date=[Wed, 19 Feb 2014 10:54:36 GMT], Server=[GFE/2.0], X-Android-Received-Millis=[1392807274833], X-Android-Response-Source=[
NETWORK 204], X-Android-Selected-Transport=[http/1.1], X-Android-Sent-Millis=[1392807271508]}
D/ConnectivityService(  442): [CheckMp] isMobileOk: X got expected responseCode=204 result=1
D/ConnectivityService(  442): [CheckMp] isMobileOk: F stop hipri
D/YouTube (23950): apps.youtube.app.prefetch.PrefetchService.onStartCommand:167 PrefetchService started at 19 Feb 2014 10:54:34 GMT
D/MobileDataStateTracker(  442): default: setEnableFailFastMobileData(enabled=0)
D/ConnectivityService(  442): stopUsingNetworkFeature: teardown net 0: enableHIPRI
D/MobileDataStateTracker(  442): hipri: Broadcast received: android.intent.action.ANY_DATA_STATE apnType=hipri
D/MobileDataStateTracker(  442): hipri: Received state=DISCONNECTED, old=CONNECTED, reason=dataDisabled
D/MobileDataStateTracker(  442): hipri: setDetailed state, old =CONNECTED and new state=DISCONNECTED
D/ConnectivityService(  442): ConnectivityChange for mobile_hipri: DISCONNECTED/DISCONNECTED
D/YouTube (23950): apps.youtube.app.prefetch.PrefetchService.p_:245 Download snapshot restored
D/YouTube (23950): apps.youtube.app.prefetch.PrefetchService.onDestroy:215 PrefetchService destroyed at 19 Feb 2014 10:54:35 GMT
W/NetdConnector(  442): NDC Command {1716 interface route remove rmnet0 secondary 10.44.115.209 32 0.0.0.0} took too long (611ms)
D/Nat464Xlat(  442): requiresClat: netType=5, hasIPv4Address=true
D/MobileDataStateTracker(  442): default: setPolicyDataEnable(enabled=true)
I/iptables(   77): iptables: Invalid argument. Run `dmesg' for more information.
I/iptables(   77): iptables terminated by exit(1)
E/BandwidthController(   77): runIptablesCmd(): res=1 status=256 failed /system/bin/iptables -A bw_costly_rmnet0 -m quota2 ! --quota 92233720368547758
07 --name rmnet0 --jump REJECT
I/ip6tables(   77): ip6tables: Invalid argument. Run `dmesg' for more information.
I/ip6tables(   77): ip6tables terminated by exit(1)
E/BandwidthController(   77): runIptablesCmd(): res=1 status=256 failed /system/bin/ip6tables -A bw_costly_rmnet0 -m quota2 ! --quota 9223372036854775
807 --name rmnet0 --jump REJECT
E/BandwidthController(   77): Failed set quota rule
E/BandwidthController(   77): No such iface rmnet0 to delete
F/NetworkPolicy(  442): problem setting interface quota
F/NetworkPolicy(  442): java.lang.IllegalStateException: command '1723 bandwidth setiquota rmnet0 9223372036854775807' failed with '400 1723 Bandwidth
 command failed'
F/NetworkPolicy(  442):         at com.android.server.NetworkManagementService.setInterfaceQuota(NetworkManagementService.java:1286)
F/NetworkPolicy(  442):         at com.android.server.net.NetworkPolicyManagerService.setInterfaceQuota(NetworkPolicyManagerService.java:1984)
F/NetworkPolicy(  442):         at com.android.server.net.NetworkPolicyManagerService.updateNetworkRulesLocked(NetworkPolicyManagerService.java:1064)
F/NetworkPolicy(  442):         at com.android.server.net.NetworkPolicyManagerService.access$1300(NetworkPolicyManagerService.java:169)
F/NetworkPolicy(  442):         at com.android.server.net.NetworkPolicyManagerService$12.onReceive(NetworkPolicyManagerService.java:898)
F/NetworkPolicy(  442):         at android.app.LoadedApk$ReceiverDispatcher$Args.run(LoadedApk.java:768)
F/NetworkPolicy(  442):         at android.os.Handler.handleCallback(Handler.java:733)
F/NetworkPolicy(  442):         at android.os.Handler.dispatchMessage(Handler.java:95)
F/NetworkPolicy(  442):         at android.os.Looper.loop(Looper.java:136)
F/NetworkPolicy(  442):         at android.os.HandlerThread.run(HandlerThread.java:61)
F/NetworkPolicy(  442): Caused by: com.android.server.NativeDaemonConnector$NativeDaemonFailureException: command '1723 bandwidth setiquota rmnet0 922
3372036854775807' failed with '400 1723 Bandwidth command failed'
F/NetworkPolicy(  442):         at com.android.server.NativeDaemonConnector.execute(NativeDaemonConnector.java:391)
F/NetworkPolicy(  442):         at com.android.server.NativeDaemonConnector.executeForList(NativeDaemonConnector.java:327)
F/NetworkPolicy(  442):         at com.android.server.NativeDaemonConnector.execute(NativeDaemonConnector.java:292)
F/NetworkPolicy(  442):         at com.android.server.NetworkManagementService.setInterfaceQuota(NetworkManagementService.java:1283)
F/NetworkPolicy(  442):         ... 9 more
W/dalvikvm(  442): threadid=2: spin on suspend #1 threadid=54 (pcf=0)
W/dalvikvm(  442): threadid=2: spin on suspend resolved in 1513 msec
W/NetdConnector(  442): NDC Command {1724 bandwidth gettetherstats} took too long (2585ms)
D/MobileDataStateTracker(  442): default: setPolicyDataEnable(enabled=true)
I/iptables(   77): iptables: Invalid argument. Run `dmesg' for more information.
I/iptables(   77): iptables terminated by exit(1)
E/BandwidthController(   77): runIptablesCmd(): res=1 status=256 failed /system/bin/iptables -A bw_costly_rmnet0 -m quota2 ! --quota 92233720368547758
07 --name rmnet0 --jump REJECT
I/ip6tables(   77): ip6tables: Invalid argument. Run `dmesg' for more information.
I/ip6tables(   77): ip6tables terminated by exit(1)
E/BandwidthController(   77): runIptablesCmd(): res=1 status=256 failed /system/bin/ip6tables -A bw_costly_rmnet0 -m quota2 ! --quota 9223372036854775
807 --name rmnet0 --jump REJECT
E/BandwidthController(   77): Failed set quota rule
E/BandwidthController(   77): No such iface rmnet0 to delete
F/NetworkPolicy(  442): problem setting interface quota
F/NetworkPolicy(  442): java.lang.IllegalStateException: command '1725 bandwidth setiquota rmnet0 9223372036854775807' failed with '400 1725 Bandwidth
 command failed'
F/NetworkPolicy(  442):         at com.android.server.NetworkManagementService.setInterfaceQuota(NetworkManagementService.java:1286)
F/NetworkPolicy(  442):         at com.android.server.net.NetworkPolicyManagerService.setInterfaceQuota(NetworkPolicyManagerService.java:1984)
F/NetworkPolicy(  442):         at com.android.server.net.NetworkPolicyManagerService.updateNetworkRulesLocked(NetworkPolicyManagerService.java:1064)
F/NetworkPolicy(  442):         at com.android.server.net.NetworkPolicyManagerService.access$1300(NetworkPolicyManagerService.java:169)
F/NetworkPolicy(  442):         at com.android.server.net.NetworkPolicyManagerService$12.onReceive(NetworkPolicyManagerService.java:898)
F/NetworkPolicy(  442):         at android.app.LoadedApk$ReceiverDispatcher$Args.run(LoadedApk.java:768)
F/NetworkPolicy(  442):         at android.os.Handler.handleCallback(Handler.java:733)
F/NetworkPolicy(  442):         at android.os.Handler.dispatchMessage(Handler.java:95)
F/NetworkPolicy(  442):         at android.os.Looper.loop(Looper.java:136)
F/NetworkPolicy(  442):         at android.os.HandlerThread.run(HandlerThread.java:61)
F/NetworkPolicy(  442): Caused by: com.android.server.NativeDaemonConnector$NativeDaemonFailureException: command '1725 bandwidth setiquota rmnet0 922
3372036854775807' failed with '400 1725 Bandwidth command failed'
F/NetworkPolicy(  442):         at com.android.server.NativeDaemonConnector.execute(NativeDaemonConnector.java:391)
F/NetworkPolicy(  442):         at com.android.server.NativeDaemonConnector.executeForList(NativeDaemonConnector.java:327)
F/NetworkPolicy(  442):         at com.android.server.NativeDaemonConnector.execute(NativeDaemonConnector.java:292)
F/NetworkPolicy(  442):         at com.android.server.NetworkManagementService.setInterfaceQuota(NetworkManagementService.java:1283)
F/NetworkPolicy(  442):         ... 9 more
I/ActivityManager(  442): Start proc com.gameloft.android.ANMP.GloftMTHM for broadcast com.gameloft.android.ANMP.GloftMTHM/.GLUtils.NetworkStateReceiv
er: pid=24038 uid=10067 gids={50067, 1028, 1015, 3003}
D/CaptivePortalTracker(  442): NoActiveNetworkState{ when=-1ms what=1 obj=NetworkInfo: type: mobile_hipri[GPRS], state: DISCONNECTED/DISCONNECTED, rea
son: dataDisabled, extra: internet, roaming: false, failover: false, isAvailable: true, isConnectedToProvisioningNetwork: false target=com.android.int
ernal.util.StateMachine$SmHandler }
D/CaptivePortalTracker(  442): NoActiveNetworkState not a wifi connectivity change, ignore
D/Tethering(  442): MasterInitialState.processMessage what=3
D/CaptivePortalTracker(  442): NoActiveNetworkState{ when=0 what=1 obj=NetworkInfo: type: mobile[GPRS], state: CONNECTED/CONNECTED, reason: dataAttach
ed, extra: internet, roaming: false, failover: false, isAvailable: true, isConnectedToProvisioningNetwork: false target=com.android.internal.util.Stat
eMachine$SmHandler }
D/CaptivePortalTracker(  442): NoActiveNetworkState not a wifi connectivity change, ignore
D/Tethering(  442): MasterInitialState.processMessage what=3
I/BatteryReceiverInfo(22362): level: 88 scale: 100 batteryLifePercent: 88
I/SkypeAdConfigManager(22362): Setting Battery Life Threshold to '0'
D/ConnectivityService(  442): [CheckMp] isMobileOk: X result=1
D/ConnectivityService(  442): [CheckMp] onPostExecute: result=1
D/ConnectivityService(  442): CheckMp.onComplete: result=1
D/ConnectivityService(  442): CheckMp.onComplete: ignore, connected or no connection
W/GLSUser (21183): GoogleAccountDataService.getToken()
D/MobileDataStateTracker(  442): default: setPolicyDataEnable(enabled=true)
D/MobileDataStateTracker(  442): default: setPolicyDataEnable(enabled=true)
I/GoogleConversionPing(23950): Ping responded with response code 200
D/YahooWeatherProvider(23785): Resolved location Location[network 49.293658,8.643602 acc=26 et=+1d13h3m22s813ms {Bundle[mParcelledData.dataSize=728]}]
 to Walldorf (12835591)
D/CMStats (21148): Waiting for next sync : 0 hours
D/GCM     (21183): GcmService start Intent { act=android.net.conn.CONNECTIVITY_CHANGE flg=0x4000010 cmp=com.google.android.gms/.gcm.GcmService (has ex
tras) } android.net.conn.CONNECTIVITY_CHANGE
D/YouTube (23950): apps.youtube.app.prefetch.PrefetchService$DeviceStateReceiver.onReceive:565 Got device state change intent: android.net.conn.CONNEC
TIVITY_CHANGE
D/YouTube (23950): apps.youtube.app.prefetch.PrefetchService.onStartCommand:167 PrefetchService started at 19 Feb 2014 10:54:54 GMT
D/YouTube (23950): apps.youtube.app.prefetch.PrefetchService.p_:245 Download snapshot restored
D/YahooWeatherProvider(23785): Weather updated: WeatherInfo for Walldorf (12835591) @ Wed Feb 19 11:54:53 CET 2014: Mostly Cloudy(28), temperature 9-
C, low 4-, high 10-, humidity 79%, wind 18km/h at SW, forecasts: day 1: high 10-, low 4-, Mostly Cloudy(28); day 2: high 12-, low 6-, Partly Clo
udy(30); day 3: high 9-, low 1-, Mostly Cloudy(28); day 4: high 9-, low 2-, PM Light Rain(11); day 5: high 11-, low 1-, Mostly Cloudy(28)
D/YouTube (23950): apps.youtube.app.prefetch.PrefetchService.onDestroy:215 PrefetchService destroyed at 19 Feb 2014 10:54:54 GMT
D/CMStats (21148): Waiting for next sync : 0 hours
D/YouTube (23950): apps.youtube.app.prefetch.PrefetchService$DeviceStateReceiver.onReceive:565 Got device state change intent: android.net.conn.CONNEC
TIVITY_CHANGE
D/GCM     (21183): GcmService start Intent { act=android.net.conn.CONNECTIVITY_CHANGE flg=0x4000010 cmp=com.google.android.gms/.gcm.GcmService (has ex
tras) } android.net.conn.CONNECTIVITY_CHANGE
D/YouTube (23950): apps.youtube.app.prefetch.PrefetchService.onStartCommand:167 PrefetchService started at 19 Feb 2014 10:54:54 GMT
I/ActivityManager(  442): Delay finish: com.android.mms/.transaction.SmsReceiver
V/SmsReceiverService(23856): onStart: #1 mResultCode: -1 = Activity.RESULT_OK
D/YouTube (23950): apps.youtube.app.prefetch.PrefetchService.p_:245 Download snapshot restored
D/YouTube (23950): apps.youtube.app.prefetch.PrefetchService.onDestroy:215 PrefetchService destroyed at 19 Feb 2014 10:54:54 GMT
D/YahooWeatherProvider(23785): Resolved location Location[network 49.293658,8.643602 acc=26 et=+1d13h3m22s813ms {Bundle[mParcelledData.dataSize=728]}]
 to Walldorf (12835591)
D/YahooWeatherProvider(23785): Weather updated: WeatherInfo for Walldorf (12835591) @ Wed Feb 19 11:55:00 CET 2014: Mostly Cloudy(28), temperature 9-
C, low 4-, high 10-, humidity 79%, wind 18km/h at SW, forecasts: day 1: high 10-, low 4-, Mostly Cloudy(28); day 2: high 12-, low 6-, Partly Clo
udy(30); day 3: high 9-, low 1-, Mostly Cloudy(28); day 4: high 9-, low 2-, PM Light Rain(11); day 5: high 11-, low 1-, Mostly Cloudy(28)
I/ActivityManager(  442): Resuming delayed broadcast
D/CMStats (21148): Waiting for next sync : 0 hours
D/WeatherUpdateService(23785): Service started, but shouldn't update ... stopping
D/YouTube (23950): apps.youtube.app.prefetch.PrefetchService$DeviceStateReceiver.onReceive:565 Got device state change intent: android.net.conn.CONNEC
TIVITY_CHANGE
D/GCM     (21183): GcmService start Intent { act=android.net.conn.CONNECTIVITY_CHANGE flg=0x4000010 cmp=com.google.android.gms/.gcm.GcmService (has ex
tras) } android.net.conn.CONNECTIVITY_CHANGE
D/YouTube (23950): apps.youtube.app.prefetch.PrefetchService.onStartCommand:167 PrefetchService started at 19 Feb 2014 10:55:00 GMT
D/YouTube (23950): apps.youtube.app.prefetch.PrefetchService.p_:245 Download snapshot restored
D/CMStats (21148): Waiting for next sync : 0 hours
D/WeatherUpdateService(23785): Service started, but shouldn't update ... stopping
D/YouTube (23950): apps.youtube.app.prefetch.PrefetchService.onDestroy:215 PrefetchService destroyed at 19 Feb 2014 10:55:00 GMT
D/GCM     (21183): GcmService start Intent { act=android.net.conn.CONNECTIVITY_CHANGE flg=0x4000010 cmp=com.google.android.gms/.gcm.GcmService (has ex
tras) } android.net.conn.CONNECTIVITY_CHANGE
D/YouTube (23950): apps.youtube.app.prefetch.PrefetchService$DeviceStateReceiver.onReceive:565 Got device state change intent: android.net.conn.CONNEC
TIVITY_CHANGE
D/YouTube (23950): apps.youtube.app.prefetch.PrefetchService.onStartCommand:167 PrefetchService started at 19 Feb 2014 10:55:00 GMT
D/YouTube (23950): apps.youtube.app.prefetch.PrefetchService.p_:245 Download snapshot restored
D/YouTube (23950): apps.youtube.app.prefetch.PrefetchService.onDestroy:215 PrefetchService destroyed at 19 Feb 2014 10:55:00 GMT
I/ActivityManager(  442): Delay finish: com.google.android.gsf/.settings.GoogleLocationSettings$LocationSettingsChangedListener
I/ActivityManager(  442): Resuming delayed broadcast
I/ActivityManager(  442): Delay finish: com.cyanogenmod.lockclock/.ClockWidgetProvider
I/ActivityManager(  442): Resuming delayed broadcast
D/GCM     (21183): Connected
I/GCM     (21183): GCM message com.google.android.gsf.gtalkservice
D/GCM     (21183): Message class hwi
D/ConnectivityService(  442): handleInetConditionHoldEnd: net=0, condition=100, published condition=0
V/EventsWidgetProvider(23736): Updated collection
I/BatteryReceiverInfo(22362): level: 88 scale: 100 batteryLifePercent: 88
I/SkypeAdConfigManager(22362): Setting Battery Life Threshold to '0'
V/CalendarWidgetFactory(23736): Updated calendar with events from content provider
I/PowerManagerService(  442): Waking up from sleep...
W/CursorWrapperInner(23736): Cursor finalized without prior close()
I/InputDispatcher(  442): Dropped event because input dispatch is disabled.
D/SurfaceFlinger(   80): Screen acquired, type=0 flinger=0x2a007450
D/AK8973  (   89): Compass Start
W/ActivityManager(  442): getAssistContextExtras failed: no resumed activity
I/WindowManager(  442): Lock screen displayed!
D/YouTube MDX(23950): Recieved intent android.intent.action.SCREEN_ON
D/AlarmManagerService(  442): Kernel timezone updated to -60 minutes west of GMT
D/MobileDataStateTracker(  442): default: Broadcast received: android.intent.action.ANY_DATA_STATE apnType=default
D/MobileDataStateTracker(  442): default: Received state=CONNECTED, old=CONNECTED, reason=(unspecified)
I/PowerManagerService(  442): Going to sleep due to screen timeout...
D/SurfaceFlinger(   80): Screen released, type=0 flinger=0x2a007450
D/AK8973  (   89): Compass CLOSE
I/Choreographer(23707): Skipped 75 frames!  The application may be doing too much work on its main thread.
D/YouTube (23950): apps.youtube.app.prefetch.g.onReceive:366 Received: android.intent.action.SCREEN_OFF
D/YouTube MDX(23950): Recieved intent android.intent.action.SCREEN_OFF
I/PowerManagerService(  442): Waking up from sleep...
D/SurfaceFlinger(   80): Screen acquired, type=0 flinger=0x2a007450
I/WindowManager(  442): Lock screen displayed!
W/ActivityManager(  442): getAssistContextExtras failed: no resumed activity
D/AK8973  (   89): Compass Start
I/Choreographer(23707): Skipped 30 frames!  The application may be doing too much work on its main thread.
D/YouTube MDX(23950): Recieved intent android.intent.action.SCREEN_ON
I/lights  (  442): start_battery_thread: start thread
I/EntropyMixer(  442): Writing entropy...
I/ActivityManager(  442): Start proc com.google.android.apps.uploader for broadcast com.google.android.apps.uploader/com.google.android.picasasync.Bat
teryReceiver: pid=24088 uid=10039 gids={50039, 3003, 1028, 1015}
I/BatteryReceiverInfo(22362): level: 88 scale: 100 batteryLifePercent: 88
I/SkypeAdConfigManager(22362): Setting Battery Life Threshold to '0'
I/BatteryReceiverInfo(22362): level: 88 scale: 100 batteryLifePercent: 88
I/SkypeAdConfigManager(22362): Setting Battery Life Threshold to '0'
I/ActivityManager(  442): Process com.android.mms (pid 23856) has died.
W/ContextImpl(  442): Calling a method in the system process without a qualified user: android.app.ContextImpl.sendStickyBroadcast:1320 com.android.se
rver.usb.LegacyUsbDeviceManager$LegacyUsbHandler.updateUsbState:520 com.android.server.usb.LegacyUsbDeviceManager$LegacyUsbHandler.handleMessage:538 a
ndroid.os.Handler.dispatchMessage:102 android.os.Looper.loop:136
D/YouTube (23950): apps.youtube.app.prefetch.PrefetchService$DeviceStateReceiver.onReceive:565 Got device state change intent: android.intent.action.A
CTION_POWER_CONNECTED
D/YouTube (23950): apps.youtube.app.prefetch.PrefetchService.onStartCommand:167 PrefetchService started at 19 Feb 2014 10:56:10 GMT
D/YouTube (23950): apps.youtube.app.prefetch.PrefetchService.p_:245 Download snapshot restored
D/YouTube (23950): apps.youtube.app.prefetch.PrefetchService.onDestroy:215 PrefetchService destroyed at 19 Feb 2014 10:56:10 GMT
D/PicasaUploader(24088):    wifiOnlyPhoto changed to true
D/PicasaUploader(24088):    wifiOnlyVideo changed to true
D/PicasaUploader(24088):    syncOnBattery changed to true
D/PicasaUploaderSync(24088): sync account database
D/PicasaUploaderSync(24088): accounts in DB=1
D/PicasaUploaderSyncManager(24088): active network: NetworkInfo: type: mobile[HSDPA], state: CONNECTED/CONNECTED, reason: dataAttached, extra: interne
t, roaming: false, failover: false, isAvailable: true, isConnectedToProvisioningNetwork: false
D/PicasaUploaderSyncManager(24088): background data: true
I/Choreographer(23707): Skipped 50 frames!  The application may be doing too much work on its main thread.
D/PicasaUploaderSyncManager(24088): battery info: true
D/AndroidRuntime(24104):
D/AndroidRuntime(24104): >>>>>> AndroidRuntime START com.android.internal.os.RuntimeInit <<<<<<
D/AndroidRuntime(24104): CheckJNI is OFF
D/dalvikvm(24104): Trying to load lib libjavacore.so 0x0
D/dalvikvm(24104): Added shared lib libjavacore.so 0x0
D/dalvikvm(24104): Trying to load lib libnativehelper.so 0x0
D/dalvikvm(24104): Added shared lib libnativehelper.so 0x0
D/dalvikvm(24104): No JNI_OnLoad found in libnativehelper.so 0x0, skipping init
D/dalvikvm(24104): Note: class Landroid/app/ActivityManagerNative; has 180 unimplemented (abstract) methods
E/memtrack(24104): Couldn't load memtrack module (No such file or directory)
E/android.os.Debug(24104): failed to load memtrack module: -2
D/AndroidRuntime(24104): Calling main entry com.android.commands.am.Am
D/AndroidRuntime(24104): Shutting down VM
E/cutils-trace(24104): Error opening trace file: No such file or directory (2)
I/PowerManagerService(  442): Going to sleep due to screen timeout...
D/SurfaceFlinger(   80): Screen released, type=0 flinger=0x2a007450
D/AK8973  (   89): Compass CLOSE
D/YouTube (23950): apps.youtube.app.prefetch.g.onReceive:366 Received: android.intent.action.SCREEN_OFF
D/YouTube MDX(23950): Recieved intent android.intent.action.SCREEN_OFF
I/BatteryReceiverInfo(22362): level: 88 scale: 100 batteryLifePercent: 88
I/SkypeAdConfigManager(22362): Setting Battery Life Threshold to '0'
I/BatteryReceiverInfo(22362): level: 88 scale: 100 batteryLifePercent: 88
I/SkypeAdConfigManager(22362): Setting Battery Life Threshold to '0'
I/BatteryReceiverInfo(22362): level: 89 scale: 100 batteryLifePercent: 89
I/SkypeAdConfigManager(22362): Setting Battery Life Threshold to '0'
W/ContextImpl(23471): Implicit intents with startService are not safe: Intent { act=com.viber.voip.action.VIBER_SERVICE } android.content.ContextWrapp
er.startService:494 com.viber.service.l.run:202 android.os.Handler.handleCallback:733
V/BufferedAnalyticsState(  801): Not ready for upload, 315 seconds left.
D/gps_leo (  442): gps_inject_location() is called
D/gps_leo (  442): latitude=49.292643, longitude=8.643820, accuracy=66.556999