C:\_i024090_\ANDROID\adt-bundle-windows-x86_64-20131030\adt-bundle-windows-x86_64-20131030\sdk\platform-tools>adb logcat
--------- beginning of /dev/log/system
I/ActivityManager(  442): Resuming delayed broadcast
I/ActivityManager(  442): Start proc com.cyanogenmod.lockclock for broadcast com.cyanogenmod.lockclock/.ClockWidgetProvider: pid=22735 uid=10038 gids=
{50038, 3003}
I/ActivityManager(  442): Process net.daverix.TransparentCalendarWidget2 (pid 22659) has died.
I/ActivityManager(  442): Delay finish: com.cyanogenmod.lockclock/.ClockWidgetProvider
I/ActivityManager(  442): Resuming delayed broadcast
I/ActivityManager(  442): Delay finish: com.google.android.calendar/com.android.calendar.alerts.AlertReceiver
I/ActivityManager(  442): START u0 {act=android.intent.action.MAIN cat=[android.intent.category.LAUNCHER] flg=0x10200000 cmp=com.skype.raider/.Main bn
ds=[240,497][357,620]} from pid 5783
W/InputMethodManagerService(  442): Starting input on non-focused client com.android.internal.view.IInputMethodClient$Stub$Proxy@41eeb0c0 (uid=10012 p
id=5783)
I/ActivityManager(  442): Resuming delayed broadcast
W/BroadcastQueue(  442): Permission Denial: receiving Intent { act=com.android.launcher3.action.LAUNCH flg=0x10 (has extras) } to com.google.android.g
ooglequicksearchbox/com.google.android.search.core.summons.icing.InternalIcingCorporaProvider$ApplicationLaunchReceiver requires com.android.launcher3
.permission.RECEIVE_LAUNCH_BROADCASTS due to sender com.android.launcher3 (uid 10012)
I/ActivityManager(  442): START u0 {cmp=com.skype.raider/com.skype.android.app.calling.PreCallActivity (has extras)} from pid 22362
I/ActivityManager(  442): Process com.cyanogenmod.lockclock (pid 22735) has died.
W/ContextImpl(21148): Calling a method in the system process without a qualified user: android.app.ContextImpl.startService:1518 android.content.Conte
xtWrapper.startService:494 android.content.ContextWrapper.startService:494 com.android.settings.bluetooth.DockEventReceiver.beginStartingService:134 c
om.android.settings.bluetooth.DockEventReceiver.onReceive:115
I/ActivityManager(  442): Config changes=480 {1.0 262mcc7mnc en_GB ldltr sw320dp w533dp h294dp 240dpi nrml land finger -keyb/v/h -nav/h s.36 themeReso
urce=null}
W/BroadcastQueue(  442): Unable to launch app com.tytung.leo.lowsound/10048 for broadcast Intent { act=android.media.AUDIO_BECOMING_NOISY flg=0x10 }:
process is bad
I/ActivityManager(  442): Start proc com.andrew.apollo for broadcast com.andrew.apollo/.MediaButtonIntentReceiver: pid=22783 uid=10049 gids={50049, 10
28, 1015, 3003}
I/ActivityManager(  442): Start proc android.process.acore for content provider com.android.providers.contacts/.ContactsProvider2: pid=22793 uid=10002
 gids={50002, 3003, 1028, 1015}
W/WindowManager(  442): Window freeze timeout expired.
W/WindowManager(  442): Force clearing orientation change: Window{41e25668 u0 NavigationBar}
W/WindowManager(  442): Force clearing orientation change: Window{41d4c9e8 u0 StatusBar}
W/WindowManager(  442): Force clearing orientation change: Window{41ea7f08 u0 com.android.systemui.ImageWallpaper}
E/ActivityThread(21233): Service com.android.bluetooth.a2dp.A2dpService has leaked IntentReceiver com.android.bluetooth.a2dp.Avrcp$2@419b3778 that was
 originally registered here. Are you missing a call to unregisterReceiver()?
E/ActivityThread(21233): android.app.IntentReceiverLeaked: Service com.android.bluetooth.a2dp.A2dpService has leaked IntentReceiver com.android.blueto
oth.a2dp.Avrcp$2@419b3778 that was originally registered here. Are you missing a call to unregisterReceiver()?
E/ActivityThread(21233):        at android.app.LoadedApk$ReceiverDispatcher.<init>(LoadedApk.java:805)
E/ActivityThread(21233):        at android.app.LoadedApk.getReceiverDispatcher(LoadedApk.java:606)
E/ActivityThread(21233):        at android.app.ContextImpl.registerReceiverInternal(ContextImpl.java:1469)
E/ActivityThread(21233):        at android.app.ContextImpl.registerReceiver(ContextImpl.java:1449)
E/ActivityThread(21233):        at android.app.ContextImpl.registerReceiver(ContextImpl.java:1443)
E/ActivityThread(21233):        at android.content.ContextWrapper.registerReceiver(ContextWrapper.java:467)
E/ActivityThread(21233):        at com.android.bluetooth.a2dp.Avrcp.start(Avrcp.java:278)
E/ActivityThread(21233):        at com.android.bluetooth.a2dp.Avrcp.make(Avrcp.java:354)
E/ActivityThread(21233):        at com.android.bluetooth.a2dp.A2dpService.start(A2dpService.java:64)
E/ActivityThread(21233):        at com.android.bluetooth.btservice.ProfileService.doStart(ProfileService.java:174)
E/ActivityThread(21233):        at com.android.bluetooth.btservice.ProfileService.onStartCommand(ProfileService.java:133)
E/ActivityThread(21233):        at android.app.ActivityThread.handleServiceArgs(ActivityThread.java:2722)
E/ActivityThread(21233):        at android.app.ActivityThread.access$2100(ActivityThread.java:145)
E/ActivityThread(21233):        at android.app.ActivityThread$H.handleMessage(ActivityThread.java:1303)
E/ActivityThread(21233):        at android.os.Handler.dispatchMessage(Handler.java:102)
E/ActivityThread(21233):        at android.os.Looper.loop(Looper.java:136)
E/ActivityThread(21233):        at android.app.ActivityThread.main(ActivityThread.java:5116)
E/ActivityThread(21233):        at java.lang.reflect.Method.invokeNative(Native Method)
E/ActivityThread(21233):        at java.lang.reflect.Method.invoke(Method.java:515)
E/ActivityThread(21233):        at com.android.internal.os.ZygoteInit$MethodAndArgsCaller.run(ZygoteInit.java:781)
E/ActivityThread(21233):        at com.android.internal.os.ZygoteInit.main(ZygoteInit.java:597)
E/ActivityThread(21233):        at dalvik.system.NativeStart.main(Native Method)
W/WindowManager(  442): App freeze timeout expired.
W/WindowManager(  442): Force clearing freeze: AppWindowToken{42265bf0 token=Token{41ef0360 ActivityRecord{41e70f28 u0 com.skype.raider/com.skype.andr
oid.app.chat.ChatActivity t69}}}
I/WindowManager(  442): Screen frozen for +5s107ms due to AppWindowToken{42265bf0 token=Token{41ef0360 ActivityRecord{41e70f28 u0 com.skype.raider/com
.skype.android.app.chat.ChatActivity t69}}}
I/ActivityManager(  442): Process com.google.android.calendar (pid 22701) has died.
I/ActivityManager(  442): Start proc com.andrew.apollo:main for service com.andrew.apollo/.MusicPlaybackService: pid=22808 uid=10049 gids={50049, 1028
, 1015, 3003}
I/ActivityManager(  442): Delay finish: com.android.bluetooth/.pbap.BluetoothPbapReceiver
I/ActivityManager(  442): Process com.android.providers.calendar (pid 22719) has died.
W/ActivityManager(  442): getAssistContextExtras failed: timeout retrieving from ActivityRecord{41e70f28 u0 com.skype.raider/com.skype.android.app.cha
t.ChatActivity t69}
I/ActivityManager(  442): Start proc android.process.media for content provider com.android.providers.media/.MediaProvider: pid=22829 uid=10005 gids={
50005, 1028, 1015, 1023, 1024, 2001, 3003, 3007}
I/ActivityManager(  442): Config changes=480 {1.0 262mcc7mnc en_GB ldltr sw320dp w320dp h484dp 240dpi nrml port finger -keyb/v/h -nav/h s.37 themeReso
urce=null}
I/WindowManager(  442): Screen frozen for +1s70ms due to Window{41e25668 u0 NavigationBar}
I/ActivityManager(  442): Process com.andrew.apollo (pid 22783) has died.
I/ActivityManager(  442): Waited long enough for: ServiceRecord{42023b18 u0 com.andrew.apollo/.MusicPlaybackService}
I/ActivityManager(  442): Resuming delayed broadcast
W/BroadcastQueue(  442): Unable to launch app com.tytung.leo.lowsound/10048 for broadcast Intent { act=android.bluetooth.a2dp.profile.action.CONNECTIO
N_STATE_CHANGED flg=0x4000010 (has extras) }: process is bad
W/ContextImpl(21148): Calling a method in the system process without a qualified user: android.app.ContextImpl.startService:1518 android.content.Conte
xtWrapper.startService:494 android.content.ContextWrapper.startService:494 com.android.settings.bluetooth.DockEventReceiver.beginStartingService:134 c
om.android.settings.bluetooth.DockEventReceiver.onReceive:115
W/ContextImpl(  442): Calling a method in the system process without a qualified user: android.app.ContextImpl.bindService:1582 android.bluetooth.Blue
toothPan.doBind:149 android.bluetooth.BluetoothPan$1.onBluetoothStateChange:192 com.android.server.BluetoothManagerService.sendBluetoothStateCallback:
524 com.android.server.BluetoothManagerService.bluetoothStateChangeHandler:1251
W/ContextImpl(  442): Calling a method in the system process without a qualified user: android.app.ContextImpl.bindService:1582 android.bluetooth.Blue
toothA2dp.doBind:165 android.bluetooth.BluetoothA2dp$1.onBluetoothStateChange:131 com.android.server.BluetoothManagerService.sendBluetoothStateCallbac
k:524 com.android.server.BluetoothManagerService.bluetoothStateChangeHandler:1251
W/ContextImpl(  442): Calling a method in the system process without a qualified user: android.app.ContextImpl.bindService:1582 android.bluetooth.Blue
toothHeadset.doBind:283 android.bluetooth.BluetoothHeadset$1.onBluetoothStateChange:249 com.android.server.BluetoothManagerService.sendBluetoothStateC
allback:524 com.android.server.BluetoothManagerService.bluetoothStateChangeHandler:1251
W/ContextImpl(21148): Calling a method in the system process without a qualified user: android.app.ContextImpl.bindService:1582 android.content.Contex
tWrapper.bindService:517 android.bluetooth.BluetoothPan.doBind:149 android.bluetooth.BluetoothPan$1.onBluetoothStateChange:192 android.bluetooth.IBlue
toothStateChangeCallback$Stub.onTransact:55
W/ContextImpl(21148): Calling a method in the system process without a qualified user: android.app.ContextImpl.bindService:1582 android.content.Contex
tWrapper.bindService:517 android.bluetooth.BluetoothMap.doBind:109 android.bluetooth.BluetoothMap$1.onBluetoothStateChange:76 android.bluetooth.IBluet
oothStateChangeCallback$Stub.onTransact:55
W/ContextImpl(21148): Calling a method in the system process without a qualified user: android.app.ContextImpl.bindService:1582 android.content.Contex
tWrapper.bindService:517 android.bluetooth.BluetoothInputDevice.doBind:256 android.bluetooth.BluetoothInputDevice$1.onBluetoothStateChange:220 android
.bluetooth.IBluetoothStateChangeCallback$Stub.onTransact:55
W/ContextImpl(21148): Calling a method in the system process without a qualified user: android.app.ContextImpl.bindService:1582 android.content.Contex
tWrapper.bindService:517 android.bluetooth.BluetoothHeadset.doBind:283 android.bluetooth.BluetoothHeadset$1.onBluetoothStateChange:249 android.bluetoo
th.IBluetoothStateChangeCallback$Stub.onTransact:55
W/ContextImpl(21148): Calling a method in the system process without a qualified user: android.app.ContextImpl.bindService:1582 android.content.Contex
tWrapper.bindService:517 android.bluetooth.BluetoothA2dp.doBind:165 android.bluetooth.BluetoothA2dp$1.onBluetoothStateChange:131 android.bluetooth.IBl
uetoothStateChangeCallback$Stub.onTransact:55
W/ContextImpl(21148): Calling a method in the system process without a qualified user: android.app.ContextImpl.bindService:1582 android.content.Contex
tWrapper.bindService:517 android.bluetooth.BluetoothPbap.doBind:164 android.bluetooth.BluetoothPbap$1.onBluetoothStateChange:132 android.bluetooth.IBl
uetoothStateChangeCallback$Stub.onTransact:55
W/ContextImpl(21148): Calling a method in the system process without a qualified user: android.app.ContextImpl.startService:1518 android.content.Conte
xtWrapper.startService:494 android.content.ContextWrapper.startService:494 com.android.settings.bluetooth.DockEventReceiver.beginStartingService:134 c
om.android.settings.bluetooth.DockEventReceiver.onReceive:115
I/ActivityManager(  442): Start proc com.android.email for content provider com.android.email/.provider.EmailProvider: pid=22889 uid=10031 gids={50031
, 3003, 1028, 1015}
D/ActivityThread(22889): com.android.email black listed for hwui
W/ActivityManager(  442): Unable to start service Intent { cmp=com.android.email/.service.AttachmentDownloadService } U=0: not found
W/BroadcastQueue(  442): Unable to launch app com.tytung.leo.lowsound/10048 for broadcast Intent { act=android.bluetooth.a2dp.profile.action.CONNECTIO
N_STATE_CHANGED flg=0x4000010 (has extras) }: process is bad
W/BroadcastQueue(  442): Unable to launch app com.tytung.leo.lowsound/10048 for broadcast Intent { act=android.bluetooth.a2dp.profile.action.CONNECTIO
N_STATE_CHANGED flg=0x4000010 (has extras) }: process is bad
I/ActivityManager(  442): START u0 {act=android.intent.action.MAIN cat=[android.intent.category.HOME] flg=0x10200000 cmp=com.android.launcher3/.Launch
er} from pid 442
I/ActivityManager(  442): Process android.process.acore (pid 22793) has died.
I/ActivityManager(  442): Start proc android.process.acore for content provider com.android.providers.contacts/.ContactsProvider2: pid=22920 uid=10002
 gids={50002, 3003, 1028, 1015}
I/ActivityManager(  442): Process com.android.email (pid 22889) has died.
W/BroadcastQueue(  442): Unable to launch app com.tytung.leo.lowsound/10048 for broadcast Intent { act=android.bluetooth.a2dp.profile.action.CONNECTIO
N_STATE_CHANGED flg=0x4000010 (has extras) }: process is bad
W/BroadcastQueue(  442): Unable to launch app com.tytung.leo.lowsound/10048 for broadcast Intent { act=android.bluetooth.a2dp.profile.action.CONNECTIO
N_STATE_CHANGED flg=0x4000010 (has extras) }: process is bad
I/ActivityManager(  442): Process android.process.acore (pid 22920) has died.
I/ActivityManager(  442): Process com.andrew.apollo:main (pid 22808) has died.
I/PowerManagerService(  442): Going to sleep due to screen timeout...
I/ActivityManager(  442): Start proc com.andrew.apollo for broadcast com.andrew.apollo/.MediaButtonIntentReceiver: pid=22973 uid=10049 gids={50049, 10
28, 1015, 3003}
I/ActivityManager(  442): Start proc com.andrew.apollo:main for service com.andrew.apollo/.MusicPlaybackService: pid=22985 uid=10049 gids={50049, 1028
, 1015, 3003}
I/ActivityManager(  442): Delay finish: com.andrew.apollo/.MediaButtonIntentReceiver
I/ActivityManager(  442): Process android.process.media (pid 22829) has died.
I/ActivityManager(  442): Start proc android.process.media for content provider com.android.providers.media/.MediaProvider: pid=23002 uid=10005 gids={
50005, 1028, 1015, 1023, 1024, 2001, 3003, 3007}
I/ActivityManager(  442): Resuming delayed broadcast
I/PowerManagerService(  442): Waking up from sleep...
I/WindowManager(  442): Lock screen displayed!
W/ActivityManager(  442): getAssistContextExtras failed: no resumed activity
I/ActivityManager(  442): Start proc com.mapfactor.navigator for broadcast com.mapfactor.navigator/.BootNotifyReceiver: pid=23028 uid=10057 gids={5005
7, 1028, 1015, 3003}
W/InputMethodManagerService(  442): Window already focused, ignoring focus gain of: com.android.internal.view.IInputMethodClient$Stub$Proxy@41ff05b0 a
ttribute=android.view.inputmethod.EditorInfo@41bec340, token = android.os.BinderProxy@41eaa1d8
I/ActivityManager(  442): Process com.andrew.apollo (pid 22973) has died.
I/ActivityManager(  442): START u0 {act=android.intent.action.MAIN cat=[android.intent.category.HOME] flg=0x10200000 cmp=com.android.launcher3/.Launch
er} from pid 442
W/InputMethodManagerService(  442): Window already focused, ignoring focus gain of: com.android.internal.view.IInputMethodClient$Stub$Proxy@4202b5f8 a
ttribute=null, token = android.os.BinderProxy@41eaa1d8
I/ActivityManager(  442): START u0 {act=android.bluetooth.device.action.CONNECTION_ACCESS_REQUEST typ=2 flg=0x18000000 cmp=com.android.settings/.bluet
ooth.BluetoothPermissionActivity bnds=[0,77][480,172] (has extras)} from pid -1
W/ContextImpl(21148): Calling a method in the system process without a qualified user: android.app.ContextImpl.sendBroadcast:1176 android.content.Cont
extWrapper.sendBroadcast:370 com.android.settings.bluetooth.BluetoothPermissionActivity.sendIntentToReceiver:226 com.android.settings.bluetooth.Blueto
othPermissionActivity.onPositive:193 com.android.settings.bluetooth.BluetoothPermissionActivity.onClick:232
I/ActivityManager(  442): Start proc android.process.acore for content provider com.android.providers.contacts/.CallLogProvider: pid=23058 uid=10002 g
ids={50002, 3003, 1028, 1015}
W/InputMethodManagerService(  442): Window already focused, ignoring focus gain of: com.android.internal.view.IInputMethodClient$Stub$Proxy@41e46f50 a
ttribute=null, token = android.os.BinderProxy@41eaa1d8
I/ActivityManager(  442): Process com.mapfactor.navigator (pid 23028) has died.
I/ActivityManager(  442): START u0 {act=android.intent.action.MAIN cat=[android.intent.category.HOME] flg=0x10200000 cmp=com.android.launcher3/.Launch
er} from pid 442
W/InputMethodManagerService(  442): Window already focused, ignoring focus gain of: com.android.internal.view.IInputMethodClient$Stub$Proxy@42052a48 a
ttribute=null, token = android.os.BinderProxy@41eaa1d8
I/ActivityManager(  442): START u0 {act=android.intent.action.MAIN cat=[android.intent.category.LAUNCHER] flg=0x10200000 cmp=com.skype.raider/.Main bn
ds=[240,497][357,620]} from pid 5783
W/BroadcastQueue(  442): Permission Denial: receiving Intent { act=com.android.launcher3.action.LAUNCH flg=0x10 (has extras) } to com.google.android.g
ooglequicksearchbox/com.google.android.search.core.summons.icing.InternalIcingCorporaProvider$ApplicationLaunchReceiver requires com.android.launcher3
.permission.RECEIVE_LAUNCH_BROADCASTS due to sender com.android.launcher3 (uid 10012)
I/ActivityManager(  442): START u0 {cmp=com.skype.raider/com.skype.android.app.calling.PreCallActivity (has extras)} from pid 22362
I/ActivityManager(  442): Start proc com.android.email for content provider com.android.email/.provider.EmailProvider: pid=23088 uid=10031 gids={50031
, 3003, 1028, 1015}
D/ActivityThread(23088): com.android.email black listed for hwui
W/ActivityManager(  442): Launch timeout has expired, giving up wake lock!
W/ActivityManager(  442): Unable to start service Intent { cmp=com.android.email/.service.AttachmentDownloadService } U=0: not found
I/ActivityManager(  442): Process android.process.acore (pid 23058) has died.
I/ActivityManager(  442): Start proc android.process.acore for content provider com.android.providers.contacts/.CallLogProvider: pid=23142 uid=10002 g
ids={50002, 3003, 1028, 1015}
I/ActivityManager(  442): Process com.android.email (pid 23088) has died.
I/ActivityManager(  442): Start proc net.daverix.TransparentCalendarWidget2 for broadcast net.daverix.TransparentCalendarWidget2/.EventsWidgetProvider
: pid=23161 uid=10073 gids={50073}
I/ActivityManager(  442): Start proc com.android.deskclock for broadcast com.android.deskclock/com.android.alarmclock.DigitalAppWidgetProvider: pid=23
173 uid=10028 gids={50028, 1028, 3003}
I/ActivityManager(  442): Start proc com.android.providers.calendar for content provider com.android.providers.calendar/.CalendarProvider2: pid=23184
uid=10001 gids={50001, 3003, 1028, 1015}
I/ActivityManager(  442): Process android.process.acore (pid 23142) has died.
I/ActivityManager(  442): Delay finish: com.android.deskclock/com.android.alarmclock.DigitalAppWidgetProvider
I/ActivityManager(  442): Resuming delayed broadcast
I/ActivityManager(  442): Start proc com.cyanogenmod.lockclock for broadcast com.cyanogenmod.lockclock/.ClockWidgetProvider: pid=23201 uid=10038 gids=
{50038, 3003}
I/ActivityManager(  442): Delay finish: com.cyanogenmod.lockclock/.ClockWidgetProvider
I/ActivityManager(  442): Resuming delayed broadcast
I/ActivityManager(  442): Start proc com.google.android.calendar for broadcast com.google.android.calendar/com.android.calendar.alerts.AlertReceiver:
pid=23214 uid=10034 gids={50034, 3003}
I/ActivityManager(  442): Process com.android.providers.calendar (pid 23184) has died.
I/ActivityManager(  442): Process com.android.deskclock (pid 23173) has died.
I/ActivityManager(  442): Delay finish: com.google.android.calendar/com.android.calendar.alerts.AlertReceiver
I/ActivityManager(  442): Start proc com.android.providers.calendar for content provider com.android.providers.calendar/.CalendarProvider2: pid=23232
uid=10001 gids={50001, 3003, 1028, 1015}
I/ActivityManager(  442): Process com.cyanogenmod.lockclock (pid 23201) has died.
I/ActivityManager(  442): Resuming delayed broadcast
I/ActivityManager(  442): Start proc com.cyanogenmod.lockclock for broadcast com.cyanogenmod.lockclock/.ClockWidgetProvider: pid=23248 uid=10038 gids=
{50038, 3003}
I/ActivityManager(  442): Delay finish: com.cyanogenmod.lockclock/.ClockWidgetProvider
I/ActivityManager(  442): Resuming delayed broadcast
I/ActivityManager(  442): Delay finish: com.google.android.calendar/com.android.calendar.alerts.AlertReceiver
I/ActivityManager(  442): Process com.andrew.apollo:main (pid 22985) has died.
I/ActivityManager(  442): Resuming delayed broadcast
I/ActivityManager(  442): Process com.google.android.calendar (pid 23214) has died.
I/ActivityManager(  442): Process android.process.media (pid 23002) has died.
I/ActivityManager(  442): Process net.daverix.TransparentCalendarWidget2 (pid 23161) has died.
I/ActivityManager(  442): Process com.cyanogenmod.lockclock (pid 23248) has died.
I/ActivityManager(  442): START u0 {act=android.intent.action.MAIN cat=[android.intent.category.HOME] flg=0x10200000 cmp=com.android.launcher3/.Launch
er} from pid 442
W/InputMethodManagerService(  442): Starting input on non-focused client com.android.internal.view.IInputMethodClient$Stub$Proxy@41f67d20 (uid=10061 p
id=22362)
I/ProcessStatsService(  442): Prepared write state in 13ms
I/ActivityManager(  442): Start proc com.andrew.apollo for broadcast com.andrew.apollo/.MediaButtonIntentReceiver: pid=23286 uid=10049 gids={50049, 10
28, 1015, 3003}
I/ActivityManager(  442): START u0 {act=android.intent.action.CALL_PRIVILEGED dat=tel:xxxxxxxxxxxx flg=0x10000000 cmp=com.android.phone/.PrivilegedOut
goingCallBroadcaster} from pid 21233
I/ActivityManager(  442): Start proc com.andrew.apollo:main for service com.andrew.apollo/.MusicPlaybackService: pid=23298 uid=10049 gids={50049, 1028
, 1015, 3003}
I/ActivityManager(  442): Delay finish: com.andrew.apollo/.MediaButtonIntentReceiver
I/ActivityManager(  442): Process com.android.providers.calendar (pid 23232) has died.
I/ActivityManager(  442): Start proc com.android.dialer for broadcast com.android.dialer/.interactions.UndemoteOutgoingCallReceiver: pid=23314 uid=100
04 gids={50004, 3003, 1028, 1015}
I/ActivityManager(  442): Start proc android.process.media for content provider com.android.providers.media/.MediaProvider: pid=23327 uid=10005 gids={
50005, 1028, 1015, 1023, 1024, 2001, 3003, 3007}
I/ActivityManager(  442): Start proc android.process.acore for content provider com.android.providers.contacts/.ContactsProvider2: pid=23339 uid=10002
 gids={50002, 3003, 1028, 1015}
W/BroadcastQueue(  442): Timeout of broadcast BroadcastRecord{41d7d9d8 u0 android.intent.action.NEW_OUTGOING_CALL} - receiver=android.os.BinderProxy@4
1b88d38, started 10004ms ago
W/BroadcastQueue(  442): Receiver during timeout: ResolveInfo{42015448 com.android.dialer/.interactions.UndemoteOutgoingCallReceiver m=0x108000}
I/ActivityManager(  442): Process com.android.dialer (pid 23314) has died.
I/ActivityManager(  442): Process com.andrew.apollo (pid 23286) has died.
I/ActivityManager(  442): START u0 {act=com.android.phone.SIP_SELECT_PHONE dat=tel:xxxxxxxxxxxx flg=0x10000000 cmp=com.android.phone/.SipCallOptionHan
dler (has extras)} from pid 611
D/CountryDetector(  442): The first listener is added
I/ActivityManager(  442): Waited long enough for: ServiceRecord{41e26110 u0 com.andrew.apollo/.MusicPlaybackService}
I/ActivityManager(  442): Resuming delayed broadcast
I/ActivityManager(  442): Start proc com.andrew.apollo for broadcast com.andrew.apollo/.MediaButtonIntentReceiver: pid=23371 uid=10049 gids={50049, 10
28, 1015, 3003}
W/BroadcastQueue(  442): Unable to launch app com.tytung.leo.lowsound/10048 for broadcast Intent { act=android.intent.action.PHONE_STATE flg=0x10 (has
 extras) }: process is bad
I/ActivityManager(  442): START u0 {act=android.intent.action.MAIN cat=[android.intent.category.HOME] flg=0x10200000 cmp=com.android.launcher3/.Launch
er} from pid 442
W/ProcessCpuTracker(  442): Skipping unknown process pid 78
E/ActivityManager(  442): ANR in com.android.dialer
E/ActivityManager(  442): PID: 23314
E/ActivityManager(  442): Reason: Broadcast of Intent { act=android.intent.action.NEW_OUTGOING_CALL flg=0x10000010 cmp=com.android.dialer/.interaction
s.UndemoteOutgoingCallReceiver (has extras) }
E/ActivityManager(  442): Load: 5.29 / 4.96 / 4.58
E/ActivityManager(  442): CPU usage from 0ms to 17689ms later:
E/ActivityManager(  442):   11% 442/system_server: 8.9% user + 2.3% kernel / faults: 1090 minor 15 major
E/ActivityManager(  442):   1.9% 23339/android.process.acore: 1.6% user + 0.3% kernel / faults: 942 minor 5 major
E/ActivityManager(  442):   1.6% 63/mmcqd: 0% user + 1.6% kernel
E/ActivityManager(  442):   1.1% 80/surfaceflinger: 0.7% user + 0.4% kernel / faults: 88 minor 12 major
E/ActivityManager(  442):   0.8% 89/akmd: 0% user + 0.8% kernel / faults: 9 minor
E/ActivityManager(  442):   0.7% 23327/android.process.media: 0.6% user + 0.1% kernel / faults: 738 minor
E/ActivityManager(  442):   0.4% 505/com.android.systemui: 0.3% user + 0% kernel / faults: 601 minor
E/ActivityManager(  442):   0.5% 611/com.android.phone: 0.5% user + 0% kernel / faults: 682 minor 4 major
E/ActivityManager(  442):   0.4% 23298/com.andrew.apollo:main: 0.3% user + 0.1% kernel / faults: 828 minor 2 major
E/ActivityManager(  442):   0.1% 917/com.viber.voip: 0% user + 0% kernel / faults: 477 minor 5 major
E/ActivityManager(  442):   0.1% 21233/com.android.bluetooth: 0% user + 0% kernel / faults: 191 minor
E/ActivityManager(  442):   0.1% 22362/com.skype.raider: 0% user + 0.1% kernel / faults: 189 minor 1 major
E/ActivityManager(  442):   0% 23/kswapd0: 0% user + 0% kernel
E/ActivityManager(  442):   0% 81/zygote: 0% user + 0% kernel / faults: 60 minor
E/ActivityManager(  442):   0% 86/mediaserver: 0% user + 0% kernel / faults: 151 minor 41 major
E/ActivityManager(  442):   0% 591/sdcard: 0% user + 0% kernel / faults: 20 minor 1 major
E/ActivityManager(  442):   0% 617/com.tmobile.thememanager: 0% user + 0% kernel / faults: 722 minor 5 major
E/ActivityManager(  442):  +0% 23371/com.andrew.apollo: 0% user + 0% kernel
E/ActivityManager(  442):  +0% 23386/debuggerd: 0% user + 0% kernel
E/ActivityManager(  442): 46% TOTAL: 14% user + 7.5% kernel + 24% iowait
E/ActivityManager(  442): CPU usage from 17142ms to 17661ms later with 99% awake:
E/ActivityManager(  442):   5.6% 442/system_server: 0% user + 5.6% kernel
E/ActivityManager(  442):     5.6% 457/ActivityManager: 0% user + 5.6% kernel
E/ActivityManager(  442): 51% TOTAL: 1.9% user + 1.9% kernel + 48% iowait
I/ActivityManager(  442): Killing 0:com.android.dialer/u0a4 (adj 15): background ANR
W/ActivityManager(  442): Activity pause timeout for ActivityRecord{41d18db0 u0 com.android.phone/.SipCallOptionHandler t76}
W/ActivityManager(  442): Launch timeout has expired, giving up wake lock!
W/ActivityManager(  442): Activity stop timeout for ActivityRecord{4208db10 u0 com.android.phone/.PrivilegedOutgoingCallBroadcaster t76}
W/ActivityManager(  442): Activity stop timeout for ActivityRecord{41d18db0 u0 com.android.phone/.SipCallOptionHandler t76}
I/ActivityManager(  442): START u0 {act=android.intent.action.MAIN cat=[android.intent.category.HOME] flg=0x10200000 cmp=com.android.launcher3/.Launch
er} from pid 442
W/InputMethodManagerService(  442): Window already focused, ignoring focus gain of: com.android.internal.view.IInputMethodClient$Stub$Proxy@4208e290 a
ttribute=null, token = android.os.BinderProxy@41eaa1d8
I/ActivityManager(  442): START u0 {act=android.intent.action.CALL_PRIVILEGED dat=tel:xxxxxxxxxxxx flg=0x10000000 cmp=com.android.phone/.PrivilegedOut
goingCallBroadcaster} from pid 21233
D/ConnectivityService(  442): Sampling interval elapsed, updating statistics ..
D/ConnectivityService(  442): Done.
D/ConnectivityService(  442): Setting timer for 720seconds
I/ActivityManager(  442): Start proc com.android.dialer for broadcast com.android.dialer/.interactions.UndemoteOutgoingCallReceiver: pid=23396 uid=100
04 gids={50004, 3003, 1028, 1015}
I/ActivityManager(  442): Start proc com.android.incallui for service com.android.dialer/com.android.incallui.CallHandlerService: pid=23409 uid=10004
gids={50004, 3003, 1028, 1015}
I/ActivityManager(  442): Process com.andrew.apollo (pid 23371) has died.
I/ActivityManager(  442): START u0 {act=com.android.phone.SIP_SELECT_PHONE dat=tel:xxxxxxxxxxxx flg=0x10000000 cmp=com.android.phone/.SipCallOptionHan
dler (has extras)} from pid 611
I/ActivityManager(  442): START u0 {act=android.intent.action.MAIN flg=0x10840000 cmp=com.android.dialer/com.android.incallui.InCallActivity} from pid
 23409
I/ActivityManager(  442): START u0 {flg=0x10800000 cmp=com.android.phone/.ErrorDialogActivity (has extras)} from pid 611
I/ActivityManager(  442): Process com.andrew.apollo:main (pid 23298) has died.
I/ActivityManager(  442): Process android.process.media (pid 23327) has died.
W/ActivityManager(  442): Duplicate finish request for ActivityRecord{41ca85c0 u0 com.android.phone/.SipCallOptionHandler t76 f}
I/ActivityManager(  442): START u0 {act=android.intent.action.MAIN cat=[android.intent.category.HOME] flg=0x10200000 cmp=com.android.launcher3/.Launch
er} from pid 442
I/ActivityManager(  442): Start proc com.android.contacts for service com.android.contacts/.ViewNotificationService: pid=23427 uid=10002 gids={50002,
3003, 1028, 1015}
I/ActivityManager(  442): Process com.android.dialer (pid 23396) has died.
I/ActivityManager(  442): Process com.viber.voip (pid 917) has died.
I/WindowState(  442): WIN DEATH: Window{41cc9ee0 u0 com.viber.voip/com.viber.voip.messages.ui.ConversationActivity}
W/BroadcastQueue(  442): Unable to launch app com.tytung.leo.lowsound/10048 for broadcast Intent { act=android.intent.action.PHONE_STATE flg=0x10 (has
 extras) }: process is bad
I/ActivityManager(  442): START u0 {act=android.intent.action.CALL_PRIVILEGED dat=tel:xxxxxxxxxxxx flg=0x10000000 cmp=com.android.phone/.PrivilegedOut
goingCallBroadcaster} from pid 21233
I/ActivityManager(  442): Start proc com.android.dialer for broadcast com.android.dialer/.interactions.UndemoteOutgoingCallReceiver: pid=23452 uid=100
04 gids={50004, 3003, 1028, 1015}
I/ActivityManager(  442): START u0 {act=com.android.phone.SIP_SELECT_PHONE dat=tel:xxxxxxxxxxxx flg=0x10000000 cmp=com.android.phone/.SipCallOptionHan
dler (has extras)} from pid 611
W/BroadcastQueue(  442): Unable to launch app com.tytung.leo.lowsound/10048 for broadcast Intent { act=android.intent.action.PHONE_STATE flg=0x10 (has
 extras) }: process is bad
W/ActivityManager(  442): Launch timeout has expired, giving up wake lock!
I/ActivityManager(  442): START u0 {act=android.intent.action.MAIN cat=[android.intent.category.HOME] flg=0x10200000 cmp=com.android.launcher3/.Launch
er} from pid 442
W/ActivityManager(  442): Activity pause timeout for ActivityRecord{41f4c138 u0 com.android.phone/.SipCallOptionHandler t79}
I/ActivityManager(  442): Start proc com.viber.voip for broadcast com.viber.voip/com.viber.service.KeepAliveReceiver: pid=23471 uid=10054 gids={50054,
 3003, 1028, 1015, 3002, 3001, 1006}
W/ActivityManager(  442): Activity stop timeout for ActivityRecord{41f4c138 u0 com.android.phone/.SipCallOptionHandler t79}
I/ActivityManager(  442): Delay finish: com.viber.voip/com.viber.service.KeepAliveReceiver
W/ActivityManager(  442): Unable to start service Intent { act=com.google.android.gms.analytics.service.START (has extras) } U=0: not found
W/ActivityManager(  442): Unable to start service Intent { act=com.google.android.gms.analytics.service.START (has extras) } U=0: not found
W/ContextImpl(  442): Calling a method in the system process without a qualified user: android.app.ContextImpl.sendStickyBroadcast:1320 com.android.se
rver.usb.LegacyUsbDeviceManager$LegacyUsbHandler.updateUsbState:520 com.android.server.usb.LegacyUsbDeviceManager$LegacyUsbHandler.handleMessage:538 a
ndroid.os.Handler.dispatchMessage:102 android.os.Looper.loop:136
I/ActivityManager(  442): Waited long enough for: ServiceRecord{41eed3b8 u0 com.viber.voip/com.viber.service.VoipConnectorService}
I/ActivityManager(  442): Waited long enough for: ServiceRecord{41ec26c0 u0 com.viber.voip/.api.billing.InAppBillingService}
I/ActivityManager(  442): Resuming delayed broadcast
I/ActivityManager(  442): Start proc com.google.android.apps.uploader for broadcast com.google.android.apps.uploader/com.google.android.picasasync.Bat
teryReceiver: pid=23598 uid=10039 gids={50039, 3003, 1028, 1015}
I/ActivityManager(  442): Start proc android.process.media for content provider com.android.providers.media/.MediaProvider: pid=23613 uid=10005 gids={
50005, 1028, 1015, 1023, 1024, 2001, 3003, 3007}
I/ActivityManager(  442): Delay finish: com.android.providers.media/.MtpReceiver
I/ActivityManager(  442): Resuming delayed broadcast
W/InputMethodManagerService(  442): Focus gain on non-focused client com.android.internal.view.IInputMethodClient$Stub$Proxy@41b91a90 (uid=1001 pid=61
1)
I/ActivityManager(  442): START u0 {act=android.intent.action.MAIN flg=0x10840000 cmp=com.android.dialer/com.android.incallui.InCallActivity} from pid
 23409
W/BroadcastQueue(  442): Unable to launch app com.tytung.leo.lowsound/10048 for broadcast Intent { act=android.media.AUDIO_BECOMING_NOISY flg=0x10 }:
process is bad
I/ActivityManager(  442): Start proc com.andrew.apollo for broadcast com.andrew.apollo/.MediaButtonIntentReceiver: pid=23629 uid=10049 gids={50049, 10
28, 1015, 3003}
I/PowerManagerService(  442): Going to sleep by user request...
I/PowerManagerService(  442): Waking up from sleep...
I/PowerManagerService(  442): Going to sleep by user request...
I/PowerManagerService(  442): Waking up from sleep...
I/ActivityManager(  442): Start proc com.andrew.apollo:main for service com.andrew.apollo/.MusicPlaybackService: pid=23653 uid=10049 gids={50049, 1028
, 1015, 3003}
W/InputMethodManagerService(  442): Focus gain on non-focused client com.android.internal.view.IInputMethodClient$Stub$Proxy@41eeb0c0 (uid=10012 pid=5
783)
I/ActivityManager(  442): Delay finish: com.android.bluetooth/.pbap.BluetoothPbapReceiver
I/ActivityManager(  442): Process com.google.android.apps.uploader (pid 23598) has died.
W/WindowManager(  442): Window freeze timeout expired.
W/WindowManager(  442): Force clearing orientation change: Window{41e7d9a8 u0 com.android.dialer/com.android.incallui.InCallActivity}
I/ActivityManager(  442): Process com.android.dialer (pid 23452) has died.
I/ActivityManager(  442): Process android.process.media (pid 23613) has died.
I/ActivityManager(  442): START u0 {act=com.android.systemui.recent.action.TOGGLE_RECENTS flg=0x10800000 cmp=com.android.systemui/.recent.RecentsActiv
ity (has extras)} from pid 505
I/ActivityManager(  442): Start proc android.process.media for content provider com.android.providers.media/.MediaProvider: pid=23673 uid=10005 gids={
50005, 1028, 1015, 1023, 1024, 2001, 3003, 3007}
W/ActivityManager(  442): Activity pause timeout for ActivityRecord{41820fb8 u0 com.android.systemui/.recent.RecentsActivity t25}
W/WindowManager(  442): Window freeze timeout expired.
W/WindowManager(  442): Force clearing orientation change: Window{41cec568 u0 Keyguard}
I/PowerManagerService(  442): Going to sleep due to screen timeout...
W/BroadcastQueue(  442): Timeout of broadcast BroadcastRecord{41856bf0 u-1 android.intent.action.SCREEN_OFF} - receiver=android.os.BinderProxy@41d4821
8, started 10011ms ago
W/BroadcastQueue(  442): Receiver during timeout: BroadcastFilter{41dd18e0 u0 ReceiverList{41dd0730 505 com.android.systemui/10011/u0 remote:41d48218}
}
I/ActivityManager(  442): Activity reported stop, but no longer stopping: ActivityRecord{41820fb8 u0 com.android.systemui/.recent.RecentsActivity t25}

I/WindowManager(  442): No lock screen! windowToken=null
E/ActivityManager(  442): ANR in com.android.systemui
E/ActivityManager(  442): PID: 505
E/ActivityManager(  442): Reason: Broadcast of Intent { act=android.intent.action.SCREEN_OFF flg=0x50000010 }
E/ActivityManager(  442): Load: 4.48 / 4.67 / 4.52
E/ActivityManager(  442): CPU usage from 0ms to 9037ms later:
E/ActivityManager(  442):   13% 442/system_server: 10% user + 2.8% kernel / faults: 565 minor 1 major
E/ActivityManager(  442):   2.7% 505/com.android.systemui: 2.1% user + 0.6% kernel / faults: 1155 minor 6 major
E/ActivityManager(  442):   0.1% 23386/debuggerd: 0.1% user + 0% kernel / faults: 1832 minor 16 major
E/ActivityManager(  442):   0.6% 63/mmcqd: 0% user + 0.6% kernel
E/ActivityManager(  442):   0.5% 80/surfaceflinger: 0.1% user + 0.4% kernel
E/ActivityManager(  442):   0.3% 611/com.android.phone: 0.2% user + 0.1% kernel / faults: 290 minor
E/ActivityManager(  442):   0.2% 86/mediaserver: 0.1% user + 0.1% kernel / faults: 2 minor 3 major
E/ActivityManager(  442):   0% 617/com.tmobile.thememanager: 0% user + 0% kernel / faults: 395 minor
E/ActivityManager(  442):   0.1% 7/suspend: 0% user + 0.1% kernel
E/ActivityManager(  442):   0% 21459/com.facebook.katana: 0% user + 0% kernel / faults: 15 minor
E/ActivityManager(  442): 51% TOTAL: 16% user + 7.5% kernel + 26% iowait
E/ActivityManager(  442): CPU usage from 8458ms to 8990ms later:
E/ActivityManager(  442):   10% 505/com.android.systemui: 7.2% user + 3.6% kernel / faults: 57 minor
E/ActivityManager(  442):     7.2% 505/ndroid.systemui: 7.2% user + 0% kernel
E/ActivityManager(  442):   5.5% 80/surfaceflinger: 1.8% user + 3.7% kernel
E/ActivityManager(  442):     1.8% 80/surfaceflinger: 1.8% user + 0% kernel
E/ActivityManager(  442):     1.8% 131/Binder_2: 0% user + 1.8% kernel
E/ActivityManager(  442):     1.8% 813/Binder_4: 0% user + 1.8% kernel
E/ActivityManager(  442):     1.8% 2533/Binder_5: 1.8% user + 0% kernel
E/ActivityManager(  442):   5.5% 442/system_server: 1.8% user + 3.7% kernel / faults: 1 minor
E/ActivityManager(  442):     7.4% 457/ActivityManager: 3.7% user + 3.7% kernel
E/ActivityManager(  442):     1.8% 456/WindowManager: 1.8% user + 0% kernel
E/ActivityManager(  442): 100% TOTAL: 9.4% user + 11% kernel + 79% iowait
E/ActivityManager(  442): Error reading /data/anr/traces.txt
E/ActivityManager(  442): java.io.FileNotFoundException: /data/anr/traces.txt: open failed: ENOENT (No such file or directory)
E/ActivityManager(  442):       at libcore.io.IoBridge.open(IoBridge.java:409)
E/ActivityManager(  442):       at java.io.FileInputStream.<init>(FileInputStream.java:78)
E/ActivityManager(  442):       at android.os.FileUtils.readTextFile(FileUtils.java:243)
E/ActivityManager(  442):       at com.android.server.am.ActivityManagerService$18.run(ActivityManagerService.java:10101)
E/ActivityManager(  442): Caused by: libcore.io.ErrnoException: open failed: ENOENT (No such file or directory)
E/ActivityManager(  442):       at libcore.io.Posix.open(Native Method)
E/ActivityManager(  442):       at libcore.io.BlockGuardOs.open(BlockGuardOs.java:110)
E/ActivityManager(  442):       at libcore.io.IoBridge.open(IoBridge.java:393)
E/ActivityManager(  442):       ... 3 more
--------- beginning of /dev/log/main
I/DEBUG   (23386):     be939428 3ff00000 be939668 00000000 be9396bc
I/DEBUG   (23386):     be939438 00000000 00000000 00000000 00000000
I/DEBUG   (23386):     be939448 00000000 00000000 00000000 00000000
I/DEBUG   (23386):     be939458 00000000 00000000 00000000 00000000
I/DEBUG   (23386):     be939468 00000000 00000000 00000000 00000000
I/DEBUG   (23386):     be939478 be939528 00000000 2a00d448 4c4f3bb0
I/DEBUG   (23386):     be939488 00000000 be939528 00000000 414ee913
I/DEBUG   (23386):
I/DEBUG   (23386): code around pc:
I/DEBUG   (23386):     40048730 e1a0700c e3700a01 912fff1e e2600000
I/DEBUG   (23386):     40048740 ea00708d e1a0c007 e3a070fc ef000000
I/DEBUG   (23386):     40048750 e1a0700c e3700a01 912fff1e e2600000
I/DEBUG   (23386):     40048760 ea007085 e1a0c007 e3a07f4f ef000000
I/DEBUG   (23386):     40048770 e1a0700c e3700a01 912fff1e e2600000
I/DEBUG   (23386):     40048780 ea00707d e1a0c007 e59f7014 ef000000
I/DEBUG   (23386):     40048790 e1a0700c e3700a01 912fff1e e2600000
I/DEBUG   (23386):     400487a0 ea007075 0000013d e1a0c007 e59f7014
I/DEBUG   (23386):     400487b0 ef000000 e1a0700c e3700a01 912fff1e
I/DEBUG   (23386):     400487c0 e2600000 ea00706c 0000013e e1a0c007
I/DEBUG   (23386):     400487d0 e3a070a8 ef000000 e1a0700c e3700a01
I/DEBUG   (23386):     400487e0 912fff1e e2600000 ea007063 e1a0c007
I/DEBUG   (23386):     400487f0 e3a07f59 ef000000 e1a0700c e3700a01
I/DEBUG   (23386):     40048800 912fff1e e2600000 ea00705b e1a0c007
I/DEBUG   (23386):     40048810 e59f7014 ef000000 e1a0700c e3700a01
I/DEBUG   (23386):     40048820 912fff1e e2600000 ea007053 000f0005
I/DEBUG   (23386):
I/DEBUG   (23386): code around lr:
I/DEBUG   (23386):     400b0148 2500af08 f7ff4640 2301fa01 f8842210
I/DEBUG   (23386):     400b0158 4639302d 65e54633 0614f104 f7fa6b20
I/DEBUG   (23386):     400b0168 f884e81e 4681502d f7fd4630 45a9fee8
I/DEBUG   (23386):     400b0178 f7f9da12 6807ee52 d1022f04 37fff04f
I/DEBUG   (23386):     400b0188 4963e056 0703f06f 68034a62 20054479
I/DEBUG   (23386):     400b0198 f7f9447a e04bee00 f8dfd048 f8dfa17c
I/DEBUG   (23386):     400b01a8 485fb17c 44fb44fa 90054478 68e00129
I/DEBUG   (23386):     400b01b8 587b187a 42826892 07d9d10c 4620d503
I/DEBUG   (23386):     400b01c8 fddaf7ff 4a57e02e 46592005 f7f9447a
I/DEBUG   (23386):     400b01d8 e027ede2 f1044611 93030034 f7ff9204
I/DEBUG   (23386):     400b01e8 9904ff07 28009b03 f003db16 075a0101
I/DEBUG   (23386):     400b01f8 f041bf48 071a0102 f041bf48 06db0104
I/DEBUG   (23386):     400b0208 bf486ba3 0108f041 fb022214 46203300
I/DEBUG   (23386):     400b0218 f7ff1d1a e005ff56 20059100 46529905
I/DEBUG   (23386):     400b0228 edb8f7f9 454d3501 e7a7dbc0 0702f06f
I/DEBUG   (23386):     400b0238 32fff04f 4300f06f 0918f104 2318e9c4
I/BootReceiver(  442): Copying /data/tombstones/tombstone_00 to DropBox (SYSTEM_TOMBSTONE)
V/WindowManager(  442): Removing keyguard window (Did it crash?)
W/MediaFocusControl(  442): RemoteControl: display android.media.IRemoteControlDisplay$Stub$Proxy@41ebe2b8 died
W/InputDispatcher(  442): channel '41d4c9e8 StatusBar (server)' ~ Consumer closed input channel or an error occurred.  events=0x9
E/InputDispatcher(  442): channel '41d4c9e8 StatusBar (server)' ~ Channel is unrecoverably broken and will be disposed!
W/InputDispatcher(  442): channel '41e25668 NavigationBar (server)' ~ Consumer closed input channel or an error occurred.  events=0x9
E/InputDispatcher(  442): channel '41e25668 NavigationBar (server)' ~ Channel is unrecoverably broken and will be disposed!
I/WindowState(  442): WIN DEATH: Window{41cec568 u0 Keyguard}
W/InputDispatcher(  442): channel '41ea7f08 com.android.systemui.ImageWallpaper (server)' ~ Consumer closed input channel or an error occurred.  event
s=0x9
E/InputDispatcher(  442): channel '41ea7f08 com.android.systemui.ImageWallpaper (server)' ~ Channel is unrecoverably broken and will be disposed!
W/InputDispatcher(  442): channel '41dfd900  (server)' ~ Consumer closed input channel or an error occurred.  events=0x9
E/InputDispatcher(  442): channel '41dfd900  (server)' ~ Channel is unrecoverably broken and will be disposed!
W/InputDispatcher(  442): channel '41d7a618 com.android.systemui/com.android.systemui.recent.RecentsActivity (server)' ~ Consumer closed input channel
 or an error occurred.  events=0x9
E/InputDispatcher(  442): channel '41d7a618 com.android.systemui/com.android.systemui.recent.RecentsActivity (server)' ~ Channel is unrecoverably brok
en and will be disposed!
W/InputDispatcher(  442): channel '41f9cf88 SearchPanel (server)' ~ Consumer closed input channel or an error occurred.  events=0x9
E/InputDispatcher(  442): channel '41f9cf88 SearchPanel (server)' ~ Channel is unrecoverably broken and will be disposed!
D/Zygote  (   81): Process 505 terminated by signal (6)
I/ActivityManager(  442): Waited long enough for: ServiceRecord{4231ae08 u0 com.andrew.apollo/.MusicPlaybackService}
I/ActivityManager(  442): Resuming delayed broadcast
W/BroadcastQueue(  442): Failure sending broadcast Intent { act=com.android.systemui.recent.action.CLOSE flg=0x10 pkg=com.android.systemui }
W/BroadcastQueue(  442): android.os.DeadObjectException
W/BroadcastQueue(  442):        at android.os.BinderProxy.transact(Native Method)
W/BroadcastQueue(  442):        at android.app.ApplicationThreadProxy.scheduleRegisteredReceiver(ApplicationThreadNative.java:1059)
W/BroadcastQueue(  442):        at com.android.server.am.BroadcastQueue.performReceiveLocked(BroadcastQueue.java:426)
W/BroadcastQueue(  442):        at com.android.server.am.BroadcastQueue.deliverToRegisteredReceiverLocked(BroadcastQueue.java:512)
W/BroadcastQueue(  442):        at com.android.server.am.BroadcastQueue.processNextBroadcast(BroadcastQueue.java:565)
W/BroadcastQueue(  442):        at com.android.server.am.BroadcastQueue.backgroundServicesFinishedLocked(BroadcastQueue.java:414)
W/BroadcastQueue(  442):        at com.android.server.am.ActivityManagerService.backgroundServicesFinishedLocked(ActivityManagerService.java:13904)
W/BroadcastQueue(  442):        at com.android.server.am.ActiveServices$ServiceMap.rescheduleDelayedStarts(ActiveServices.java:236)
W/BroadcastQueue(  442):        at com.android.server.am.ActiveServices$ServiceMap.handleMessage(ActiveServices.java:181)
W/BroadcastQueue(  442):        at android.os.Handler.dispatchMessage(Handler.java:102)
W/BroadcastQueue(  442):        at android.os.Looper.loop(Looper.java:136)
W/BroadcastQueue(  442):        at com.android.server.am.ActivityManagerService$AThread.run(ActivityManagerService.java:1941)
I/ActivityManager(  442): Process com.android.systemui (pid 505) has died.
W/ActivityManager(  442): Scheduling restart of crashed service com.android.systemui/.ImageWallpaper in 0ms
W/ActivityManager(  442): Scheduling restart of crashed service com.android.keyguard/.KeyguardService in 0ms
W/ActivityManager(  442): Scheduling restart of crashed service com.android.systemui/.SystemUIService in 0ms
I/ActivityManager(  442): Start proc com.android.systemui for restart com.android.systemui: pid=23707 uid=10011 gids={50011, 1028, 1015, 1035, 1006, 3
002, 3001}
W/ActivityManager(  442): Force removing ActivityRecord{41820fb8 u0 com.android.systemui/.recent.RecentsActivity t25}: app died, no saved state
E/AudioHardwareQSD(   86): Cannot start pcm playback
D/AudioHardwareQSD(   86): AudioHardware pcm playback is going to standby.
W/AudioFlinger(   86): write blocked for 4993 msecs, 67 delayed writes, thread 0x410c1008
W/Process (  442): Unable to open /proc/23699/status
W/Process (  442): Unable to open /proc/23700/status
W/Process (  442): Unable to open /proc/23701/status
W/Process (  442): Unable to open /proc/23702/status
W/InputDispatcher(  442): Attempted to unregister already unregistered input channel '41e25668 NavigationBar (server)'
I/WindowState(  442): WIN DEATH: Window{41e25668 u0 NavigationBar}
W/InputDispatcher(  442): Attempted to unregister already unregistered input channel '41d4c9e8 StatusBar (server)'
I/WindowState(  442): WIN DEATH: Window{41d4c9e8 u0 StatusBar}
W/InputDispatcher(  442): Attempted to unregister already unregistered input channel '41ea7f08 com.android.systemui.ImageWallpaper (server)'
I/WindowState(  442): WIN DEATH: Window{41ea7f08 u0 com.android.systemui.ImageWallpaper}
W/InputDispatcher(  442): Attempted to unregister already unregistered input channel '41dfd900  (server)'
I/WindowState(  442): WIN DEATH: Window{41dfd900 u0 com.android.keyguard}
W/InputDispatcher(  442): Attempted to unregister already unregistered input channel '41d7a618 com.android.systemui/com.android.systemui.recent.Recent
sActivity (server)'
I/WindowState(  442): WIN DEATH: Window{41d7a618 u0 com.android.systemui/com.android.systemui.recent.RecentsActivity}
W/InputDispatcher(  442): Attempted to unregister already unregistered input channel '41f9cf88 SearchPanel (server)'
I/WindowState(  442): WIN DEATH: Window{41f9cf88 u0 SearchPanel}
W/WallpaperService(  442): Wallpaper service gone: ComponentInfo{com.android.systemui/com.android.systemui.ImageWallpaper}
W/BroadcastQueue(  442): Failure sending broadcast Intent { act=android.intent.action.CLOSE_SYSTEM_DIALOGS flg=0x50000010 (has extras) }
W/BroadcastQueue(  442): android.os.DeadObjectException
W/BroadcastQueue(  442):        at android.os.BinderProxy.transact(Native Method)
W/BroadcastQueue(  442):        at android.content.IIntentReceiver$Stub$Proxy.performReceive(IIntentReceiver.java:124)
W/BroadcastQueue(  442):        at com.android.server.am.BroadcastQueue.performReceiveLocked(BroadcastQueue.java:429)
W/BroadcastQueue(  442):        at com.android.server.am.BroadcastQueue.deliverToRegisteredReceiverLocked(BroadcastQueue.java:512)
W/BroadcastQueue(  442):        at com.android.server.am.BroadcastQueue.processNextBroadcast(BroadcastQueue.java:565)
W/BroadcastQueue(  442):        at com.android.server.am.BroadcastQueue$1.handleMessage(BroadcastQueue.java:146)
W/BroadcastQueue(  442):        at android.os.Handler.dispatchMessage(Handler.java:102)
W/BroadcastQueue(  442):        at android.os.Looper.loop(Looper.java:136)
W/BroadcastQueue(  442):        at com.android.server.am.ActivityManagerService$AThread.run(ActivityManagerService.java:1941)
W/BroadcastQueue(  442): Failure sending broadcast Intent { act=android.intent.action.CLOSE_SYSTEM_DIALOGS flg=0x50000010 (has extras) }
W/BroadcastQueue(  442): android.os.DeadObjectException
W/BroadcastQueue(  442):        at android.os.BinderProxy.transact(Native Method)
W/BroadcastQueue(  442):        at android.content.IIntentReceiver$Stub$Proxy.performReceive(IIntentReceiver.java:124)
