W/BroadcastQueue(  442):        at com.android.server.am.BroadcastQueue.performReceiveLocked(BroadcastQueue.java:429)
W/BroadcastQueue(  442):        at com.android.server.am.BroadcastQueue.deliverToRegisteredReceiverLocked(BroadcastQueue.java:512)
W/BroadcastQueue(  442):        at com.android.server.am.BroadcastQueue.processNextBroadcast(BroadcastQueue.java:565)
W/BroadcastQueue(  442):        at com.android.server.am.BroadcastQueue$1.handleMessage(BroadcastQueue.java:146)
W/BroadcastQueue(  442):        at android.os.Handler.dispatchMessage(Handler.java:102)
W/BroadcastQueue(  442):        at android.os.Looper.loop(Looper.java:136)
W/BroadcastQueue(  442):        at com.android.server.am.ActivityManagerService$AThread.run(ActivityManagerService.java:1941)
W/BroadcastQueue(  442): Failure sending broadcast Intent { act=android.intent.action.CLOSE_SYSTEM_DIALOGS flg=0x50000010 (has extras) }
W/BroadcastQueue(  442): android.os.DeadObjectException
W/BroadcastQueue(  442):        at android.os.BinderProxy.transact(Native Method)
W/BroadcastQueue(  442):        at android.content.IIntentReceiver$Stub$Proxy.performReceive(IIntentReceiver.java:124)
W/BroadcastQueue(  442):        at com.android.server.am.BroadcastQueue.performReceiveLocked(BroadcastQueue.java:429)
W/BroadcastQueue(  442):        at com.android.server.am.BroadcastQueue.deliverToRegisteredReceiverLocked(BroadcastQueue.java:512)
W/BroadcastQueue(  442):        at com.android.server.am.BroadcastQueue.processNextBroadcast(BroadcastQueue.java:565)
W/BroadcastQueue(  442):        at com.android.server.am.BroadcastQueue$1.handleMessage(BroadcastQueue.java:146)
W/BroadcastQueue(  442):        at android.os.Handler.dispatchMessage(Handler.java:102)
W/BroadcastQueue(  442):        at android.os.Looper.loop(Looper.java:136)
W/BroadcastQueue(  442):        at com.android.server.am.ActivityManagerService$AThread.run(ActivityManagerService.java:1941)
W/Binder  (23707): Binder call failed.
W/Binder  (23707): android.os.DeadObjectException
W/Binder  (23707):      at android.os.BinderProxy.transact(Native Method)
W/Binder  (23707):      at android.content.IIntentReceiver$Stub$Proxy.performReceive(IIntentReceiver.java:124)
W/Binder  (23707):      at android.app.ActivityThread$ApplicationThread.scheduleRegisteredReceiver(ActivityThread.java:826)
W/Binder  (23707):      at android.app.ApplicationThreadNative.onTransact(ApplicationThreadNative.java:394)
W/Binder  (23707):      at android.os.Binder.execTransact(Binder.java:404)
W/Binder  (23707):      at dalvik.system.NativeStart.run(Native Method)
E/JavaBinder(23707): *** Uncaught remote exception!  (Exceptions are not yet supported across processes.)
E/JavaBinder(23707): java.lang.RuntimeException: android.os.DeadObjectException
E/JavaBinder(23707):    at android.os.Parcel.writeException(Parcel.java:1366)
E/JavaBinder(23707):    at android.os.Binder.execTransact(Binder.java:410)
E/JavaBinder(23707):    at dalvik.system.NativeStart.run(Native Method)
E/JavaBinder(23707): Caused by: android.os.DeadObjectException
E/JavaBinder(23707):    at android.os.BinderProxy.transact(Native Method)
E/JavaBinder(23707):    at android.content.IIntentReceiver$Stub$Proxy.performReceive(IIntentReceiver.java:124)
E/JavaBinder(23707):    at android.app.ActivityThread$ApplicationThread.scheduleRegisteredReceiver(ActivityThread.java:826)
E/JavaBinder(23707):    at android.app.ApplicationThreadNative.onTransact(ApplicationThreadNative.java:394)
E/JavaBinder(23707):    at android.os.Binder.execTransact(Binder.java:404)
E/JavaBinder(23707):    ... 1 more
I/Choreographer( 5783): Skipped 37 frames!  The application may be doing too much work on its main thread.
V/BluetoothMasReceiver(21233): BluetoothMasReceiver onReceive :android.bluetooth.device.action.ACL_DISCONNECTED
V/BluetoothMasService(21233): Map Service onStartCommand
V/BluetoothMasService(21233): action: android.bluetooth.device.action.ACL_DISCONNECTED
V/BluetoothFtpReceiver(21233): BluetoothFtpReceiver onReceive :android.bluetooth.device.action.ACL_DISCONNECTED
V/BluetoothFtpReceiver(21233): BluetoothFtpReceiver Start Service
V/BluetoothFtpService(21233): Ftp Service onStartCommand
V/BluetoothFtpService(21233): action: android.bluetooth.device.action.ACL_DISCONNECTED
I/Adreno200-EGL( 5783): <qeglDrvAPI_eglInitialize:294>: EGL 1.4 QUALCOMM build: AU_LINUX_ANDROID_JB.04.01.01.00.036_msm8960_JB_CL2644550_release_AU (C
L2644550)
I/Adreno200-EGL( 5783): Build Date: 07/31/12 Tue
I/Adreno200-EGL( 5783): Local Branch:
I/Adreno200-EGL( 5783): Remote Branch: quic/master
I/Adreno200-EGL( 5783): Local Patches: NONE
I/Adreno200-EGL( 5783): Reconstruct Branch: AU_LINUX_ANDROID_JB.04.01.01.00.036 +  NOTHING
I/BluetoothConnectionReceiver(19245): onReceive(context, Intent { act=android.bluetooth.device.action.ACL_DISCONNECTED flg=0x4000010 cmp=com.google.an
droid.googlequicksearchbox/com.google.android.search.core.service.BluetoothConnectionReceiver (has extras) }, [BluetoothDevice: address=9C:DF:03:3D:DA
:0E, alias=null, name=BMW 27911, majorDeviceClass=1024, deviceClass=1032])
W/BroadcastQueue(  442): Unable to launch app com.tytung.leo.lowsound/10048 for broadcast Intent { act=android.bluetooth.a2dp.profile.action.CONNECTIO
N_STATE_CHANGED flg=0x4000010 (has extras) }: process is bad
W/BroadcastQueue(  442): Unable to launch app com.tytung.leo.lowsound/10048 for broadcast Intent { act=android.intent.action.PHONE_STATE flg=0x10 (has
 extras) }: process is bad
V/KeyguardService(23707): onCreate()
D/AwesomePlayer(   86): Before reset_l
D/AwesomePlayer(   86): printFileName fd(38) -> /system/media/audio/ui/Lock.ogg
D/SystemUIService(23707): loading: class com.android.systemui.recent.Recents
D/SystemUIService(23707): running: com.android.systemui.recent.Recents@4184bfa0
D/SystemUIService(23707): loading: class com.android.systemui.statusbar.SystemBars
D/SystemUIService(23707): running: com.android.systemui.statusbar.SystemBars@4184c588
D/SystemUIService(23707): loading: class com.android.systemui.usb.StorageNotification
D/SystemUIService(23707): running: com.android.systemui.usb.StorageNotification@41852bb0
D/SystemUIService(23707): loading: class com.android.systemui.power.PowerUI
D/SystemUIService(23707): running: com.android.systemui.power.PowerUI@41854318
D/SystemUIService(23707): loading: class com.android.systemui.media.RingtonePlayer
D/SystemUIService(23707): running: com.android.systemui.media.RingtonePlayer@41855e88
D/SystemUIService(23707): loading: class com.android.systemui.settings.SettingsUI
D/SystemUIService(23707): running: com.android.systemui.settings.SettingsUI@41857390
I/OMXNodeInstance(   86): OMX_FreeBuffer for buffer header 0x2a03a698 successful
I/OMXNodeInstance(   86): OMX_FreeBuffer for buffer header 0x2a03a888 successful
I/OMXNodeInstance(   86): OMX_FreeBuffer for buffer header 0x2a030180 successful
I/OMXNodeInstance(   86): OMX_FreeBuffer for buffer header 0x2a0302a8 successful
I/OMXNodeInstance(   86): OMX_FreeBuffer for buffer header 0x2a03a510 successful
I/OMXNodeInstance(   86): OMX_FreeBuffer for buffer header 0x2a028ec0 successful
I/OMXNodeInstance(   86): OMX_FreeBuffer for buffer header 0x2a028df0 successful
I/OMXNodeInstance(   86): OMX_FreeBuffer for buffer header 0x2a028c38 successful
I/OMXNodeInstance(   86): OMX_FreeBuffer for buffer header 0x2a030168 successful
I/OMXNodeInstance(   86): OMX_FreeBuffer for buffer header 0x2a03a5c8 successful
I/OMXNodeInstance(   86): OMX_FreeBuffer for buffer header 0x2a030468 successful
I/OMXNodeInstance(   86): OMX_FreeBuffer for buffer header 0x2a063d18 successful
D/AwesomePlayer(   86): Before reset_l
D/AwesomePlayer(   86): printFileName fd(38) -> /system/media/audio/ui/Unlock.ogg
I/OMXNodeInstance(   86): OMX_FreeBuffer for buffer header 0x2a03a6f0 successful
I/OMXNodeInstance(   86): OMX_FreeBuffer for buffer header 0x2a03a8e0 successful
I/OMXNodeInstance(   86): OMX_FreeBuffer for buffer header 0x2a0301c8 successful
I/OMXNodeInstance(   86): OMX_FreeBuffer for buffer header 0x2a0302f0 successful
I/OMXNodeInstance(   86): OMX_FreeBuffer for buffer header 0x2a03a568 successful
I/OMXNodeInstance(   86): OMX_FreeBuffer for buffer header 0x2a03a4b0 successful
I/OMXNodeInstance(   86): OMX_FreeBuffer for buffer header 0x2a028e48 successful
I/OMXNodeInstance(   86): OMX_FreeBuffer for buffer header 0x2a028c90 successful
I/OMXNodeInstance(   86): OMX_FreeBuffer for buffer header 0x2a030198 successful
I/OMXNodeInstance(   86): OMX_FreeBuffer for buffer header 0x2a03a8c0 successful
I/OMXNodeInstance(   86): OMX_FreeBuffer for buffer header 0x2a030570 successful
I/OMXNodeInstance(   86): OMX_FreeBuffer for buffer header 0x2a03a608 successful
I/Choreographer( 5783): Skipped 64 frames!  The application may be doing too much work on its main thread.
I/ActivityManager( 5783): Timeline: Activity_idle id: android.os.BinderProxy@418016e8 time:25598173
I/ActivityManager(  442): Start proc net.daverix.TransparentCalendarWidget2 for service net.daverix.TransparentCalendarWidget2/.EventsWidgetService: p
id=23736 uid=10073 gids={50073}
I/ActivityManager(  442): Timeline: Activity_windows_visible id: ActivityRecord{41c0e7a8 u0 com.android.launcher3/.Launcher t1} time:25599032
I/Adreno200-EGL(23707): <qeglDrvAPI_eglInitialize:294>: EGL 1.4 QUALCOMM build: AU_LINUX_ANDROID_JB.04.01.01.00.036_msm8960_JB_CL2644550_release_AU (C
L2644550)
I/Adreno200-EGL(23707): Build Date: 07/31/12 Tue
I/Adreno200-EGL(23707): Local Branch:
I/Adreno200-EGL(23707): Remote Branch: quic/master
I/Adreno200-EGL(23707): Local Patches: NONE
I/Adreno200-EGL(23707): Reconstruct Branch: AU_LINUX_ANDROID_JB.04.01.01.00.036 +  NOTHING
I/ActivityManager(  442): Start proc com.android.providers.calendar for content provider com.android.providers.calendar/.CalendarProvider2: pid=23748
uid=10001 gids={50001, 3003, 1028, 1015}
I/StatusBarManagerService(  442): registerStatusBar bar=com.android.internal.statusbar.IStatusBar$Stub$Proxy@41eac4b0
D/PhoneStatusBar(23707): mSettingsPanelGravity = 55
E/AudioHardwareQSD(   86): Cannot start pcm playback
D/AudioHardwareQSD(   86): AudioHardware pcm playback is going to standby.
I/CalendarProvider2(23748): Created com.android.providers.calendar.CalendarAlarmManager@41820eb8(com.android.providers.calendar.CalendarProvider2@4181
8150)
V/CalendarWidgetFactory(23736): Registered content observer
V/CalendarWidgetFactory(23736): Updated calendar with events from content provider
V/PhoneStatusBar/NavigationBarView(23707): touchEnabled:false
D/BluetoothAdapterService(1099538096)(21233): getState(): mAdapterProperties: com.android.bluetooth.btservice.AdapterProperties@41880220
D/BluetoothAdapterService(1099538096)(21233): getState(): mAdapterProperties: com.android.bluetooth.btservice.AdapterProperties@41880220
D/BluetoothAdapterService(1099538096)(21233): Get Bonded Devices being called
D/BluetoothAdapterProperties(21233): getBondedDevices: length=1
D/BluetoothManagerService(  442): Message: 20
D/BluetoothManagerService(  442): Added callback: android.bluetooth.IBluetoothManagerCallback$Stub$Proxy@41e9b280:true
I/CalendarProvider2(23748): Sending notification intent: Intent { act=android.intent.action.PROVIDER_CHANGED dat=content://com.android.calendar }
W/ContentResolver(23748): Failed to get type for: content://com.android.calendar (Unknown URL content://com.android.calendar)
I/QuickSettingsController(23707): Default tiles being loaded
I/QuickSettingsController(23707): Tiles list: toggleUser|toggleBrightness|toggleSettings|toggleWifi|toggleMobileData|toggleGPS|toggleBattery|toggleAir
plane|toggleBluetooth
D/BluetoothAdapterService(1099538096)(21233): getState(): mAdapterProperties: com.android.bluetooth.btservice.AdapterProperties@41880220
D/BluetoothAdapterService(1099538096)(21233): getState(): mAdapterProperties: com.android.bluetooth.btservice.AdapterProperties@41880220
D/BluetoothAdapterService(1099538096)(21233): getState(): mAdapterProperties: com.android.bluetooth.btservice.AdapterProperties@41880220
D/PhoneStatusBar(23707): disable: < EXPAND* icons alerts ticker system_info BACK* HOME* RECENT* clock SEARCH* >
D/BluetoothAdapterService(1099538096)(21233): getState(): mAdapterProperties: com.android.bluetooth.btservice.AdapterProperties@41880220
D/BluetoothAdapterService(1099538096)(21233): getState(): mAdapterProperties: com.android.bluetooth.btservice.AdapterProperties@41880220
D/PhoneStatusBar(23707): heads up is disabled
V/Avrcp   (21233): received RCC_CHANGED_ACTION
V/Avrcp   (21233): focus: false , availability: true
V/Avrcp   (21233): MSG_UPDATE_RCC_CHANGE
V/Avrcp   (21233): processRCCStateChange
V/Avrcp   (21233): isResetFocusRequired: false
V/MediaFocusControl(  442): updating focussed RCC change to RCD: CallingPackageName:com.andrew.apollo isFocussed:false isAvailable:true
V/Avrcp   (21233): received RCC_CHANGED_ACTION
V/Avrcp   (21233): focus: true , availability: true
V/Avrcp   (21233): MSG_UPDATE_RCC_CHANGE
V/Avrcp   (21233): processRCCStateChange
V/Avrcp   (21233): isResetFocusRequired: true
V/Avrcp   (21233): setting com.andrew.apollo focus: false
V/Avrcp   (21233): setting com.andrew.apollo focus: false
V/MediaFocusControl(  442): updating focussed RCC change to RCD: CallingPackageName:com.andrew.apollo isFocussed:true isAvailable:true
I/ActivityManager(  442): Start proc com.mapfactor.navigator for broadcast com.mapfactor.navigator/.BootNotifyReceiver: pid=23772 uid=10057 gids={5005
7, 1028, 1015, 3003}
I/Choreographer(23707): Skipped 93 frames!  The application may be doing too much work on its main thread.
V/KeyguardTouchDelegate(23707): Connected to keyguard
I/ActivityManager(  442): Start proc com.cyanogenmod.lockclock for broadcast com.cyanogenmod.lockclock/.ClockWidgetProvider: pid=23785 uid=10038 gids=
{50038, 3003}
I/ActivityManager(  442): Delay finish: com.cyanogenmod.lockclock/.ClockWidgetProvider
I/ActivityManager(  442): Resuming delayed broadcast
I/ActivityManager(  442): Start proc com.google.android.calendar for broadcast com.google.android.calendar/com.android.calendar.alerts.AlertReceiver:
pid=23798 uid=10034 gids={50034, 3003}
E/AudioHardwareQSD(   86): Cannot start pcm playback
D/AudioHardwareQSD(   86): AudioHardware pcm playback is going to standby.
W/AudioFlinger(   86): write blocked for 9996 msecs, 68 delayed writes, thread 0x410c1008
I/Choreographer(23707): Skipped 91 frames!  The application may be doing too much work on its main thread.
D/AlertReceiver(23798): onReceive: a=android.intent.action.PROVIDER_CHANGED Intent { act=android.intent.action.PROVIDER_CHANGED dat=content://com.andr
oid.calendar flg=0x10 cmp=com.google.android.calendar/com.android.calendar.alerts.AlertReceiver }
I/ActivityManager(  442): Delay finish: com.google.android.calendar/com.android.calendar.alerts.AlertReceiver
D/AlertService(23798): 0 Action = android.intent.action.PROVIDER_CHANGED
I/Choreographer(23707): Skipped 34 frames!  The application may be doing too much work on its main thread.
W/BroadcastQueue(  442): Timeout of broadcast BroadcastRecord{41fc8e20 u-1 android.intent.action.SCREEN_ON} - receiver=android.os.BinderProxy@41ea7940
, started 10009ms ago
W/BroadcastQueue(  442): Receiver during timeout: BroadcastFilter{41ea7bb0 u0 ReceiverList{41ea7b50 505 com.android.systemui/10011/u0 remote:41ea7940}
}
W/Binder  (23707): Binder call failed.
W/Binder  (23707): android.os.DeadObjectException
W/Binder  (23707):      at android.os.BinderProxy.transact(Native Method)
W/Binder  (23707):      at android.content.IIntentReceiver$Stub$Proxy.performReceive(IIntentReceiver.java:124)
W/Binder  (23707):      at android.app.ActivityThread$ApplicationThread.scheduleRegisteredReceiver(ActivityThread.java:826)
W/Binder  (23707):      at android.app.ApplicationThreadNative.onTransact(ApplicationThreadNative.java:394)
W/Binder  (23707):      at android.os.Binder.execTransact(Binder.java:404)
W/Binder  (23707):      at dalvik.system.NativeStart.run(Native Method)
E/JavaBinder(23707): *** Uncaught remote exception!  (Exceptions are not yet supported across processes.)
E/JavaBinder(23707): java.lang.RuntimeException: android.os.DeadObjectException
E/JavaBinder(23707):    at android.os.Parcel.writeException(Parcel.java:1366)
E/JavaBinder(23707):    at android.os.Binder.execTransact(Binder.java:410)
E/JavaBinder(23707):    at dalvik.system.NativeStart.run(Native Method)
E/JavaBinder(23707): Caused by: android.os.DeadObjectException
E/JavaBinder(23707):    at android.os.BinderProxy.transact(Native Method)
E/JavaBinder(23707):    at android.content.IIntentReceiver$Stub$Proxy.performReceive(IIntentReceiver.java:124)
E/JavaBinder(23707):    at android.app.ActivityThread$ApplicationThread.scheduleRegisteredReceiver(ActivityThread.java:826)
E/JavaBinder(23707):    at android.app.ApplicationThreadNative.onTransact(ApplicationThreadNative.java:394)
E/JavaBinder(23707):    at android.os.Binder.execTransact(Binder.java:404)
E/JavaBinder(23707):    ... 1 more
D/PhoneStatusBar(23707): disable: < expand* icons alerts ticker system_info BACK HOME RECENT CLOCK* search* >
E/AudioHardwareQSD(   86): Cannot start pcm playback
D/AudioHardwareQSD(   86): AudioHardware pcm playback is going to standby.
W/AudioFlinger(   86): write blocked for 5022 msecs, 69 delayed writes, thread 0x410c1008
D/AlertService(23798): Beginning updateAlertNotification
D/AlertService(23798): No fired or scheduled alerts
D/AlertService(23798): Scheduling next alarm with AlarmScheduler. sEventReminderReceived: null
D/AlarmScheduler(23798): Query result count for events starting within 1 week: 19
I/ActivityManager(  442): Resuming delayed broadcast
I/PowerManagerService(  442): Waking up from sleep...
D/SurfaceFlinger(   80): Screen acquired, type=0 flinger=0x2a007450
E/AudioHardwareQSD(   86): Cannot start pcm playback
D/AudioHardwareQSD(   86): AudioHardware pcm playback is going to standby.
W/AudioPolicyManager(   86): getDeviceForStrategy() unknown strategy: 3
W/AudioPolicyManager(   86): getDeviceForStrategy() unknown strategy: 5
W/Binder  (23707): Binder call failed.
W/Binder  (23707): android.os.DeadObjectException
W/Binder  (23707):      at android.os.BinderProxy.transact(Native Method)
W/Binder  (23707):      at android.content.IIntentReceiver$Stub$Proxy.performReceive(IIntentReceiver.java:124)
W/Binder  (23707):      at android.app.ActivityThread$ApplicationThread.scheduleRegisteredReceiver(ActivityThread.java:826)
W/Binder  (23707):      at android.app.ApplicationThreadNative.onTransact(ApplicationThreadNative.java:394)
W/Binder  (23707):      at android.os.Binder.execTransact(Binder.java:404)
W/Binder  (23707):      at dalvik.system.NativeStart.run(Native Method)
E/JavaBinder(23707): *** Uncaught remote exception!  (Exceptions are not yet supported across processes.)
E/JavaBinder(23707): java.lang.RuntimeException: android.os.DeadObjectException
E/JavaBinder(23707):    at android.os.Parcel.writeException(Parcel.java:1366)
E/JavaBinder(23707):    at android.os.Binder.execTransact(Binder.java:410)
E/JavaBinder(23707):    at dalvik.system.NativeStart.run(Native Method)
E/JavaBinder(23707): Caused by: android.os.DeadObjectException
E/JavaBinder(23707):    at android.os.BinderProxy.transact(Native Method)
E/JavaBinder(23707):    at android.content.IIntentReceiver$Stub$Proxy.performReceive(IIntentReceiver.java:124)
E/JavaBinder(23707):    at android.app.ActivityThread$ApplicationThread.scheduleRegisteredReceiver(ActivityThread.java:826)
E/JavaBinder(23707):    at android.app.ApplicationThreadNative.onTransact(ApplicationThreadNative.java:394)
E/JavaBinder(23707):    at android.os.Binder.execTransact(Binder.java:404)
E/JavaBinder(23707):    ... 1 more
W/BroadcastQueue(  442): Timeout of broadcast BroadcastRecord{41fc8e20 u-1 android.intent.action.SCREEN_ON} - receiver=android.os.BinderProxy@41d48218
, started 10002ms ago
W/BroadcastQueue(  442): Receiver during timeout: BroadcastFilter{41dd18e0 u0 ReceiverList{41dd0730 505 com.android.systemui/10011/u0 remote:41d48218}
}
I/BatteryReceiverInfo(22362): level: 89 scale: 100 batteryLifePercent: 89
I/SkypeAdConfigManager(22362): Setting Battery Life Threshold to '0'
E/AudioHardwareQSD(   86): Cannot start pcm playback
D/AudioHardwareQSD(   86): AudioHardware pcm playback is going to standby.
D/SurfaceFlinger(   80): Screen released, type=0 flinger=0x2a007450
I/PowerManagerService(  442): Going to sleep due to screen timeout...
D/AK8973  (   89): Compass CLOSE
E/AudioHardwareQSD(   86): Cannot start pcm playback
D/AudioHardwareQSD(   86): AudioHardware pcm playback is going to standby.
W/AudioFlinger(   86): write blocked for 5016 msecs, 70 delayed writes, thread 0x410c1008
W/BroadcastQueue(  442): Timeout of broadcast BroadcastRecord{41fc8e20 u-1 android.intent.action.SCREEN_ON} - receiver=android.os.BinderProxy@41de5148
, started 10008ms ago
W/BroadcastQueue(  442): Receiver during timeout: BroadcastFilter{41de5560 u0 ReceiverList{41de5500 505 com.android.systemui/10011/u0 remote:41de5148}
}
W/InputMethodManagerService(  442): Got RemoteException sending setActive(false) notification to pid 505 uid 10011
W/InputMethodManagerService(  442): Got RemoteException sending setActive(false) notification to pid 505 uid 10011
D/AK8973  (   89): Compass Start
W/ActivityManager(  442): getAssistContextExtras failed: no resumed activity
I/WindowManager(  442): Lock screen displayed!
W/InputMethodManagerService(  442): Got RemoteException sending setActive(false) notification to pid 505 uid 10011
W/InputMethodManagerService(  442): Got RemoteException sending setActive(false) notification to pid 505 uid 10011
E/AudioHardwareQSD(   86): Cannot start pcm playback
D/AudioHardwareQSD(   86): AudioHardware pcm playback is going to standby.
I/AudioHardwareQSD(   86): Routing audio to Speakerphone
D/AudioHardwareQSD(   86): Switching audio device to
D/AudioHardwareQSD(   86): Speakerphone
I/MediaFocusControl(  442):  AudioFocus  abandonAudioFocus() from android.media.AudioManager@4184a3e8com.andrew.apollo.MusicPlaybackService$5@4180c5a8

I/OMXNodeInstance(   86): OMX_FreeBuffer for buffer header 0x2a064668 successful
I/OMXNodeInstance(   86): OMX_FreeBuffer for buffer header 0x2a0602f0 successful
I/OMXNodeInstance(   86): OMX_FreeBuffer for buffer header 0x2a020290 successful
I/OMXNodeInstance(   86): OMX_FreeBuffer for buffer header 0x2a02a2e8 successful
I/OMXNodeInstance(   86): OMX_FreeBuffer for buffer header 0x2a020670 successful
I/OMXNodeInstance(   86): OMX_FreeBuffer for buffer header 0x2a04dfc0 successful
I/OMXNodeInstance(   86): OMX_FreeBuffer for buffer header 0x2a02ac78 successful
I/OMXNodeInstance(   86): OMX_FreeBuffer for buffer header 0x2a020330 successful
I/MediaFocusControl(  442):  AudioFocus  abandonAudioFocus() from android.media.AudioManager@4184a3e8com.andrew.apollo.MusicPlaybackService$5@4180c5a8

V/EventsWidgetProvider(23736): Updated collection
V/CalendarWidgetFactory(23736): Updated calendar with events from content provider
D/AK8973  (   89): Compass CLOSE
E/AudioHardwareQSD(   86): Cannot start pcm playback
D/AudioHardwareQSD(   86): AudioHardware pcm playback is going to standby.
E/AudioHardwareQSD(   86): Cannot start pcm playback
D/AudioHardwareQSD(   86): AudioHardware pcm playback is going to standby.
W/AudioFlinger(   86): write blocked for 4976 msecs, 71 delayed writes, thread 0x410c1008
E/AudioHardwareQSD(   86): Cannot start pcm playback
D/AudioHardwareQSD(   86): AudioHardware pcm playback is going to standby.
W/AudioFlinger(   86): write blocked for 5024 msecs, 72 delayed writes, thread 0x410c1008
I/PowerManagerService(  442): Waking up from sleep...
D/AK8973  (   89): Compass Start
D/SurfaceFlinger(   80): Screen acquired, type=0 flinger=0x2a007450
I/WindowManager(  442): Lock screen displayed!
W/ActivityManager(  442): getAssistContextExtras failed: no resumed activity
W/InputMethodManagerService(  442): Got RemoteException sending setActive(false) notification to pid 505 uid 10011
D/PhoneStatusBar(23707): disable: < expand icons alerts ticker system_info back* home* recent* clock* search >
I/ActivityManager( 5783): Timeline: Activity_idle id: android.os.BinderProxy@418016e8 time:25650448
E/AudioTrack(23707): did not receive expected priority boost on time
E/AudioHardwareQSD(   86): Cannot start pcm playback
D/AudioHardwareQSD(   86): AudioHardware pcm playback is going to standby.
W/AudioFlinger(   86): write blocked for 5011 msecs, 73 delayed writes, thread 0x410c1008
E/AudioHardwareQSD(   86): Cannot start pcm playback
D/AudioHardwareQSD(   86): AudioHardware pcm playback is going to standby.
E/AudioHardwareQSD(   86): Cannot start pcm playback
D/AudioHardwareQSD(   86): AudioHardware pcm playback is going to standby.
W/AudioFlinger(   86): write blocked for 10023 msecs, 74 delayed writes, thread 0x410c1008
W/InputMethodManagerService(  442): Got RemoteException sending setActive(false) notification to pid 505 uid 10011
W/Binder  (  596): Caught a RuntimeException from the binder stub implementation.
W/Binder  (  596): java.lang.NullPointerException
W/Binder  (  596):      at android.inputmethodservice.IInputMethodWrapper.setSessionEnabled(IInputMethodWrapper.java:280)
W/Binder  (  596):      at com.android.internal.view.IInputMethod$Stub.onTransact(IInputMethod.java:129)
W/Binder  (  596):      at android.os.Binder.execTransact(Binder.java:404)
W/Binder  (  596):      at dalvik.system.NativeStart.run(Native Method)
I/BatteryReceiverInfo(22362): level: 89 scale: 100 batteryLifePercent: 89
I/SkypeAdConfigManager(22362): Setting Battery Life Threshold to '0'
E/AudioHardwareQSD(   86): Cannot start pcm playback
D/AudioHardwareQSD(   86): AudioHardware pcm playback is going to standby.
W/AudioFlinger(   86): write blocked for 5024 msecs, 75 delayed writes, thread 0x410c1008
E/AudioHardwareQSD(   86): Cannot start pcm playback
D/AudioHardwareQSD(   86): AudioHardware pcm playback is going to standby.
W/AudioFlinger(   86): write blocked for 5033 msecs, 76 delayed writes, thread 0x410c1008
D/PhoneUtils(  611): hangup(): no active call to hang up
I/PowerManagerService(  442): Going to sleep by user request...
D/SurfaceFlinger(   80): Screen released, type=0 flinger=0x2a007450
D/AK8973  (   89): Compass CLOSE
D/PhoneStatusBar(23707): disable: < expand icons alerts ticker system_info BACK* HOME* RECENT* CLOCK* search >
E/AudioTrack(23707): did not receive expected priority boost on time
E/AudioHardwareQSD(   86): Cannot start pcm playback
D/AudioHardwareQSD(   86): AudioHardware pcm playback is going to standby.
E/AudioHardwareQSD(   86): Cannot start pcm playback
D/AudioHardwareQSD(   86): AudioHardware pcm playback is going to standby.
W/AudioFlinger(   86): write blocked for 10001 msecs, 77 delayed writes, thread 0x410c1008
E/AudioHardwareQSD(   86): Cannot start pcm playback
D/AudioHardwareQSD(   86): AudioHardware pcm playback is going to standby.
W/AudioFlinger(   86): write blocked for 5008 msecs, 78 delayed writes, thread 0x410c1008
E/AudioHardwareQSD(   86): Cannot start pcm playback
D/AudioHardwareQSD(   86): AudioHardware pcm playback is going to standby.
E/AudioHardwareQSD(   86): Cannot start pcm playback
D/AudioHardwareQSD(   86): AudioHardware pcm playback is going to standby.
W/AudioFlinger(   86): write blocked for 10017 msecs, 79 delayed writes, thread 0x410c1008
E/AudioHardwareQSD(   86): Cannot start pcm playback
D/AudioHardwareQSD(   86): AudioHardware pcm playback is going to standby.
W/AudioFlinger(   86): write blocked for 5025 msecs, 80 delayed writes, thread 0x410c1008
E/AudioHardwareQSD(   86): Cannot start pcm playback
D/AudioHardwareQSD(   86): AudioHardware pcm playback is going to standby.
W/AudioFlinger(   86): write blocked for 5011 msecs, 81 delayed writes, thread 0x410c1008
E/AudioHardwareQSD(   86): Cannot start pcm playback
D/AudioHardwareQSD(   86): AudioHardware pcm playback is going to standby.
I/BatteryReceiverInfo(22362): level: 89 scale: 100 batteryLifePercent: 89
I/SkypeAdConfigManager(22362): Setting Battery Life Threshold to '0'
E/AudioHardwareQSD(   86): Cannot start pcm playback
D/AudioHardwareQSD(   86): AudioHardware pcm playback is going to standby.
W/AudioFlinger(   86): write blocked for 5010 msecs, 82 delayed writes, thread 0x410c1008
E/AudioHardwareQSD(   86): Cannot start pcm playback
D/AudioHardwareQSD(   86): AudioHardware pcm playback is going to standby.
W/AudioFlinger(   86): write blocked for 5021 msecs, 83 delayed writes, thread 0x410c1008
E/AudioHardwareQSD(   86): Cannot start pcm playback
D/AudioHardwareQSD(   86): AudioHardware pcm playback is going to standby.
W/AudioFlinger(   86): write blocked for 5018 msecs, 84 delayed writes, thread 0x410c1008
E/AudioHardwareQSD(   86): Cannot start pcm playback
D/AudioHardwareQSD(   86): AudioHardware pcm playback is going to standby.
E/AudioHardwareQSD(   86): Cannot start pcm playback
D/AudioHardwareQSD(   86): AudioHardware pcm playback is going to standby.
W/AudioFlinger(   86): write blocked for 10022 msecs, 85 delayed writes, thread 0x410c1008
E/AudioHardwareQSD(   86): Cannot start pcm playback
D/AudioHardwareQSD(   86): AudioHardware pcm playback is going to standby.
W/AudioFlinger(   86): write blocked for 5027 msecs, 86 delayed writes, thread 0x410c1008
E/AudioHardwareQSD(   86): Cannot start pcm playback
D/AudioHardwareQSD(   86): AudioHardware pcm playback is going to standby.
E/AudioHardwareQSD(   86): Cannot start pcm playback
D/AudioHardwareQSD(   86): AudioHardware pcm playback is going to standby.
W/AudioFlinger(   86): write blocked for 10005 msecs, 87 delayed writes, thread 0x410c1008
E/AudioHardwareQSD(   86): Cannot start pcm playback
D/AudioHardwareQSD(   86): AudioHardware pcm playback is going to standby.
W/AudioFlinger(   86): write blocked for 5025 msecs, 88 delayed writes, thread 0x410c1008
E/AudioHardwareQSD(   86): Cannot start pcm playback
D/AudioHardwareQSD(   86): AudioHardware pcm playback is going to standby.
W/AudioFlinger(   86): write blocked for 5011 msecs, 89 delayed writes, thread 0x410c1008
E/AudioHardwareQSD(   86): Cannot start pcm playback
D/AudioHardwareQSD(   86): AudioHardware pcm playback is going to standby.
E/AudioHardwareQSD(   86): Cannot start pcm playback
D/AudioHardwareQSD(   86): AudioHardware pcm playback is going to standby.
W/AudioFlinger(   86): write blocked for 10021 msecs, 90 delayed writes, thread 0x410c1008
I/BatteryReceiverInfo(22362): level: 89 scale: 100 batteryLifePercent: 89
I/SkypeAdConfigManager(22362): Setting Battery Life Threshold to '0'
E/AudioHardwareQSD(   86): Cannot start pcm playback
D/AudioHardwareQSD(   86): AudioHardware pcm playback is going to standby.
W/AudioPolicyManager(   86): getDeviceForStrategy() unknown strategy: 3
W/AudioPolicyManager(   86): getDeviceForStrategy() unknown strategy: 5
E/AudioHardwareQSD(   86): Cannot start pcm playback
D/AudioHardwareQSD(   86): AudioHardware pcm playback is going to standby.
D/MobileDataStateTracker(  442): default: setPolicyDataEnable(enabled=true)
I/LatinIME:LogUtils(  596): Dictionary info: dictionary = UserHistoryDictionary.en_GB.dic ; version = ? ; date = 1392807196
I/BatteryReceiverInfo(22362): level: 89 scale: 100 batteryLifePercent: 89
I/SkypeAdConfigManager(22362): Setting Battery Life Threshold to '0'
D/MobileDataStateTracker(  442): default: Broadcast received: android.intent.action.ANY_DATA_STATE apnType=default
D/MobileDataStateTracker(  442): default: Received state=DISCONNECTED, old=CONNECTED, reason=(unspecified)
D/MobileDataStateTracker(  442): default: setDetailed state, old =CONNECTED and new state=DISCONNECTED
D/MobileDataStateTracker(  442): default: Broadcast received: android.intent.action.ANY_DATA_STATE apnType=default
E/MobileDataStateTracker(  442): default: unknown network type: 0
D/MobileDataStateTracker(  442): default: Received state=DISCONNECTED, old=DISCONNECTED, reason=dataDetached
D/MobileDataStateTracker(  442): dun: Broadcast received: android.intent.action.ANY_DATA_STATE apnType=dun
D/ConnectivityService(  442): ConnectivityChange for mobile: DISCONNECTED/DISCONNECTED
D/ConnectivityService(  442): tryFailover: set mActiveDefaultNetwork=-1, prevNetType=0
D/ConnectivityService(  442): Attempting to switch to WIFI
D/ConnectivityService(  442): Attempting to switch to BLUETOOTH_TETHER
D/MobileDataStateTracker(  442): dun: Received state=DISCONNECTED, old=DISCONNECTED, reason=dataDetached
D/MobileDataStateTracker(  442): supl: Broadcast received: android.intent.action.ANY_DATA_STATE apnType=supl
D/MobileDataStateTracker(  442): supl: Received state=DISCONNECTED, old=DISCONNECTED, reason=dataDetached
D/MobileDataStateTracker(  442): hipri: Broadcast received: android.intent.action.ANY_DATA_STATE apnType=hipri
D/MobileDataStateTracker(  442): hipri: Received state=DISCONNECTED, old=DISCONNECTED, reason=dataDetached
D/MobileDataStateTracker(  442): mms: Broadcast received: android.intent.action.ANY_DATA_STATE apnType=mms
D/MobileDataStateTracker(  442): mms: Received state=DISCONNECTED, old=DISCONNECTED, reason=dataDetached
D/NetUtils(  442): android_net_utils_resetConnections in env=0x2a1e4e40 clazz=0xdc600001 iface=rmnet0 mask=0x3
D/ConnectivityService(  442): resetConnections(rmnet0, 3)
D/Nat464Xlat(  442): requiresClat: netType=0, hasIPv4Address=true
D/MobileDataStateTracker(  442): default: setPolicyDataEnable(enabled=true)
D/MobileDataStateTracker(  442): default: setPolicyDataEnable(enabled=true)
D/ConnectivityService(  442): handleInetConditionChange: no active default network - ignore
W/ContextImpl(23471): Implicit intents with startService are not safe: Intent { act=com.viber.voip.action.VIBER_SERVICE_BACKGROUND } android.content.C
ontextWrapper.startService:494 com.viber.voip.e.s.a:273 com.viber.voip.e.s.onServiceStateChanged:237
W/ContextImpl(23471): Implicit intents with startService are not safe: Intent { act=com.viber.voip.action.VIBER_SERVICE_BACKGROUND } android.content.C
ontextWrapper.startService:494 com.viber.voip.e.s.a:273 com.viber.voip.e.s.onServiceStateChanged:237
W/ContextImpl(23471): Implicit intents with startService are not safe: Intent { act=com.viber.voip.action.VIBER_SERVICE_BACKGROUND } android.content.C
ontextWrapper.startService:494 com.viber.voip.e.s.a:273 com.viber.voip.e.s.onServiceStateChanged:237
W/ContextImpl(23471): Implicit intents with startService are not safe: Intent { act=com.viber.voip.action.VIBER_SERVICE_BACKGROUND } android.content.C
ontextWrapper.startService:494 com.viber.voip.e.s.a:273 com.viber.voip.e.s.onServiceStateChanged:237
D/MobileDataStateTracker(  442): default: Broadcast received: android.intent.action.ANY_DATA_STATE apnType=default
D/MobileDataStateTracker(  442): default: Received state=CONNECTED, old=DISCONNECTED, reason=dataAttached
D/MobileDataStateTracker(  442): default: setDetailed state, old =DISCONNECTED and new state=CONNECTED
D/CaptivePortalTracker(  442): NoActiveNetworkState{ when=-1ms what=1 obj=NetworkInfo: type: mobile[UNKNOWN], state: DISCONNECTED/DISCONNECTED, reason
: (unspecified), extra: internet, roaming: false, failover: false, isAvailable: true, isConnectedToProvisioningNetwork: false target=com.android.inter
nal.util.StateMachine$SmHandler }
D/CaptivePortalTracker(  442): NoActiveNetworkState not a wifi connectivity change, ignore
D/Tethering(  442): MasterInitialState.processMessage what=3
D/ConnectivityService(  442): ConnectivityChange for mobile: CONNECTED/CONNECTED
D/ConnectivityService(  442): ConnectivityChange checkMobileProvisioning for TYPE_MOBILE or ProvisioningNetwork
D/ConnectivityService(  442): checkMobileProvisioning: E suggestedTimeOutMs=60000
D/ConnectivityService(  442): setProvNotificationVisible: E visible=false networkType=5 extraInfo=null url=null
D/ConnectivityService(  442): checkMobileProvisioning: params={ url=http://clients3.google.com/generate_204 mTimeOutMs=60000 mCb=com.android.server.Co
nnectivityService$5@41d6ec30}
D/ConnectivityService(  442): checkMobileProvisioning: X
D/MobileDataStateTracker(  442): dun: Broadcast received: android.intent.action.ANY_DATA_STATE apnType=dun
D/MobileDataStateTracker(  442): dun: Received state=DISCONNECTED, old=DISCONNECTED, reason=dataAttached
E/MobileDataStateTracker(  442): default: unknown network type: 0
D/MobileDataStateTracker(  442): supl: Broadcast received: android.intent.action.ANY_DATA_STATE apnType=supl
D/MobileDataStateTracker(  442): supl: Received state=DISCONNECTED, old=DISCONNECTED, reason=dataAttached
D/MobileDataStateTracker(  442): hipri: Broadcast received: android.intent.action.ANY_DATA_STATE apnType=hipri
D/MobileDataStateTracker(  442): hipri: Received state=DISCONNECTED, old=DISCONNECTED, reason=dataAttached
D/MobileDataStateTracker(  442): mms: Broadcast received: android.intent.action.ANY_DATA_STATE apnType=mms
D/MobileDataStateTracker(  442): mms: Received state=DISCONNECTED, old=DISCONNECTED, reason=dataAttached
D/Nat464Xlat(  442): requiresClat: netType=0, hasIPv4Address=true
D/MobileDataStateTracker(  442): default: setPolicyDataEnable(enabled=true)
W/ContextImpl(23471): Implicit intents with startService are not safe: Intent { act=com.viber.voip.action.VIBER_SERVICE_BACKGROUND } android.content.C
ontextWrapper.startService:494 com.viber.voip.e.s.a:273 com.viber.voip.e.s.onServiceStateChanged:237
D/MobileDataStateTracker(  442): default: isProvisioningNetwork: retVal=false
D/ConnectivityService(  442): [CheckMp] isMobileOk: isDefaultProvisioning=false
D/MobileDataStateTracker(  442): hipri: isProvisioningNetwork: retVal=false
D/ConnectivityService(  442): [CheckMp] isMobileOk: isHipriProvisioning=false
D/ConnectivityService(  442): [CheckMp] isMobileOk: start hipri url=http://clients3.google.com/generate_204
I/ActivityManager(  442): Start proc com.android.mms for broadcast com.android.mms/.transaction.MmsSystemEventReceiver: pid=23856 uid=10013 gids={5001
3, 3003, 1028, 1015}
D/gps_leo (  442): gps_inject_location() is called
D/gps_leo (  442): latitude=49.293658, longitude=8.643602, accuracy=26.000000
I/iptables(   77): iptables: Invalid argument. Run `dmesg' for more information.
I/iptables(   77): iptables terminated by exit(1)
E/BandwidthController(   77): runIptablesCmd(): res=1 status=256 failed /system/bin/iptables -A bw_costly_rmnet0 -m quota2 ! --quota 92233720368547758
07 --name rmnet0 --jump REJECT
I/ip6tables(   77): ip6tables: Invalid argument. Run `dmesg' for more information.
I/ip6tables(   77): ip6tables terminated by exit(1)
E/BandwidthController(   77): runIptablesCmd(): res=1 status=256 failed /system/bin/ip6tables -A bw_costly_rmnet0 -m quota2 ! --quota 9223372036854775
807 --name rmnet0 --jump REJECT
E/BandwidthController(   77): Failed set quota rule
E/BandwidthController(   77): No such iface rmnet0 to delete
W/NetdConnector(  442): NDC Command {1693 bandwidth setiquota rmnet0 9223372036854775807} took too long (1577ms)
W/NetdConnector(  442): NDC Command {1694 bandwidth gettetherstats} took too long (1710ms)
D/AlarmManagerService(  442): Kernel timezone updated to -60 minutes west of GMT
I/ActivityManager(  442): Process com.android.incallui (pid 23409) has died.
F/NetworkPolicy(  442): problem setting interface quota
F/NetworkPolicy(  442): java.lang.IllegalStateException: command '1693 bandwidth setiquota rmnet0 9223372036854775807' failed with '400 1693 Bandwidth
 command failed'
F/NetworkPolicy(  442):         at com.android.server.NetworkManagementService.setInterfaceQuota(NetworkManagementService.java:1286)
F/NetworkPolicy(  442):         at com.android.server.net.NetworkPolicyManagerService.setInterfaceQuota(NetworkPolicyManagerService.java:1984)
F/NetworkPolicy(  442):         at com.android.server.net.NetworkPolicyManagerService.updateNetworkRulesLocked(NetworkPolicyManagerService.java:1064)
F/NetworkPolicy(  442):         at com.android.server.net.NetworkPolicyManagerService.access$1300(NetworkPolicyManagerService.java:169)
F/NetworkPolicy(  442):         at com.android.server.net.NetworkPolicyManagerService$12.onReceive(NetworkPolicyManagerService.java:898)
F/NetworkPolicy(  442):         at android.app.LoadedApk$ReceiverDispatcher$Args.run(LoadedApk.java:768)
F/NetworkPolicy(  442):         at android.os.Handler.handleCallback(Handler.java:733)
F/NetworkPolicy(  442):         at android.os.Handler.dispatchMessage(Handler.java:95)
F/NetworkPolicy(  442):         at android.os.Looper.loop(Looper.java:136)
F/NetworkPolicy(  442):         at android.os.HandlerThread.run(HandlerThread.java:61)
F/NetworkPolicy(  442): Caused by: com.android.server.NativeDaemonConnector$NativeDaemonFailureException: command '1693 bandwidth setiquota rmnet0 922
3372036854775807' failed with '400 1693 Bandwidth command failed'
F/NetworkPolicy(  442):         at com.android.server.NativeDaemonConnector.execute(NativeDaemonConnector.java:391)
F/NetworkPolicy(  442):         at com.android.server.NativeDaemonConnector.executeForList(NativeDaemonConnector.java:327)
F/NetworkPolicy(  442):         at com.android.server.NativeDaemonConnector.execute(NativeDaemonConnector.java:292)
F/NetworkPolicy(  442):         at com.android.server.NetworkManagementService.setInterfaceQuota(NetworkManagementService.java:1283)
F/NetworkPolicy(  442):         ... 9 more
D/AlarmManagerService(  442): Kernel timezone updated to -60 minutes west of GMT
D/MobileDataStateTracker(  442): default: Broadcast received: android.intent.action.ANY_DATA_STATE apnType=default
D/MobileDataStateTracker(  442): default: Received state=CONNECTED, old=CONNECTED, reason=(unspecified)
D/CaptivePortalTracker(  442): NoActiveNetworkState{ when=0 what=1 obj=NetworkInfo: type: mobile[UNKNOWN], state: CONNECTED/CONNECTED, reason: dataAtt
ached, extra: internet, roaming: false, failover: false, isAvailable: true, isConnectedToProvisioningNetwork: false target=com.android.internal.util.S
tateMachine$SmHandler }
D/CaptivePortalTracker(  442): NoActiveNetworkState not a wifi connectivity change, ignore
D/Tethering(  442): MasterInitialState.processMessage what=3
D/MobileDataStateTracker(  442): default: setPolicyDataEnable(enabled=true)
D/ConnectivityService(  442): startUsingNetworkFeature reconnecting to 0: enableHIPRI
D/MobileDataStateTracker(  442): hipri: Broadcast received: android.intent.action.ANY_DATA_STATE apnType=hipri
D/MobileDataStateTracker(  442): hipri: Received state=CONNECTING, old=DISCONNECTED, reason=dataEnabled
D/MobileDataStateTracker(  442): hipri: setDetailed state, old =DISCONNECTED and new state=CONNECTING
D/MobileDataStateTracker(  442): dun: Broadcast received: android.intent.action.ANY_DATA_STATE apnType=dun
D/MobileDataStateTracker(  442): dun: Received state=DISCONNECTED, old=DISCONNECTED, reason=dataEnabled
D/MobileDataStateTracker(  442): supl: Broadcast received: android.intent.action.ANY_DATA_STATE apnType=supl
D/MobileDataStateTracker(  442): supl: Received state=DISCONNECTED, old=DISCONNECTED, reason=dataEnabled
D/MobileDataStateTracker(  442): mms: Broadcast received: android.intent.action.ANY_DATA_STATE apnType=mms
D/MobileDataStateTracker(  442): mms: Received state=DISCONNECTED, old=DISCONNECTED, reason=dataEnabled
D/ConnectivityService(  442): startUsingNetworkFeature X: return APN_REQUEST_STARTED
E/ConnectivityService(  442): startUsingNetworkFeature took too long: 3689ms
D/ConnectivityService(  442): [CheckMp] isMobileOk: hipri started
D/ConnectivityService(  442): [CheckMp] isMobileOk: not connected ni=NetworkInfo: type: mobile_hipri[GPRS], state: DISCONNECTED/IDLE, reason: (unspeci
fied), extra: (none), roaming: false, failover: false, isAvailable: true, isConnectedToProvisioningNetwork: false
D/MobileDataStateTracker(  442): hipri: Broadcast received: android.intent.action.ANY_DATA_STATE apnType=hipri
D/MobileDataStateTracker(  442): hipri: Received state=CONNECTED, old=CONNECTING, reason=dataEnabled
D/MobileDataStateTracker(  442): hipri: setDetailed state, old =IDLE and new state=CONNECTED
D/ConnectivityService(  442): ConnectivityChange for mobile_hipri: CONNECTED/CONNECTED
W/NetdConnector(  442): NDC Command {1700 interface fwmark exempt add 10.44.115.209/32} took too long (592ms)
W/ProcessCpuTracker(  442): Skipping unknown process pid 23885
D/Nat464Xlat(  442): requiresClat: netType=5, hasIPv4Address=true
D/MobileDataStateTracker(  442): default: setPolicyDataEnable(enabled=true)
W/NetworkPolicy(  442): shared quota unsupported; generating rule for each iface
I/Choreographer(22362): Skipped 198 frames!  The application may be doing too much work on its main thread.
D/MobileDataStateTracker(  442): hipri: isProvisioningNetwork: retVal=false
D/ConnectivityService(  442): [CheckMp] isMobileOk: isProvisioningNetwork is false, continue
I/iptables(   77): iptables: Invalid argument. Run `dmesg' for more information.
I/iptables(   77): iptables terminated by exit(1)
E/BandwidthController(   77): runIptablesCmd(): res=1 status=256 failed /system/bin/iptables -A bw_costly_rmnet0 -m quota2 ! --quota 92233720368547758
07 --name rmnet0 --jump REJECT
I/ip6tables(   77): ip6tables: Invalid argument. Run `dmesg' for more information.
I/ip6tables(   77): ip6tables terminated by exit(1)
E/BandwidthController(   77): runIptablesCmd(): res=1 status=256 failed /system/bin/ip6tables -A bw_costly_rmnet0 -m quota2 ! --quota 9223372036854775
807 --name rmnet0 --jump REJECT
E/BandwidthController(   77): Failed set quota rule
E/BandwidthController(   77): No such iface rmnet0 to delete
F/NetworkPolicy(  442): problem setting interface quota
F/NetworkPolicy(  442): java.lang.IllegalStateException: command '1708 bandwidth setiquota rmnet0 9223372036854775807' failed with '400 1708 Bandwidth
 command failed'
F/NetworkPolicy(  442):         at com.android.server.NetworkManagementService.setInterfaceQuota(NetworkManagementService.java:1286)
F/NetworkPolicy(  442):         at com.android.server.net.NetworkPolicyManagerService.setInterfaceQuota(NetworkPolicyManagerService.java:1984)
F/NetworkPolicy(  442):         at com.android.server.net.NetworkPolicyManagerService.updateNetworkRulesLocked(NetworkPolicyManagerService.java:1064)
F/NetworkPolicy(  442):         at com.android.server.net.NetworkPolicyManagerService.access$1300(NetworkPolicyManagerService.java:169)
F/NetworkPolicy(  442):         at com.android.server.net.NetworkPolicyManagerService$12.onReceive(NetworkPolicyManagerService.java:898)
F/NetworkPolicy(  442):         at android.app.LoadedApk$ReceiverDispatcher$Args.run(LoadedApk.java:768)
F/NetworkPolicy(  442):         at android.os.Handler.handleCallback(Handler.java:733)
F/NetworkPolicy(  442):         at android.os.Handler.dispatchMessage(Handler.java:95)
F/NetworkPolicy(  442):         at android.os.Looper.loop(Looper.java:136)
F/NetworkPolicy(  442):         at android.os.HandlerThread.run(HandlerThread.java:61)
F/NetworkPolicy(  442): Caused by: com.android.server.NativeDaemonConnector$NativeDaemonFailureException: command '1708 bandwidth setiquota rmnet0 922
3372036854775807' failed with '400 1708 Bandwidth command failed'
F/NetworkPolicy(  442):         at com.android.server.NativeDaemonConnector.execute(NativeDaemonConnector.java:391)
F/NetworkPolicy(  442):         at com.android.server.NativeDaemonConnector.executeForList(NativeDaemonConnector.java:327)
F/NetworkPolicy(  442):         at com.android.server.NativeDaemonConnector.execute(NativeDaemonConnector.java:292)
F/NetworkPolicy(  442):         at com.android.server.NetworkManagementService.setInterfaceQuota(NetworkManagementService.java:1283)
F/NetworkPolicy(  442):         ... 9 more
D/ConnectivityService(  442): [CheckMp] isMobileOk: addresses=clients3.google.com/173.194.45.39,clients3.google.com/173.194.45.41,clients3.google.com/
173.194.45.34,clients3.google.com/173.194.45.46,clients3.google.com/173.194.45.37,clients3.google.com/173.194.45.35,clients3.google.com/173.194.45.36,
clients3.google.com/173.194.45.33,clients3.google.com/173.194.45.40,clients3.google.com/173.194.45.32,clients3.google.com/173.194.45.38
D/ConnectivityService(  442): [CheckMp] isMobileOk: linkHasIpv4=true linkHasIpv6=false
I/iptables(   77): iptables: Invalid argument. Run `dmesg' for more information.
I/iptables(   77): iptables terminated by exit(1)
E/BandwidthController(   77): runIptablesCmd(): res=1 status=256 failed /system/bin/iptables -A bw_costly_rmnet0 -m quota2 ! --quota 92233720368547758
07 --name rmnet0 --jump REJECT
I/ip6tables(   77): ip6tables: Invalid argument. Run `dmesg' for more information.
I/ip6tables(   77): ip6tables terminated by exit(1)
E/BandwidthController(   77): runIptablesCmd(): res=1 status=256 failed /system/bin/ip6tables -A bw_costly_rmnet0 -m quota2 ! --quota 9223372036854775
807 --name rmnet0 --jump REJECT
E/BandwidthController(   77): Failed set quota rule
E/BandwidthController(   77): No such iface rmnet0 to delete
F/NetworkPolicy(  442): problem setting interface quota
F/NetworkPolicy(  442): java.lang.IllegalStateException: command '1710 bandwidth setiquota rmnet0 9223372036854775807' failed with '400 1710 Bandwidth
 command failed'
F/NetworkPolicy(  442):         at com.android.server.NetworkManagementService.setInterfaceQuota(NetworkManagementService.java:1286)
F/NetworkPolicy(  442):         at com.android.server.net.NetworkPolicyManagerService.setInterfaceQuota(NetworkPolicyManagerService.java:1984)
F/NetworkPolicy(  442):         at com.android.server.net.NetworkPolicyManagerService.updateNetworkRulesLocked(NetworkPolicyManagerService.java:1064)
F/NetworkPolicy(  442):         at com.android.server.net.NetworkPolicyManagerService.access$1300(NetworkPolicyManagerService.java:169)
F/NetworkPolicy(  442):         at com.android.server.net.NetworkPolicyManagerService$12.onReceive(NetworkPolicyManagerService.java:898)
F/NetworkPolicy(  442):         at android.app.LoadedApk$ReceiverDispatcher$Args.run(LoadedApk.java:768)
F/NetworkPolicy(  442):         at android.os.Handler.handleCallback(Handler.java:733)
F/NetworkPolicy(  442):         at android.os.Handler.dispatchMessage(Handler.java:95)
