I/ActivityManager(  455): Delay finish: com.google.android.googlequicksearchbox/com.google.android.search.core.summons.icing.InternalIcingCorporaProvider$CorporaChangedReceiver
I/Icing.InternalIcingCorporaProvider(12180): Updating corpora: A: com.android.stk, C: MAYBE
E/art     (12200): prctl(PR_CAPBSET_DROP) failed with EINVAL. Please verify your kernel is compiled with file capabilities support: Invalid argument
E/art     (12200): prctl(PR_CAPBSET_DROP) failed with EINVAL. Please verify your kernel is compiled with file capabilities support: Invalid argument
E/art     (12200): prctl(PR_CAPBSET_DROP) failed with EINVAL. Please verify your kernel is compiled with file capabilities support: Invalid argument
E/art     (12200): prctl(PR_CAPBSET_DROP) failed with EINVAL. Please verify your kernel is compiled with file capabilities support: Invalid argument
E/art     (12200): prctl(PR_CAPBSET_DROP) failed with EINVAL. Please verify your kernel is compiled with file capabilities support: Invalid argument
E/art     (12200): prctl(PR_CAPBSET_DROP) failed with EINVAL. Please verify your kernel is compiled with file capabilities support: Invalid argument
E/art     (12200): prctl(PR_CAPBSET_DROP) failed with EINVAL. Please verify your kernel is compiled with file capabilities support: Invalid argument
E/art     (12200): prctl(PR_CAPBSET_DROP) failed with EINVAL. Please verify your kernel is compiled with file capabilities support: Invalid argument
E/art     (12200): prctl(PR_CAPBSET_DROP) failed with EINVAL. Please verify your kernel is compiled with file capabilities support: Invalid argument
E/art     (12200): prctl(PR_CAPBSET_DROP) failed with EINVAL. Please verify your kernel is compiled with file capabilities support: Invalid argument
E/art     (12200): prctl(PR_CAPBSET_DROP) failed with EINVAL. Please verify your kernel is compiled with file capabilities support: Invalid argument
E/art     (12200): prctl(PR_CAPBSET_DROP) failed with EINVAL. Please verify your kernel is compiled with file capabilities support: Invalid argument
E/art     (12200): prctl(PR_CAPBSET_DROP) failed with EINVAL. Please verify your kernel is compiled with file capabilities support: Invalid argument
E/art     (12200): prctl(PR_CAPBSET_DROP) failed with EINVAL. Please verify your kernel is compiled with file capabilities support: Invalid argument
E/art     (12200): prctl(PR_CAPBSET_DROP) failed with EINVAL. Please verify your kernel is compiled with file capabilities support: Invalid argument
E/art     (12200): prctl(PR_CAPBSET_DROP) failed with EINVAL. Please verify your kernel is compiled with file capabilities support: Invalid argument
E/art     (12200): prctl(PR_CAPBSET_DROP) failed with EINVAL. Please verify your kernel is compiled with file capabilities support: Invalid argument
E/art     (12200): prctl(PR_CAPBSET_DROP) failed with EINVAL. Please verify your kernel is compiled with file capabilities support: Invalid argument
E/art     (12200): prctl(PR_CAPBSET_DROP) failed with EINVAL. Please verify your kernel is compiled with file capabilities support: Invalid argument
E/art     (12200): prctl(PR_CAPBSET_DROP) failed with EINVAL. Please verify your kernel is compiled with file capabilities support: Invalid argument
E/art     (12200): prctl(PR_CAPBSET_DROP) failed with EINVAL. Please verify your kernel is compiled with file capabilities support: Invalid argument
E/art     (12200): prctl(PR_CAPBSET_DROP) failed with EINVAL. Please verify your kernel is compiled with file capabilities support: Invalid argument
E/art     (12200): prctl(PR_CAPBSET_DROP) failed with EINVAL. Please verify your kernel is compiled with file capabilities support: Invalid argument
E/art     (12200): prctl(PR_CAPBSET_DROP) failed with EINVAL. Please verify your kernel is compiled with file capabilities support: Invalid argument
E/art     (12200): prctl(PR_CAPBSET_DROP) failed with EINVAL. Please verify your kernel is compiled with file capabilities support: Invalid argument
E/art     (12200): prctl(PR_CAPBSET_DROP) failed with EINVAL. Please verify your kernel is compiled with file capabilities support: Invalid argument
E/art     (12200): prctl(PR_CAPBSET_DROP) failed with EINVAL. Please verify your kernel is compiled with file capabilities support: Invalid argument
E/art     (12200): prctl(PR_CAPBSET_DROP) failed with EINVAL. Please verify your kernel is compiled with file capabilities support: Invalid argument
E/art     (12200): prctl(PR_CAPBSET_DROP) failed with EINVAL. Please verify your kernel is compiled with file capabilities support: Invalid argument
E/art     (12200): prctl(PR_CAPBSET_DROP) failed with EINVAL. Please verify your kernel is compiled with file capabilities support: Invalid argument
E/art     (12200): prctl(PR_CAPBSET_DROP) failed with EINVAL. Please verify your kernel is compiled with file capabilities support: Invalid argument
E/art     (12200): prctl(PR_CAPBSET_DROP) failed with EINVAL. Please verify your kernel is compiled with file capabilities support: Invalid argument
E/art     (12200): prctl(PR_CAPBSET_DROP) failed with EINVAL. Please verify your kernel is compiled with file capabilities support: Invalid argument
E/art     (12200): prctl(PR_CAPBSET_DROP) failed with EINVAL. Please verify your kernel is compiled with file capabilities support: Invalid argument
I/ActivityManager(  455): Start proc com.google.android.partnersetup for content provider com.google.android.partnersetup/.RlzAppProvider: pid=12200 uid=10010 gids={50010, 3003}
I/ActivityManager(  455): Killing 12200:com.google.android.partnersetup/u0a10 (adj 11): empty #2
I/art     (12180): Heap trim of managed (duration=3.021241ms, advised=8KB) and native (duration=1.861572ms, advised=0B) heaps. Managed heap utilization of 74%.
W/art     (   83): Could not get current activity
E/art     (12220): prctl(PR_CAPBSET_DROP) failed with EINVAL. Please verify your kernel is compiled with file capabilities support: Invalid argument
E/art     (12220): prctl(PR_CAPBSET_DROP) failed with EINVAL. Please verify your kernel is compiled with file capabilities support: Invalid argument
E/art     (12220): prctl(PR_CAPBSET_DROP) failed with EINVAL. Please verify your kernel is compiled with file capabilities support: Invalid argument
E/art     (12220): prctl(PR_CAPBSET_DROP) failed with EINVAL. Please verify your kernel is compiled with file capabilities support: Invalid argument
E/art     (12220): prctl(PR_CAPBSET_DROP) failed with EINVAL. Please verify your kernel is compiled with file capabilities support: Invalid argument
E/art     (12220): prctl(PR_CAPBSET_DROP) failed with EINVAL. Please verify your kernel is compiled with file capabilities support: Invalid argument
E/art     (12220): prctl(PR_CAPBSET_DROP) failed with EINVAL. Please verify your kernel is compiled with file capabilities support: Invalid argument
E/art     (12220): prctl(PR_CAPBSET_DROP) failed with EINVAL. Please verify your kernel is compiled with file capabilities support: Invalid argument
E/art     (12220): prctl(PR_CAPBSET_DROP) failed with EINVAL. Please verify your kernel is compiled with file capabilities support: Invalid argument
E/art     (12220): prctl(PR_CAPBSET_DROP) failed with EINVAL. Please verify your kernel is compiled with file capabilities support: Invalid argument
E/art     (12220): prctl(PR_CAPBSET_DROP) failed with EINVAL. Please verify your kernel is compiled with file capabilities support: Invalid argument
E/art     (12220): prctl(PR_CAPBSET_DROP) failed with EINVAL. Please verify your kernel is compiled with file capabilities support: Invalid argument
E/art     (12220): prctl(PR_CAPBSET_DROP) failed with EINVAL. Please verify your kernel is compiled with file capabilities support: Invalid argument
E/art     (12220): prctl(PR_CAPBSET_DROP) failed with EINVAL. Please verify your kernel is compiled with file capabilities support: Invalid argument
E/art     (12220): prctl(PR_CAPBSET_DROP) failed with EINVAL. Please verify your kernel is compiled with file capabilities support: Invalid argument
E/art     (12220): prctl(PR_CAPBSET_DROP) failed with EINVAL. Please verify your kernel is compiled with file capabilities support: Invalid argument
E/art     (12220): prctl(PR_CAPBSET_DROP) failed with EINVAL. Please verify your kernel is compiled with file capabilities support: Invalid argument
E/art     (12220): prctl(PR_CAPBSET_DROP) failed with EINVAL. Please verify your kernel is compiled with file capabilities support: Invalid argument
E/art     (12220): prctl(PR_CAPBSET_DROP) failed with EINVAL. Please verify your kernel is compiled with file capabilities support: Invalid argument
E/art     (12220): prctl(PR_CAPBSET_DROP) failed with EINVAL. Please verify your kernel is compiled with file capabilities support: Invalid argument
E/art     (12220): prctl(PR_CAPBSET_DROP) failed with EINVAL. Please verify your kernel is compiled with file capabilities support: Invalid argument
E/art     (12220): prctl(PR_CAPBSET_DROP) failed with EINVAL. Please verify your kernel is compiled with file capabilities support: Invalid argument
E/art     (12220): prctl(PR_CAPBSET_DROP) failed with EINVAL. Please verify your kernel is compiled with file capabilities support: Invalid argument
E/art     (12220): prctl(PR_CAPBSET_DROP) failed with EINVAL. Please verify your kernel is compiled with file capabilities support: Invalid argument
E/art     (12220): prctl(PR_CAPBSET_DROP) failed with EINVAL. Please verify your kernel is compiled with file capabilities support: Invalid argument
E/art     (12220): prctl(PR_CAPBSET_DROP) failed with EINVAL. Please verify your kernel is compiled with file capabilities support: Invalid argument
E/art     (12220): prctl(PR_CAPBSET_DROP) failed with EINVAL. Please verify your kernel is compiled with file capabilities support: Invalid argument
E/art     (12220): prctl(PR_CAPBSET_DROP) failed with EINVAL. Please verify your kernel is compiled with file capabilities support: Invalid argument
E/art     (12220): prctl(PR_CAPBSET_DROP) failed with EINVAL. Please verify your kernel is compiled with file capabilities support: Invalid argument
E/art     (12220): prctl(PR_CAPBSET_DROP) failed with EINVAL. Please verify your kernel is compiled with file capabilities support: Invalid argument
E/art     (12220): prctl(PR_CAPBSET_DROP) failed with EINVAL. Please verify your kernel is compiled with file capabilities support: Invalid argument
E/art     (12220): prctl(PR_CAPBSET_DROP) failed with EINVAL. Please verify your kernel is compiled with file capabilities support: Invalid argument
E/art     (12220): prctl(PR_CAPBSET_DROP) failed with EINVAL. Please verify your kernel is compiled with file capabilities support: Invalid argument
E/art     (12220): prctl(PR_CAPBSET_DROP) failed with EINVAL. Please verify your kernel is compiled with file capabilities support: Invalid argument
I/ActivityManager(  455): Start proc com.google.android.gms for service com.google.android.gms/.icing.impl.IndexService: pid=12220 uid=10000 gids={50000, 3003, 1007, 1028, 1015, 1006, 2001, 3006, 3007}
D/Icing   (12220): Default language: en
D/Icing   (12220): Init last flush num docs 1296 last docstore size 792832
D/Icing   (12220): Docid map file has data, scanning...
D/Icing   (12220): Scanning /data/data/com.google.android.gms/files/AppDataSearch/main/cur/ds.docids found 1349 documents, last docstore location 806400
D/Icing   (12220): File /data/data/com.google.android.gms/files/AppDataSearch/main/cur/ds.perdocdata contains 1349 records of size 6
D/Icing   (12220): Corpus scoring data inited successfully num corpora 4
D/Icing   (12220): Init docstore ok num docs 1349 bytes 806656
V/Icing   (12220): Lite index crc computed in 0.122ms
V/Icing   (12220): Lite index init ok in 2.258ms
D/Icing   (12220): Lite index recovered docid (1295, 1348]
V/Icing   (12220): Warming lite-index took 0.031ms
V/Icing   (12220): Warming lexicon took 0.031ms
V/Icing   (12220): Warming display mappings took 0.000ms
D/Icing   (12220): Init index ok num docs 1349
D/Icing   (12220): Init done
I/ActivityManager(  455): Resuming delayed broadcast
V/GelStubAppWatcher(12180): onReceive: android.intent.action.PACKAGE_CHANGED
W/ContextImpl(12220): Implicit intents with startService are not safe: Intent { act=com.google.android.gms.INITIALIZE } android.content.ContextWrapper.startService:494 android.content.ContextWrapper.startService:494 com.google.android.gms.init.InitializeGmsReceiver.onReceive:29 
I/ActivityManager(  455): Killing 12180:com.google.android.googlequicksearchbox:search/u0a59 (adj 11): empty #2
I/ActivityManager(  455): Delay finish: com.google.android.gms/.init.InitializeGmsReceiver
I/ActivityManager(  455): Resuming delayed broadcast
D/GCM     (  858): GcmService start Intent { act=com.google.android.gms.INITIALIZE flg=0x10 pkg=com.google.android.gms cmp=com.google.android.gms/.gcm.GcmService } com.google.android.gms.INITIALIZE
E/art     (12247): prctl(PR_CAPBSET_DROP) failed with EINVAL. Please verify your kernel is compiled with file capabilities support: Invalid argument
E/art     (12247): prctl(PR_CAPBSET_DROP) failed with EINVAL. Please verify your kernel is compiled with file capabilities support: Invalid argument
E/art     (12247): prctl(PR_CAPBSET_DROP) failed with EINVAL. Please verify your kernel is compiled with file capabilities support: Invalid argument
E/art     (12247): prctl(PR_CAPBSET_DROP) failed with EINVAL. Please verify your kernel is compiled with file capabilities support: Invalid argument
E/art     (12247): prctl(PR_CAPBSET_DROP) failed with EINVAL. Please verify your kernel is compiled with file capabilities support: Invalid argument
E/art     (12247): prctl(PR_CAPBSET_DROP) failed with EINVAL. Please verify your kernel is compiled with file capabilities support: Invalid argument
E/art     (12247): prctl(PR_CAPBSET_DROP) failed with EINVAL. Please verify your kernel is compiled with file capabilities support: Invalid argument
E/art     (12247): prctl(PR_CAPBSET_DROP) failed with EINVAL. Please verify your kernel is compiled with file capabilities support: Invalid argument
E/art     (12247): prctl(PR_CAPBSET_DROP) failed with EINVAL. Please verify your kernel is compiled with file capabilities support: Invalid argument
E/art     (12247): prctl(PR_CAPBSET_DROP) failed with EINVAL. Please verify your kernel is compiled with file capabilities support: Invalid argument
E/art     (12247): prctl(PR_CAPBSET_DROP) failed with EINVAL. Please verify your kernel is compiled with file capabilities support: Invalid argument
E/art     (12247): prctl(PR_CAPBSET_DROP) failed with EINVAL. Please verify your kernel is compiled with file capabilities support: Invalid argument
E/art     (12247): prctl(PR_CAPBSET_DROP) failed with EINVAL. Please verify your kernel is compiled with file capabilities support: Invalid argument
E/art     (12247): prctl(PR_CAPBSET_DROP) failed with EINVAL. Please verify your kernel is compiled with file capabilities support: Invalid argument
E/art     (12247): prctl(PR_CAPBSET_DROP) failed with EINVAL. Please verify your kernel is compiled with file capabilities support: Invalid argument
E/art     (12247): prctl(PR_CAPBSET_DROP) failed with EINVAL. Please verify your kernel is compiled with file capabilities support: Invalid argument
E/art     (12247): prctl(PR_CAPBSET_DROP) failed with EINVAL. Please verify your kernel is compiled with file capabilities support: Invalid argument
E/art     (12247): prctl(PR_CAPBSET_DROP) failed with EINVAL. Please verify your kernel is compiled with file capabilities support: Invalid argument
E/art     (12247): prctl(PR_CAPBSET_DROP) failed with EINVAL. Please verify your kernel is compiled with file capabilities support: Invalid argument
E/art     (12247): prctl(PR_CAPBSET_DROP) failed with EINVAL. Please verify your kernel is compiled with file capabilities support: Invalid argument
E/art     (12247): prctl(PR_CAPBSET_DROP) failed with EINVAL. Please verify your kernel is compiled with file capabilities support: Invalid argument
E/art     (12247): prctl(PR_CAPBSET_DROP) failed with EINVAL. Please verify your kernel is compiled with file capabilities support: Invalid argument
E/art     (12247): prctl(PR_CAPBSET_DROP) failed with EINVAL. Please verify your kernel is compiled with file capabilities support: Invalid argument
E/art     (12247): prctl(PR_CAPBSET_DROP) failed with EINVAL. Please verify your kernel is compiled with file capabilities support: Invalid argument
E/art     (12247): prctl(PR_CAPBSET_DROP) failed with EINVAL. Please verify your kernel is compiled with file capabilities support: Invalid argument
E/art     (12247): prctl(PR_CAPBSET_DROP) failed with EINVAL. Please verify your kernel is compiled with file capabilities support: Invalid argument
E/art     (12247): prctl(PR_CAPBSET_DROP) failed with EINVAL. Please verify your kernel is compiled with file capabilities support: Invalid argument
E/art     (12247): prctl(PR_CAPBSET_DROP) failed with EINVAL. Please verify your kernel is compiled with file capabilities support: Invalid argument
E/art     (12247): prctl(PR_CAPBSET_DROP) failed with EINVAL. Please verify your kernel is compiled with file capabilities support: Invalid argument
E/art     (12247): prctl(PR_CAPBSET_DROP) failed with EINVAL. Please verify your kernel is compiled with file capabilities support: Invalid argument
E/art     (12247): prctl(PR_CAPBSET_DROP) failed with EINVAL. Please verify your kernel is compiled with file capabilities support: Invalid argument
E/art     (12247): prctl(PR_CAPBSET_DROP) failed with EINVAL. Please verify your kernel is compiled with file capabilities support: Invalid argument
E/art     (12247): prctl(PR_CAPBSET_DROP) failed with EINVAL. Please verify your kernel is compiled with file capabilities support: Invalid argument
E/art     (12247): prctl(PR_CAPBSET_DROP) failed with EINVAL. Please verify your kernel is compiled with file capabilities support: Invalid argument
I/ActivityManager(  455): Start proc com.android.deskclock for broadcast com.android.deskclock/com.android.alarmclock.DigitalAppWidgetProvider: pid=12247 uid=10033 gids={50033, 1028, 3003}
E/Icing   (12220): Service broker callback failed
E/Icing   (12220): android.os.DeadObjectException
E/Icing   (12220): 	at android.os.BinderProxy.transact(Native Method)
E/Icing   (12220): 	at atb.a(SourceFile:102)
E/Icing   (12220): 	at chj.b(SourceFile:465)
E/Icing   (12220): 	at chj.a(SourceFile:454)
E/Icing   (12220): 	at chj.a(SourceFile:387)
E/Icing   (12220): 	at chl.run(SourceFile:440)
E/Icing   (12220): 	at android.os.Handler.handleCallback(Handler.java:733)
E/Icing   (12220): 	at android.os.Handler.dispatchMessage(Handler.java:95)
E/Icing   (12220): 	at android.os.Looper.loop(Looper.java:136)
E/Icing   (12220): 	at cfu.run(SourceFile:38)
W/ContextImpl(12220): Implicit intents with startService are not safe: Intent { act=com.google.android.gms.INITIALIZE } android.content.ContextWrapper.startService:494 android.content.ContextWrapper.startService:494 com.google.android.gms.init.InitializeGmsReceiver.onReceive:29 
I/ActivityManager(  455): Killing 12247:com.android.deskclock/u0a33 (adj 11): empty #2
I/ActivityManager(  455): Delay finish: com.google.android.gms/.init.InitializeGmsReceiver
I/ActivityManager(  455): Resuming delayed broadcast
D/GCM     (  858): GcmService start Intent { act=com.google.android.gms.INITIALIZE flg=0x10 pkg=com.google.android.gms cmp=com.google.android.gms/.gcm.GcmService } com.google.android.gms.INITIALIZE
W/art     (   83): Could not get current activity
E/art     (12263): prctl(PR_CAPBSET_DROP) failed with EINVAL. Please verify your kernel is compiled with file capabilities support: Invalid argument
E/art     (12263): prctl(PR_CAPBSET_DROP) failed with EINVAL. Please verify your kernel is compiled with file capabilities support: Invalid argument
E/art     (12263): prctl(PR_CAPBSET_DROP) failed with EINVAL. Please verify your kernel is compiled with file capabilities support: Invalid argument
E/art     (12263): prctl(PR_CAPBSET_DROP) failed with EINVAL. Please verify your kernel is compiled with file capabilities support: Invalid argument
E/art     (12263): prctl(PR_CAPBSET_DROP) failed with EINVAL. Please verify your kernel is compiled with file capabilities support: Invalid argument
E/art     (12263): prctl(PR_CAPBSET_DROP) failed with EINVAL. Please verify your kernel is compiled with file capabilities support: Invalid argument
E/art     (12263): prctl(PR_CAPBSET_DROP) failed with EINVAL. Please verify your kernel is compiled with file capabilities support: Invalid argument
E/art     (12263): prctl(PR_CAPBSET_DROP) failed with EINVAL. Please verify your kernel is compiled with file capabilities support: Invalid argument
E/art     (12263): prctl(PR_CAPBSET_DROP) failed with EINVAL. Please verify your kernel is compiled with file capabilities support: Invalid argument
E/art     (12263): prctl(PR_CAPBSET_DROP) failed with EINVAL. Please verify your kernel is compiled with file capabilities support: Invalid argument
E/art     (12263): prctl(PR_CAPBSET_DROP) failed with EINVAL. Please verify your kernel is compiled with file capabilities support: Invalid argument
E/art     (12263): prctl(PR_CAPBSET_DROP) failed with EINVAL. Please verify your kernel is compiled with file capabilities support: Invalid argument
E/art     (12263): prctl(PR_CAPBSET_DROP) failed with EINVAL. Please verify your kernel is compiled with file capabilities support: Invalid argument
E/art     (12263): prctl(PR_CAPBSET_DROP) failed with EINVAL. Please verify your kernel is compiled with file capabilities support: Invalid argument
E/art     (12263): prctl(PR_CAPBSET_DROP) failed with EINVAL. Please verify your kernel is compiled with file capabilities support: Invalid argument
E/art     (12263): prctl(PR_CAPBSET_DROP) failed with EINVAL. Please verify your kernel is compiled with file capabilities support: Invalid argument
E/art     (12263): prctl(PR_CAPBSET_DROP) failed with EINVAL. Please verify your kernel is compiled with file capabilities support: Invalid argument
E/art     (12263): prctl(PR_CAPBSET_DROP) failed with EINVAL. Please verify your kernel is compiled with file capabilities support: Invalid argument
E/art     (12263): prctl(PR_CAPBSET_DROP) failed with EINVAL. Please verify your kernel is compiled with file capabilities support: Invalid argument
E/art     (12263): prctl(PR_CAPBSET_DROP) failed with EINVAL. Please verify your kernel is compiled with file capabilities support: Invalid argument
E/art     (12263): prctl(PR_CAPBSET_DROP) failed with EINVAL. Please verify your kernel is compiled with file capabilities support: Invalid argument
E/art     (12263): prctl(PR_CAPBSET_DROP) failed with EINVAL. Please verify your kernel is compiled with file capabilities support: Invalid argument
E/art     (12263): prctl(PR_CAPBSET_DROP) failed with EINVAL. Please verify your kernel is compiled with file capabilities support: Invalid argument
E/art     (12263): prctl(PR_CAPBSET_DROP) failed with EINVAL. Please verify your kernel is compiled with file capabilities support: Invalid argument
E/art     (12263): prctl(PR_CAPBSET_DROP) failed with EINVAL. Please verify your kernel is compiled with file capabilities support: Invalid argument
E/art     (12263): prctl(PR_CAPBSET_DROP) failed with EINVAL. Please verify your kernel is compiled with file capabilities support: Invalid argument
E/art     (12263): prctl(PR_CAPBSET_DROP) failed with EINVAL. Please verify your kernel is compiled with file capabilities support: Invalid argument
E/art     (12263): prctl(PR_CAPBSET_DROP) failed with EINVAL. Please verify your kernel is compiled with file capabilities support: Invalid argument
E/art     (12263): prctl(PR_CAPBSET_DROP) failed with EINVAL. Please verify your kernel is compiled with file capabilities support: Invalid argument
E/art     (12263): prctl(PR_CAPBSET_DROP) failed with EINVAL. Please verify your kernel is compiled with file capabilities support: Invalid argument
E/art     (12263): prctl(PR_CAPBSET_DROP) failed with EINVAL. Please verify your kernel is compiled with file capabilities support: Invalid argument
E/art     (12263): prctl(PR_CAPBSET_DROP) failed with EINVAL. Please verify your kernel is compiled with file capabilities support: Invalid argument
E/art     (12263): prctl(PR_CAPBSET_DROP) failed with EINVAL. Please verify your kernel is compiled with file capabilities support: Invalid argument
E/art     (12263): prctl(PR_CAPBSET_DROP) failed with EINVAL. Please verify your kernel is compiled with file capabilities support: Invalid argument
I/ActivityManager(  455): Start proc com.google.android.googlequicksearchbox:search for content provider com.google.android.googlequicksearchbox/com.google.android.search.core.summons.icing.InternalIcingCorporaProvider: pid=12263 uid=10059 gids={50059, 3003, 1028, 3002, 1015}
E/art     (12281): prctl(PR_CAPBSET_DROP) failed with EINVAL. Please verify your kernel is compiled with file capabilities support: Invalid argument
E/art     (12281): prctl(PR_CAPBSET_DROP) failed with EINVAL. Please verify your kernel is compiled with file capabilities support: Invalid argument
E/art     (12281): prctl(PR_CAPBSET_DROP) failed with EINVAL. Please verify your kernel is compiled with file capabilities support: Invalid argument
E/art     (12281): prctl(PR_CAPBSET_DROP) failed with EINVAL. Please verify your kernel is compiled with file capabilities support: Invalid argument
E/art     (12281): prctl(PR_CAPBSET_DROP) failed with EINVAL. Please verify your kernel is compiled with file capabilities support: Invalid argument
E/art     (12281): prctl(PR_CAPBSET_DROP) failed with EINVAL. Please verify your kernel is compiled with file capabilities support: Invalid argument
E/art     (12281): prctl(PR_CAPBSET_DROP) failed with EINVAL. Please verify your kernel is compiled with file capabilities support: Invalid argument
E/art     (12281): prctl(PR_CAPBSET_DROP) failed with EINVAL. Please verify your kernel is compiled with file capabilities support: Invalid argument
E/art     (12281): prctl(PR_CAPBSET_DROP) failed with EINVAL. Please verify your kernel is compiled with file capabilities support: Invalid argument
E/art     (12281): prctl(PR_CAPBSET_DROP) failed with EINVAL. Please verify your kernel is compiled with file capabilities support: Invalid argument
E/art     (12281): prctl(PR_CAPBSET_DROP) failed with EINVAL. Please verify your kernel is compiled with file capabilities support: Invalid argument
E/art     (12281): prctl(PR_CAPBSET_DROP) failed with EINVAL. Please verify your kernel is compiled with file capabilities support: Invalid argument
E/art     (12281): prctl(PR_CAPBSET_DROP) failed with EINVAL. Please verify your kernel is compiled with file capabilities support: Invalid argument
E/art     (12281): prctl(PR_CAPBSET_DROP) failed with EINVAL. Please verify your kernel is compiled with file capabilities support: Invalid argument
E/art     (12281): prctl(PR_CAPBSET_DROP) failed with EINVAL. Please verify your kernel is compiled with file capabilities support: Invalid argument
E/art     (12281): prctl(PR_CAPBSET_DROP) failed with EINVAL. Please verify your kernel is compiled with file capabilities support: Invalid argument
E/art     (12281): prctl(PR_CAPBSET_DROP) failed with EINVAL. Please verify your kernel is compiled with file capabilities support: Invalid argument
E/art     (12281): prctl(PR_CAPBSET_DROP) failed with EINVAL. Please verify your kernel is compiled with file capabilities support: Invalid argument
E/art     (12281): prctl(PR_CAPBSET_DROP) failed with EINVAL. Please verify your kernel is compiled with file capabilities support: Invalid argument
E/art     (12281): prctl(PR_CAPBSET_DROP) failed with EINVAL. Please verify your kernel is compiled with file capabilities support: Invalid argument
E/art     (12281): prctl(PR_CAPBSET_DROP) failed with EINVAL. Please verify your kernel is compiled with file capabilities support: Invalid argument
E/art     (12281): prctl(PR_CAPBSET_DROP) failed with EINVAL. Please verify your kernel is compiled with file capabilities support: Invalid argument
E/art     (12281): prctl(PR_CAPBSET_DROP) failed with EINVAL. Please verify your kernel is compiled with file capabilities support: Invalid argument
E/art     (12281): prctl(PR_CAPBSET_DROP) failed with EINVAL. Please verify your kernel is compiled with file capabilities support: Invalid argument
E/art     (12281): prctl(PR_CAPBSET_DROP) failed with EINVAL. Please verify your kernel is compiled with file capabilities support: Invalid argument
E/art     (12281): prctl(PR_CAPBSET_DROP) failed with EINVAL. Please verify your kernel is compiled with file capabilities support: Invalid argument
E/art     (12281): prctl(PR_CAPBSET_DROP) failed with EINVAL. Please verify your kernel is compiled with file capabilities support: Invalid argument
I/ActivityManager(  455): Start proc com.google.android.partnersetup for content provider com.google.android.partnersetup/.RlzAppProvider: pid=12281 uid=10010 gids={50010, 3003}
E/art     (12281): prctl(PR_CAPBSET_DROP) failed with EINVAL. Please verify your kernel is compiled with file capabilities support: Invalid argument
E/art     (12281): prctl(PR_CAPBSET_DROP) failed with EINVAL. Please verify your kernel is compiled with file capabilities support: Invalid argument
E/art     (12281): prctl(PR_CAPBSET_DROP) failed with EINVAL. Please verify your kernel is compiled with file capabilities support: Invalid argument
E/art     (12281): prctl(PR_CAPBSET_DROP) failed with EINVAL. Please verify your kernel is compiled with file capabilities support: Invalid argument
E/art     (12281): prctl(PR_CAPBSET_DROP) failed with EINVAL. Please verify your kernel is compiled with file capabilities support: Invalid argument
E/art     (12281): prctl(PR_CAPBSET_DROP) failed with EINVAL. Please verify your kernel is compiled with file capabilities support: Invalid argument
E/art     (12281): prctl(PR_CAPBSET_DROP) failed with EINVAL. Please verify your kernel is compiled with file capabilities support: Invalid argument
I/art     (  455): Heap trim of managed (duration=39.764405ms, advised=172KB) and native (duration=4.272461ms, advised=1120KB) heaps. Managed heap utilization of 88%.
I/art     (  858): Heap trim of managed (duration=4.119873ms, advised=64KB) and native (duration=2.288818ms, advised=888KB) heaps. Managed heap utilization of 77%.
I/ActivityManager(  455): Killing 12281:com.google.android.partnersetup/u0a10 (adj 11): empty #2
I/ActivityManager(  455): Killing 12263:com.google.android.googlequicksearchbox:search/u0a59 (adj 11): empty #2
I/ActivityThread(12220): Removing dead content provider:android.content.ContentProviderProxy@64aa5f60
E/Icing   (12220): Cursor call threw an exception
E/Icing   (12220): android.os.DeadObjectException
E/Icing   (12220): 	at android.os.BinderProxy.transact(Native Method)
E/Icing   (12220): 	at android.content.ContentProviderProxy.query(ContentProviderNative.java:411)
E/Icing   (12220): 	at android.content.ContentProviderClient.query(ContentProviderClient.java:128)
E/Icing   (12220): 	at android.content.ContentProviderClient.query(ContentProviderClient.java:114)
E/Icing   (12220): 	at cia.a(SourceFile:46)
E/Icing   (12220): 	at cfw.a(SourceFile:242)
E/Icing   (12220): 	at cfw.a(SourceFile:194)
E/Icing   (12220): 	at cgg.a(SourceFile:2842)
E/Icing   (12220): 	at cgg.b(SourceFile:158)
E/Icing   (12220): 	at cgu.a(SourceFile:2769)
E/Icing   (12220): 	at chh.run(SourceFile:287)
E/Icing   (12220): 	at android.os.Handler.handleCallback(Handler.java:733)
E/Icing   (12220): 	at android.os.Handler.dispatchMessage(Handler.java:95)
E/Icing   (12220): 	at android.os.Looper.loop(Looper.java:136)
E/Icing   (12220): 	at cfu.run(SourceFile:38)
E/Icing   (12220): Aborting indexing of corpus CBE8612290A262A3ECD6F9116D9943FA3740C886
I/ActivityManager(  455): Killing 12220:com.google.android.gms/u0a0 (adj 11): empty #2
I/PowerManagerService(  455): Nap time...
I/PowerManagerService(  455): Going to sleep due to screen timeout...
D/SurfaceFlinger(   82): Screen released, type=0 flinger=0x2a007450
I/art     (  534): Heap trim of managed (duration=7.934570ms, advised=244KB) and native (duration=26.397706ms, advised=4KB) heaps. Managed heap utilization of 75%.
I/Choreographer(  534): Skipped 61 frames!  The application may be doing too much work on its main thread.
D/PhoneStatusBar(  534): disable: < EXPAND* icons alerts TICKER* system_info BACK* HOME* RECENT* CLOCK* search >
I/PowerManagerService(  455): Waking up from sleep...
I/WindowManager(  455): Lock screen displayed!
D/SurfaceFlinger(   82): Screen acquired, type=0 flinger=0x2a007450
I/art     (  534): Heap trim of managed (duration=17.059327ms, advised=304KB) and native (duration=3.173828ms, advised=28KB) heaps. Managed heap utilization of 69%.
W/ActivityManager(  455): getAssistContextExtras failed: no resumed activity
I/art     ( 1998): Heap trim of managed (duration=1.770020ms, advised=200KB) and native (duration=3.143310ms, advised=304KB) heaps. Managed heap utilization of 44%.
D/PhoneStatusBar(  534): disable: < expand* icons alerts ticker* system_info back* home* recent* clock* search >
I/ActivityManager(12038): Timeline: Activity_idle id: android.os.BinderProxy@64908e30 time:732504
W/InputMethodManagerService(  455): Window already focused, ignoring focus gain of: com.android.internal.view.IInputMethodClient$Stub$Proxy@64db9168 attribute=android.view.inputmethod.EditorInfo@64d200b8, token = android.os.BinderProxy@64ef1b98
V/PhoneStatusBar(  534): setLightsOn(true)
W/InputMethodManagerService(  455): Window already focused, ignoring focus gain of: com.android.internal.view.IInputMethodClient$Stub$Proxy@64cb5c28 attribute=null, token = android.os.BinderProxy@64ef1b98
W/ActivityManager(  455): Duplicate finish request for ActivityRecord{64cfb710 u0 jackpal.androidterm/.Term t5 f}
W/IInputConnectionWrapper(12038): showStatusIcon on inactive InputConnection
I/ActivityManager(  752): Timeline: Activity_idle id: android.os.BinderProxy@649097b8 time:736868
I/ActivityManager(  455): Timeline: Activity_windows_visible id: ActivityRecord{64e607b0 u0 com.teslacoilsw.launcher/com.android.launcher2.Launcher t1} time:736870
I/ActivityManager(  455): Killing 12038:jackpal.androidterm/u0a74 (adj 11): empty #2
I/ActivityManager(  752): Timeline: Activity_launch_request id:com.estrongs.android.pop time:744194
I/ActivityManager(  455): START u0 {act=android.intent.action.MAIN cat=[android.intent.category.LAUNCHER] flg=0x10200000 cmp=com.estrongs.android.pop/.view.FileExplorerActivity bnds=[240,400][240,400]} from pid 752
W/art     (   83): Could not get current activity
E/art     (12317): prctl(PR_CAPBSET_DROP) failed with EINVAL. Please verify your kernel is compiled with file capabilities support: Invalid argument
E/art     (12317): prctl(PR_CAPBSET_DROP) failed with EINVAL. Please verify your kernel is compiled with file capabilities support: Invalid argument
E/art     (12317): prctl(PR_CAPBSET_DROP) failed with EINVAL. Please verify your kernel is compiled with file capabilities support: Invalid argument
E/art     (12317): prctl(PR_CAPBSET_DROP) failed with EINVAL. Please verify your kernel is compiled with file capabilities support: Invalid argument
E/art     (12317): prctl(PR_CAPBSET_DROP) failed with EINVAL. Please verify your kernel is compiled with file capabilities support: Invalid argument
E/art     (12317): prctl(PR_CAPBSET_DROP) failed with EINVAL. Please verify your kernel is compiled with file capabilities support: Invalid argument
E/art     (12317): prctl(PR_CAPBSET_DROP) failed with EINVAL. Please verify your kernel is compiled with file capabilities support: Invalid argument
E/art     (12317): prctl(PR_CAPBSET_DROP) failed with EINVAL. Please verify your kernel is compiled with file capabilities support: Invalid argument
E/art     (12317): prctl(PR_CAPBSET_DROP) failed with EINVAL. Please verify your kernel is compiled with file capabilities support: Invalid argument
E/art     (12317): prctl(PR_CAPBSET_DROP) failed with EINVAL. Please verify your kernel is compiled with file capabilities support: Invalid argument
E/art     (12317): prctl(PR_CAPBSET_DROP) failed with EINVAL. Please verify your kernel is compiled with file capabilities support: Invalid argument
E/art     (12317): prctl(PR_CAPBSET_DROP) failed with EINVAL. Please verify your kernel is compiled with file capabilities support: Invalid argument
E/art     (12317): prctl(PR_CAPBSET_DROP) failed with EINVAL. Please verify your kernel is compiled with file capabilities support: Invalid argument
E/art     (12317): prctl(PR_CAPBSET_DROP) failed with EINVAL. Please verify your kernel is compiled with file capabilities support: Invalid argument
E/art     (12317): prctl(PR_CAPBSET_DROP) failed with EINVAL. Please verify your kernel is compiled with file capabilities support: Invalid argument
E/art     (12317): prctl(PR_CAPBSET_DROP) failed with EINVAL. Please verify your kernel is compiled with file capabilities support: Invalid argument
E/art     (12317): prctl(PR_CAPBSET_DROP) failed with EINVAL. Please verify your kernel is compiled with file capabilities support: Invalid argument
E/art     (12317): prctl(PR_CAPBSET_DROP) failed with EINVAL. Please verify your kernel is compiled with file capabilities support: Invalid argument
E/art     (12317): prctl(PR_CAPBSET_DROP) failed with EINVAL. Please verify your kernel is compiled with file capabilities support: Invalid argument
E/art     (12317): prctl(PR_CAPBSET_DROP) failed with EINVAL. Please verify your kernel is compiled with file capabilities support: Invalid argument
E/art     (12317): prctl(PR_CAPBSET_DROP) failed with EINVAL. Please verify your kernel is compiled with file capabilities support: Invalid argument
E/art     (12317): prctl(PR_CAPBSET_DROP) failed with EINVAL. Please verify your kernel is compiled with file capabilities support: Invalid argument
E/art     (12317): prctl(PR_CAPBSET_DROP) failed with EINVAL. Please verify your kernel is compiled with file capabilities support: Invalid argument
E/art     (12317): prctl(PR_CAPBSET_DROP) failed with EINVAL. Please verify your kernel is compiled with file capabilities support: Invalid argument
E/art     (12317): prctl(PR_CAPBSET_DROP) failed with EINVAL. Please verify your kernel is compiled with file capabilities support: Invalid argument
E/art     (12317): prctl(PR_CAPBSET_DROP) failed with EINVAL. Please verify your kernel is compiled with file capabilities support: Invalid argument
E/art     (12317): prctl(PR_CAPBSET_DROP) failed with EINVAL. Please verify your kernel is compiled with file capabilities support: Invalid argument
E/art     (12317): prctl(PR_CAPBSET_DROP) failed with EINVAL. Please verify your kernel is compiled with file capabilities support: Invalid argument
E/art     (12317): prctl(PR_CAPBSET_DROP) failed with EINVAL. Please verify your kernel is compiled with file capabilities support: Invalid argument
E/art     (12317): prctl(PR_CAPBSET_DROP) failed with EINVAL. Please verify your kernel is compiled with file capabilities support: Invalid argument
E/art     (12317): prctl(PR_CAPBSET_DROP) failed with EINVAL. Please verify your kernel is compiled with file capabilities support: Invalid argument
E/art     (12317): prctl(PR_CAPBSET_DROP) failed with EINVAL. Please verify your kernel is compiled with file capabilities support: Invalid argument
E/art     (12317): prctl(PR_CAPBSET_DROP) failed with EINVAL. Please verify your kernel is compiled with file capabilities support: Invalid argument
E/art     (12317): prctl(PR_CAPBSET_DROP) failed with EINVAL. Please verify your kernel is compiled with file capabilities support: Invalid argument
I/ActivityManager(  455): Start proc com.estrongs.android.pop for activity com.estrongs.android.pop/.view.FileExplorerActivity: pid=12317 uid=10067 gids={50067, 3003, 3002, 3001, 1028, 1015}
W/System.err(12317): java.lang.NoSuchMethodException: setCompatibilityInfo [class android.content.res.CompatibilityInfo$1]
W/System.err(12317): 	at java.lang.Class.getMethod(Class.java:661)
W/System.err(12317): 	at java.lang.Class.getMethod(Class.java:640)
W/System.err(12317): 	at com.estrongs.android.util.aj.a(Unknown Source)
W/System.err(12317): 	at com.estrongs.android.util.aj.a(Unknown Source)
W/System.err(12317): 	at com.estrongs.android.pop.esclasses.i.<init>(Unknown Source)
W/System.err(12317): 	at com.estrongs.android.pop.esclasses.i.a(Unknown Source)
W/System.err(12317): 	at com.estrongs.android.pop.FexApplication.getResources(Unknown Source)
W/System.err(12317): 	at com.estrongs.android.ui.d.a.a(Unknown Source)
W/System.err(12317): 	at com.estrongs.android.pop.FexApplication.onCreate(Unknown Source)
W/System.err(12317): 	at android.app.Instrumentation.callApplicationOnCreate(Instrumentation.java:1007)
W/System.err(12317): 	at android.app.ActivityThread.handleBindApplication(ActivityThread.java:4443)
W/System.err(12317): 	at android.app.ActivityThread.access$1500(ActivityThread.java:145)
W/System.err(12317): 	at android.app.ActivityThread$H.handleMessage(ActivityThread.java:1266)
W/System.err(12317): 	at android.os.Handler.dispatchMessage(Handler.java:102)
W/System.err(12317): 	at android.os.Looper.loop(Looper.java:136)
W/System.err(12317): 	at android.app.ActivityThread.main(ActivityThread.java:5116)
W/System.err(12317): 	at java.lang.reflect.Method.invoke(Native Method)
W/System.err(12317): 	at com.android.internal.os.ZygoteInit$MethodAndArgsCaller.run(ZygoteInit.java:781)
W/System.err(12317): 	at com.android.internal.os.ZygoteInit.main(ZygoteInit.java:597)
E/ObjectHelper(12317): Can't find method:setCompatibilityInfo
D/BluetoothManagerService(  455): Message: 20
D/BluetoothManagerService(  455): Added callback: android.bluetooth.IBluetoothManagerCallback$Stub$Proxy@64f6f500:true
W/ResourceType(12317): No package identifier when getting value for resource number 0x00000000
W/ResourceType(12317): No package identifier when getting value for resource number 0x00000000
W/ResourceType(12317): No package identifier when getting value for resource number 0x00000000
W/ResourceType(12317): No package identifier when getting value for resource number 0x00000000
W/ResourceType(12317): No package identifier when getting value for resource number 0x00000000
W/ResourceType(12317): No package identifier when getting value for resource number 0x00000000
W/PhoneWindow(12317): Previously focused view reported id 2131230733 during save, but can't be found during restore.
I/art     (12317): GcCauseBackground partial concurrent mark sweep GC freed 9396(647KB) AllocSpace objects, 2(32KB) LOS objects, 24% free, 2MB/3MB, paused 6.195ms total 60.211ms
I/Adreno200-EGL(12317): <qeglDrvAPI_eglInitialize:294>: EGL 1.4 QUALCOMM build: AU_LINUX_ANDROID_JB.04.01.01.00.036_msm8960_JB_CL2644550_release_AU (CL2644550)
I/Adreno200-EGL(12317): Build Date: 07/31/12 Tue
I/Adreno200-EGL(12317): Local Branch: 
I/Adreno200-EGL(12317): Remote Branch: quic/master
I/Adreno200-EGL(12317): Local Patches: NONE
I/Adreno200-EGL(12317): Reconstruct Branch: AU_LINUX_ANDROID_JB.04.01.01.00.036 +  NOTHING
D/OpenGLRenderer(12317): Enabling debug mode 0
I/ActivityManager(  455): Displayed com.estrongs.android.pop/.view.FileExplorerActivity: +1s480ms
I/ActivityManager(  455): Timeline: Activity_windows_visible id: ActivityRecord{64ca9258 u0 com.estrongs.android.pop/.view.FileExplorerActivity t3} time:745704
W/ResourceType(12317): No package identifier when getting value for resource number 0x00000000
W/ResourceType(12317): No package identifier when getting value for resource number 0x00000000
W/ResourceType(12317): No package identifier when getting value for resource number 0x00000000
W/ResourceType(12317): No package identifier when getting value for resource number 0x00000000
W/ResourceType(12317): No package identifier when getting value for resource number 0x00000000
W/ResourceType(12317): No package identifier when getting value for resource number 0x00000000
W/ResourceType(12317): No package identifier when getting value for resource number 0x00000000
W/ResourceType(12317): No package identifier when getting value for resource number 0x00000000
W/ResourceType(12317): No package identifier when getting value for resource number 0x00000000
W/ResourceType(12317): No package identifier when getting value for resource number 0x00000000
W/ResourceType(12317): No package identifier when getting value for resource number 0x00000000
W/ResourceType(12317): No package identifier when getting value for resource number 0x00000000
W/ResourceType(12317): No package identifier when getting value for resource number 0x00000000
W/ResourceType(12317): No package identifier when getting value for resource number 0x00000000
W/ResourceType(12317): No package identifier when getting value for resource number 0x00000000
W/ResourceType(12317): No package identifier when getting value for resource number 0x00000000
W/ResourceType(12317): No package identifier when getting value for resource number 0x00000000
W/ResourceType(12317): No package identifier when getting value for resource number 0x00000000
W/ResourceType(12317): No package identifier when getting value for resource number 0x00000000
W/ResourceType(12317): No package identifier when getting value for resource number 0x00000000
W/ResourceType(12317): No package identifier when getting value for resource number 0x00000000
W/ResourceType(12317): No package identifier when getting value for resource number 0x00000000
W/ResourceType(12317): No package identifier when getting value for resource number 0x00000000
W/ResourceType(12317): No package identifier when getting value for resource number 0x00000000
W/ResourceType(12317): No package identifier when getting value for resource number 0x00000000
W/ResourceType(12317): No package identifier when getting value for resource number 0x00000000
W/ResourceType(12317): No package identifier when getting value for resource number 0x00000000
W/ResourceType(12317): No package identifier when getting value for resource number 0x00000000
W/ResourceType(12317): No package identifier when getting value for resource number 0x00000000
W/ResourceType(12317): No package identifier when getting value for resource number 0x00000000
W/ResourceType(12317): No package identifier when getting value for resource number 0x00000000
W/ResourceType(12317): No package identifier when getting value for resource number 0x00000000
W/ResourceType(12317): No package identifier when getting value for resource number 0x00000000
W/ResourceType(12317): No package identifier when getting value for resource number 0x00000000
W/ResourceType(12317): No package identifier when getting value for resource number 0x00000000
W/ResourceType(12317): No package identifier when getting value for resource number 0x00000000
W/ResourceType(12317): No package identifier when getting value for resource number 0x00000000
W/ResourceType(12317): No package identifier when getting value for resource number 0x00000000
W/ResourceType(12317): No package identifier when getting value for resource number 0x00000000
W/ResourceType(12317): No package identifier when getting value for resource number 0x00000000
W/ResourceType(12317): No package identifier when getting value for resource number 0x00000000
W/ResourceType(12317): No package identifier when getting value for resource number 0x00000000
W/ResourceType(12317): No package identifier when getting value for resource number 0x00000000
W/ResourceType(12317): No package identifier when getting value for resource number 0x00000000
W/ResourceType(12317): No package identifier when getting value for resource number 0x00000000
I/art     (12317): GcCauseBackground sticky partial concurrent mark sweep GC freed 5289(376KB) AllocSpace objects, 4(64KB) LOS objects, 12% free, 3MB/4MB, paused 27.618ms total 116.882ms
I/ActivityManager(12317): Timeline: Activity_idle id: android.os.BinderProxy@649096e0 time:746951
W/ResourceType(12317): No package identifier when getting value for resource number 0x00000000
W/ResourceType(12317): No package identifier when getting value for resource number 0x00000000
W/ResourceType(12317): No package identifier when getting value for resource number 0x00000000
W/ResourceType(12317): No package identifier when getting value for resource number 0x00000000
I/art     (12317): GcCauseBackground partial concurrent mark sweep GC freed 2154(118KB) AllocSpace objects, 4(70KB) LOS objects, 7% free, 3MB/4MB, paused 9.490ms total 63.049ms
I/ActivityManager(12317): Timeline: Activity_launch_request id:com.estrongs.android.pop time:759271
I/ActivityManager(  455): START u0 {cmp=com.estrongs.android.pop/.app.OpenRecomm (has extras)} from pid 12317
W/ResourceType(12317): No package identifier when getting value for resource number 0x00000000
W/ResourceType(12317): No package identifier when getting value for resource number 0x00000000
W/ResourceType(12317): No package identifier when getting value for resource number 0x00000000
W/ResourceType(12317): No package identifier when getting value for resource number 0x00000000
W/ResourceType(12317): No package identifier when getting value for resource number 0x00000000
W/ResourceType(12317): No package identifier when getting value for resource number 0x00000000
W/ResourceType(12317): No package identifier when getting value for resource number 0x00000000
W/ResourceType(12317): No package identifier when getting value for resource number 0x00000000
I/ActivityManager(  455): Displayed com.estrongs.android.pop/.app.OpenRecomm: +593ms
I/ActivityManager(  455): Timeline: Activity_windows_visible id: ActivityRecord{64ef1918 u0 com.estrongs.android.pop/.app.OpenRecomm t3} time:759954
