--------- beginning of /dev/log/system
I/ActivityManager(  455): Killing 9200:com.google.android.gm/u0a62 (adj 11): empty #2
I/ActivityManager(  455): Delay finish: com.google.android.gms/.init.InitializeGmsReceiver
I/ActivityManager(  455): Resuming delayed broadcast
I/ActivityManager(  455): Killing 9225:com.android.mms/u0a19 (adj 11): empty #2
I/ActivityManager(  455): Start proc com.google.android.gm for broadcast com.google.android.gm/.MailIntentReceiver: pid=9274 uid=10062 gids={50062, 3003, 1028, 1015}
D/ActivityThread( 9274): com.google.android.gm black listed for hwui
D/ActivityThread( 9274): Loading provider com.android.gmail.ui: com.google.android.gm.provider.GmailProvider
I/ActivityManager(  455): Delay finish: com.google.android.gm/.MailIntentReceiver
I/ActivityManager(  455): Resuming delayed broadcast
I/ActivityManager(  455): Start proc com.android.mms for broadcast com.android.mms/.transaction.SmsReceiver: pid=9296 uid=10019 gids={50019, 3003, 1028, 1015}
I/ActivityManager(  455): Killing 9254:com.google.android.gms/u0a0 (adj 11): empty #2
I/ActivityManager(  455): Delay finish: com.android.mms/.transaction.SmsReceiver
I/ActivityManager(  455): Resuming delayed broadcast
I/ActivityManager(  455): Start proc com.google.android.gms for broadcast com.google.android.gms/.init.InitializeGmsReceiver: pid=9328 uid=10000 gids={50000, 3003, 1007, 1028, 1015, 1006, 2001, 3006, 3007}
I/ActivityManager(  455): Killing 9274:com.google.android.gm/u0a62 (adj 11): empty #2
I/ActivityManager(  455): Delay finish: com.google.android.gms/.init.InitializeGmsReceiver
I/ActivityManager(  455): Resuming delayed broadcast
I/ActivityManager(  455): Killing 9296:com.android.mms/u0a19 (adj 11): empty #2
I/ActivityManager(  455): Start proc com.google.android.gm for broadcast com.google.android.gm/.MailIntentReceiver: pid=9348 uid=10062 gids={50062, 3003, 1028, 1015}
D/ActivityThread( 9348): com.google.android.gm black listed for hwui
D/ActivityThread( 9348): Loading provider com.android.gmail.ui: com.google.android.gm.provider.GmailProvider
I/ActivityManager(  455): Delay finish: com.google.android.gm/.MailIntentReceiver
I/ActivityManager(  455): Resuming delayed broadcast
I/ActivityManager(  455): Start proc com.android.mms for broadcast com.android.mms/.transaction.SmsReceiver: pid=9370 uid=10019 gids={50019, 3003, 1028, 1015}
I/ActivityManager(  455): Killing 9328:com.google.android.gms/u0a0 (adj 11): empty #2
I/ActivityManager(  455): Delay finish: com.android.mms/.transaction.SmsReceiver
I/ActivityManager(  455): Resuming delayed broadcast
I/ActivityManager(  455): Start proc com.google.android.gms for broadcast com.google.android.gms/.init.InitializeGmsReceiver: pid=9399 uid=10000 gids={50000, 3003, 1007, 1028, 1015, 1006, 2001, 3006, 3007}
I/ActivityManager(  455): Killing 9348:com.google.android.gm/u0a62 (adj 11): empty #2
I/ActivityManager(  455): Delay finish: com.google.android.gms/.init.InitializeGmsReceiver
I/ActivityManager(  455): Resuming delayed broadcast
I/ActivityManager(  455): Killing 9370:com.android.mms/u0a19 (adj 11): empty #2
I/ActivityManager(  455): Start proc com.google.android.gm for broadcast com.google.android.gm/.MailIntentReceiver: pid=9419 uid=10062 gids={50062, 3003, 1028, 1015}
D/ActivityThread( 9419): com.google.android.gm black listed for hwui
D/ActivityThread( 9419): Loading provider com.android.gmail.ui: com.google.android.gm.provider.GmailProvider
I/ActivityManager(  455): Delay finish: com.google.android.gm/.MailIntentReceiver
I/ActivityManager(  455): Resuming delayed broadcast
I/ActivityManager(  455): Start proc com.android.mms for broadcast com.android.mms/.transaction.SmsReceiver: pid=9441 uid=10019 gids={50019, 3003, 1028, 1015}
I/ActivityManager(  455): Killing 9399:com.google.android.gms/u0a0 (adj 11): empty #2
I/ActivityManager(  455): Delay finish: com.android.mms/.transaction.SmsReceiver
I/ActivityManager(  455): Resuming delayed broadcast
I/ActivityManager(  455): Start proc com.google.android.gms for broadcast com.google.android.gms/.init.InitializeGmsReceiver: pid=9470 uid=10000 gids={50000, 3003, 1007, 1028, 1015, 1006, 2001, 3006, 3007}
I/ActivityManager(  455): Killing 9419:com.google.android.gm/u0a62 (adj 11): empty #2
I/ActivityManager(  455): Delay finish: com.google.android.gms/.init.InitializeGmsReceiver
I/ActivityManager(  455): Resuming delayed broadcast
I/ActivityManager(  455): Killing 9441:com.android.mms/u0a19 (adj 11): empty #2
I/ActivityManager(  455): Start proc com.google.android.gm for broadcast com.google.android.gm/.MailIntentReceiver: pid=9490 uid=10062 gids={50062, 3003, 1028, 1015}
D/ActivityThread( 9490): com.google.android.gm black listed for hwui
D/ActivityThread( 9490): Loading provider com.android.gmail.ui: com.google.android.gm.provider.GmailProvider
I/ActivityManager(  455): Delay finish: com.google.android.gm/.MailIntentReceiver
I/ActivityManager(  455): Resuming delayed broadcast
I/ActivityManager(  455): Start proc com.android.mms for broadcast com.android.mms/.transaction.SmsReceiver: pid=9512 uid=10019 gids={50019, 3003, 1028, 1015}
I/ActivityManager(  455): Killing 9470:com.google.android.gms/u0a0 (adj 11): empty #2
I/ActivityManager(  455): Delay finish: com.android.mms/.transaction.SmsReceiver
I/ActivityManager(  455): Resuming delayed broadcast
I/ActivityManager(  455): Start proc com.google.android.gms for broadcast com.google.android.gms/.init.InitializeGmsReceiver: pid=9542 uid=10000 gids={50000, 3003, 1007, 1028, 1015, 1006, 2001, 3006, 3007}
I/ActivityManager(  455): Killing 9490:com.google.android.gm/u0a62 (adj 11): empty #2
I/ActivityManager(  455): Delay finish: com.google.android.gms/.init.InitializeGmsReceiver
I/ActivityManager(  455): Resuming delayed broadcast
I/ActivityManager(  455): Killing 9512:com.android.mms/u0a19 (adj 11): empty #2
I/ActivityManager(  455): Start proc com.google.android.gm for broadcast com.google.android.gm/.MailIntentReceiver: pid=9562 uid=10062 gids={50062, 3003, 1028, 1015}
D/ActivityThread( 9562): com.google.android.gm black listed for hwui
D/ActivityThread( 9562): Loading provider com.android.gmail.ui: com.google.android.gm.provider.GmailProvider
I/ActivityManager(  455): Delay finish: com.google.android.gm/.MailIntentReceiver
I/ActivityManager(  455): Resuming delayed broadcast
I/ActivityManager(  455): Start proc com.android.mms for broadcast com.android.mms/.transaction.SmsReceiver: pid=9584 uid=10019 gids={50019, 3003, 1028, 1015}
I/ActivityManager(  455): Killing 9542:com.google.android.gms/u0a0 (adj 11): empty #2
I/ActivityManager(  455): Delay finish: com.android.mms/.transaction.SmsReceiver
I/ActivityManager(  455): Resuming delayed broadcast
I/ActivityManager(  455): Start proc com.google.android.gms for broadcast com.google.android.gms/.init.InitializeGmsReceiver: pid=9614 uid=10000 gids={50000, 3003, 1007, 1028, 1015, 1006, 2001, 3006, 3007}
I/ActivityManager(  455): Killing 9562:com.google.android.gm/u0a62 (adj 11): empty #2
I/ActivityManager(  455): Delay finish: com.google.android.gms/.init.InitializeGmsReceiver
I/ActivityManager(  455): Resuming delayed broadcast
I/ActivityManager(  455): Killing 9584:com.android.mms/u0a19 (adj 11): empty #2
I/ActivityManager(  455): Start proc com.google.android.gm for broadcast com.google.android.gm/.MailIntentReceiver: pid=9634 uid=10062 gids={50062, 3003, 1028, 1015}
D/ActivityThread( 9634): com.google.android.gm black listed for hwui
D/ActivityThread( 9634): Loading provider com.android.gmail.ui: com.google.android.gm.provider.GmailProvider
I/ActivityManager(  455): Delay finish: com.google.android.gm/.MailIntentReceiver
I/ActivityManager(  455): Resuming delayed broadcast
I/ActivityManager(  455): Start proc com.android.mms for broadcast com.android.mms/.transaction.SmsReceiver: pid=9656 uid=10019 gids={50019, 3003, 1028, 1015}
I/ActivityManager(  455): Killing 9614:com.google.android.gms/u0a0 (adj 11): empty #2
I/ActivityManager(  455): Delay finish: com.android.mms/.transaction.SmsReceiver
I/ActivityManager(  455): Resuming delayed broadcast
I/ActivityManager(  455): Start proc com.google.android.gms for broadcast com.google.android.gms/.init.InitializeGmsReceiver: pid=9687 uid=10000 gids={50000, 3003, 1007, 1028, 1015, 1006, 2001, 3006, 3007}
I/ActivityManager(  455): Killing 9634:com.google.android.gm/u0a62 (adj 11): empty #2
I/ActivityManager(  455): Delay finish: com.google.android.gms/.init.InitializeGmsReceiver
I/ActivityManager(  455): Resuming delayed broadcast
I/ActivityManager(  455): Killing 9656:com.android.mms/u0a19 (adj 11): empty #2
I/ActivityManager(  455): Start proc com.google.android.gm for broadcast com.google.android.gm/.MailIntentReceiver: pid=9707 uid=10062 gids={50062, 3003, 1028, 1015}
D/ActivityThread( 9707): com.google.android.gm black listed for hwui
D/ActivityThread( 9707): Loading provider com.android.gmail.ui: com.google.android.gm.provider.GmailProvider
I/ActivityManager(  455): Delay finish: com.google.android.gm/.MailIntentReceiver
I/ActivityManager(  455): Resuming delayed broadcast
I/ActivityManager(  455): Start proc com.android.mms for broadcast com.android.mms/.transaction.SmsReceiver: pid=9729 uid=10019 gids={50019, 3003, 1028, 1015}
I/ActivityManager(  455): Killing 9687:com.google.android.gms/u0a0 (adj 11): empty #2
I/ActivityManager(  455): Delay finish: com.android.mms/.transaction.SmsReceiver
I/ActivityManager(  455): Resuming delayed broadcast
I/ActivityManager(  455): Start proc com.google.android.gms for broadcast com.google.android.gms/.init.InitializeGmsReceiver: pid=9760 uid=10000 gids={50000, 3003, 1007, 1028, 1015, 1006, 2001, 3006, 3007}
I/ActivityManager(  455): Killing 9707:com.google.android.gm/u0a62 (adj 11): empty #2
I/ActivityManager(  455): Delay finish: com.google.android.gms/.init.InitializeGmsReceiver
I/ActivityManager(  455): Resuming delayed broadcast
I/ActivityManager(  455): Killing 9729:com.android.mms/u0a19 (adj 11): empty #2
I/ActivityManager(  455): Start proc com.google.android.gm for broadcast com.google.android.gm/.MailIntentReceiver: pid=9781 uid=10062 gids={50062, 3003, 1028, 1015}
D/ActivityThread( 9781): com.google.android.gm black listed for hwui
D/ActivityThread( 9781): Loading provider com.android.gmail.ui: com.google.android.gm.provider.GmailProvider
I/ActivityManager(  455): Delay finish: com.google.android.gm/.MailIntentReceiver
I/ActivityManager(  455): Resuming delayed broadcast
I/ActivityManager(  455): Start proc com.android.mms for broadcast com.android.mms/.transaction.SmsReceiver: pid=9803 uid=10019 gids={50019, 3003, 1028, 1015}
I/ActivityManager(  455): Killing 9760:com.google.android.gms/u0a0 (adj 11): empty #2
I/ActivityManager(  455): Delay finish: com.android.mms/.transaction.SmsReceiver
I/ActivityManager(  455): Resuming delayed broadcast
I/ActivityManager(  455): Start proc com.google.android.gms for broadcast com.google.android.gms/.init.InitializeGmsReceiver: pid=9832 uid=10000 gids={50000, 3003, 1007, 1028, 1015, 1006, 2001, 3006, 3007}
I/ActivityManager(  455): Killing 9781:com.google.android.gm/u0a62 (adj 11): empty #2
I/ActivityManager(  455): Delay finish: com.google.android.gms/.init.InitializeGmsReceiver
I/ActivityManager(  455): Resuming delayed broadcast
I/ActivityManager(  455): Killing 9803:com.android.mms/u0a19 (adj 11): empty #2
I/ActivityManager(  455): Start proc com.google.android.gm for broadcast com.google.android.gm/.MailIntentReceiver: pid=9852 uid=10062 gids={50062, 3003, 1028, 1015}
D/ActivityThread( 9852): com.google.android.gm black listed for hwui
D/ActivityThread( 9852): Loading provider com.android.gmail.ui: com.google.android.gm.provider.GmailProvider
I/ActivityManager(  455): Delay finish: com.google.android.gm/.MailIntentReceiver
I/ActivityManager(  455): Resuming delayed broadcast
I/ActivityManager(  455): Start proc com.android.mms for broadcast com.android.mms/.transaction.SmsReceiver: pid=9874 uid=10019 gids={50019, 3003, 1028, 1015}
I/ActivityManager(  455): Killing 9832:com.google.android.gms/u0a0 (adj 11): empty #2
I/ActivityManager(  455): Delay finish: com.android.mms/.transaction.SmsReceiver
I/ActivityManager(  455): Resuming delayed broadcast
I/ActivityManager(  455): Start proc com.google.android.gms for broadcast com.google.android.gms/.init.InitializeGmsReceiver: pid=9903 uid=10000 gids={50000, 3003, 1007, 1028, 1015, 1006, 2001, 3006, 3007}
I/ActivityManager(  455): Killing 9852:com.google.android.gm/u0a62 (adj 11): empty #2
I/ActivityManager(  455): Delay finish: com.google.android.gms/.init.InitializeGmsReceiver
I/ActivityManager(  455): Resuming delayed broadcast
I/ActivityManager(  455): Killing 9874:com.android.mms/u0a19 (adj 11): empty #2
I/ActivityManager(  455): Start proc com.google.android.gm for broadcast com.google.android.gm/.MailIntentReceiver: pid=9923 uid=10062 gids={50062, 3003, 1028, 1015}
D/ActivityThread( 9923): com.google.android.gm black listed for hwui
D/ActivityThread( 9923): Loading provider com.android.gmail.ui: com.google.android.gm.provider.GmailProvider
I/ActivityManager(  455): Delay finish: com.google.android.gm/.MailIntentReceiver
I/ActivityManager(  455): Resuming delayed broadcast
I/ActivityManager(  455): Start proc com.android.mms for broadcast com.android.mms/.transaction.SmsReceiver: pid=9945 uid=10019 gids={50019, 3003, 1028, 1015}
I/ActivityManager(  455): Killing 9903:com.google.android.gms/u0a0 (adj 11): empty #2
I/ActivityManager(  455): Delay finish: com.android.mms/.transaction.SmsReceiver
I/ActivityManager(  455): Resuming delayed broadcast
I/ActivityManager(  455): Start proc com.google.android.gms for broadcast com.google.android.gms/.init.InitializeGmsReceiver: pid=9977 uid=10000 gids={50000, 3003, 1007, 1028, 1015, 1006, 2001, 3006, 3007}
I/ActivityManager(  455): Killing 9923:com.google.android.gm/u0a62 (adj 11): empty #2
I/ActivityManager(  455): Delay finish: com.google.android.gms/.init.InitializeGmsReceiver
I/ActivityManager(  455): Resuming delayed broadcast
I/ActivityManager(  455): Killing 9945:com.android.mms/u0a19 (adj 11): empty #2
I/ActivityManager(  455): Start proc com.google.android.gm for broadcast com.google.android.gm/.MailIntentReceiver: pid=9997 uid=10062 gids={50062, 3003, 1028, 1015}
D/ActivityThread( 9997): com.google.android.gm black listed for hwui
D/ActivityThread( 9997): Loading provider com.android.gmail.ui: com.google.android.gm.provider.GmailProvider
I/ActivityManager(  455): Delay finish: com.google.android.gm/.MailIntentReceiver
I/ActivityManager(  455): Resuming delayed broadcast
I/ActivityManager(  455): Start proc com.android.mms for broadcast com.android.mms/.transaction.SmsReceiver: pid=10019 uid=10019 gids={50019, 3003, 1028, 1015}
I/ActivityManager(  455): Killing 9977:com.google.android.gms/u0a0 (adj 11): empty #2
I/ActivityManager(  455): Delay finish: com.android.mms/.transaction.SmsReceiver
I/ActivityManager(  455): Resuming delayed broadcast
I/ActivityManager(  455): Start proc com.google.android.gms for broadcast com.google.android.gms/.init.InitializeGmsReceiver: pid=10048 uid=10000 gids={50000, 3003, 1007, 1028, 1015, 1006, 2001, 3006, 3007}
I/ActivityManager(  455): Killing 9997:com.google.android.gm/u0a62 (adj 11): empty #2
I/ActivityManager(  455): Delay finish: com.google.android.gms/.init.InitializeGmsReceiver
I/ActivityManager(  455): Resuming delayed broadcast
I/ActivityManager(  455): Killing 10019:com.android.mms/u0a19 (adj 11): empty #2
I/ActivityManager(  455): Start proc com.google.android.gm for broadcast com.google.android.gm/.MailIntentReceiver: pid=10068 uid=10062 gids={50062, 3003, 1028, 1015}
D/ActivityThread(10068): com.google.android.gm black listed for hwui
D/ActivityThread(10068): Loading provider com.android.gmail.ui: com.google.android.gm.provider.GmailProvider
I/ActivityManager(  455): Delay finish: com.google.android.gm/.MailIntentReceiver
I/ActivityManager(  455): Resuming delayed broadcast
I/ActivityManager(  455): Start proc com.android.mms for broadcast com.android.mms/.transaction.SmsReceiver: pid=10093 uid=10019 gids={50019, 3003, 1028, 1015}
I/ActivityManager(  455): Killing 10048:com.google.android.gms/u0a0 (adj 11): empty #2
I/ActivityManager(  455): Delay finish: com.android.mms/.transaction.SmsReceiver
I/ActivityManager(  455): Resuming delayed broadcast
I/ActivityManager(  455): Start proc com.google.android.gms for broadcast com.google.android.gms/.init.InitializeGmsReceiver: pid=10119 uid=10000 gids={50000, 3003, 1007, 1028, 1015, 1006, 2001, 3006, 3007}
I/ActivityManager(  455): Killing 10068:com.google.android.gm/u0a62 (adj 11): empty #2
I/ActivityManager(  455): Delay finish: com.google.android.gms/.init.InitializeGmsReceiver
I/ActivityManager(  455): Resuming delayed broadcast
I/ActivityManager(  455): Killing 10093:com.android.mms/u0a19 (adj 11): empty #2
I/ActivityManager(  455): Start proc com.google.android.gm for broadcast com.google.android.gm/.MailIntentReceiver: pid=10139 uid=10062 gids={50062, 3003, 1028, 1015}
D/ActivityThread(10139): com.google.android.gm black listed for hwui
D/ActivityThread(10139): Loading provider com.android.gmail.ui: com.google.android.gm.provider.GmailProvider
I/ActivityManager(  455): Delay finish: com.google.android.gm/.MailIntentReceiver
I/ActivityManager(  455): Resuming delayed broadcast
I/ActivityManager(  455): Start proc com.android.mms for broadcast com.android.mms/.transaction.SmsReceiver: pid=10163 uid=10019 gids={50019, 3003, 1028, 1015}
I/ActivityManager(  455): Killing 10119:com.google.android.gms/u0a0 (adj 11): empty #2
I/ActivityManager(  455): Delay finish: com.android.mms/.transaction.SmsReceiver
I/ActivityManager(  455): Resuming delayed broadcast
I/ActivityManager(  455): Start proc com.google.android.gms for broadcast com.google.android.gms/.init.InitializeGmsReceiver: pid=10190 uid=10000 gids={50000, 3003, 1007, 1028, 1015, 1006, 2001, 3006, 3007}
I/ActivityManager(  455): Killing 10139:com.google.android.gm/u0a62 (adj 11): empty #2
I/ActivityManager(  455): Delay finish: com.google.android.gms/.init.InitializeGmsReceiver
I/ActivityManager(  455): Resuming delayed broadcast
I/ActivityManager(  455): Killing 10163:com.android.mms/u0a19 (adj 11): empty #2
I/ActivityManager(  455): Start proc com.google.android.gm for broadcast com.google.android.gm/.MailIntentReceiver: pid=10210 uid=10062 gids={50062, 3003, 1028, 1015}
D/ActivityThread(10210): com.google.android.gm black listed for hwui
D/ActivityThread(10210): Loading provider com.android.gmail.ui: com.google.android.gm.provider.GmailProvider
I/ActivityManager(  455): Delay finish: com.google.android.gm/.MailIntentReceiver
I/ActivityManager(  455): Resuming delayed broadcast
I/ActivityManager(  455): Start proc com.android.mms for broadcast com.android.mms/.transaction.SmsReceiver: pid=10232 uid=10019 gids={50019, 3003, 1028, 1015}
I/ActivityManager(  455): Killing 10190:com.google.android.gms/u0a0 (adj 11): empty #2
I/ActivityManager(  455): Delay finish: com.android.mms/.transaction.SmsReceiver
I/ActivityManager(  455): Resuming delayed broadcast
I/ActivityManager(  455): Start proc com.google.android.gms for broadcast com.google.android.gms/.init.InitializeGmsReceiver: pid=10261 uid=10000 gids={50000, 3003, 1007, 1028, 1015, 1006, 2001, 3006, 3007}
I/ActivityManager(  455): Killing 10210:com.google.android.gm/u0a62 (adj 11): empty #2
I/ActivityManager(  455): Delay finish: com.google.android.gms/.init.InitializeGmsReceiver
I/ActivityManager(  455): Resuming delayed broadcast
I/ActivityManager(  455): Killing 10232:com.android.mms/u0a19 (adj 11): empty #2
I/ActivityManager(  455): Start proc com.google.android.gm for broadcast com.google.android.gm/.MailIntentReceiver: pid=10281 uid=10062 gids={50062, 3003, 1028, 1015}
D/ActivityThread(10281): com.google.android.gm black listed for hwui
D/ActivityThread(10281): Loading provider com.android.gmail.ui: com.google.android.gm.provider.GmailProvider
I/ActivityManager(  455): Delay finish: com.google.android.gm/.MailIntentReceiver
I/ActivityManager(  455): Resuming delayed broadcast
I/ActivityManager(  455): Start proc com.android.mms for broadcast com.android.mms/.transaction.SmsReceiver: pid=10303 uid=10019 gids={50019, 3003, 1028, 1015}
I/ActivityManager(  455): Killing 10261:com.google.android.gms/u0a0 (adj 11): empty #2
I/ActivityManager(  455): Delay finish: com.android.mms/.transaction.SmsReceiver
I/ActivityManager(  455): Resuming delayed broadcast
I/ActivityManager(  455): Start proc com.google.android.gms for broadcast com.google.android.gms/.init.InitializeGmsReceiver: pid=10335 uid=10000 gids={50000, 3003, 1007, 1028, 1015, 1006, 2001, 3006, 3007}
I/ActivityManager(  455): Killing 10281:com.google.android.gm/u0a62 (adj 11): empty #2
I/ActivityManager(  455): Delay finish: com.google.android.gms/.init.InitializeGmsReceiver
I/ActivityManager(  455): Resuming delayed broadcast
I/ActivityManager(  455): Killing 10303:com.android.mms/u0a19 (adj 11): empty #2
I/ActivityManager(  455): Start proc com.google.android.gm for broadcast com.google.android.gm/.MailIntentReceiver: pid=10355 uid=10062 gids={50062, 3003, 1028, 1015}
D/ActivityThread(10355): com.google.android.gm black listed for hwui
D/ActivityThread(10355): Loading provider com.android.gmail.ui: com.google.android.gm.provider.GmailProvider
I/ActivityManager(  455): Delay finish: com.google.android.gm/.MailIntentReceiver
I/ActivityManager(  455): Resuming delayed broadcast
I/ActivityManager(  455): Start proc com.android.mms for broadcast com.android.mms/.transaction.SmsReceiver: pid=10377 uid=10019 gids={50019, 3003, 1028, 1015}
I/ActivityManager(  455): Killing 10335:com.google.android.gms/u0a0 (adj 11): empty #2
I/ActivityManager(  455): Delay finish: com.android.mms/.transaction.SmsReceiver
I/ActivityManager(  455): Resuming delayed broadcast
I/ActivityManager(  455): Start proc com.google.android.gms for broadcast com.google.android.gms/.init.InitializeGmsReceiver: pid=10409 uid=10000 gids={50000, 3003, 1007, 1028, 1015, 1006, 2001, 3006, 3007}
I/ActivityManager(  455): Killing 10355:com.google.android.gm/u0a62 (adj 11): empty #2
I/ActivityManager(  455): Delay finish: com.google.android.gms/.init.InitializeGmsReceiver
I/ActivityManager(  455): Resuming delayed broadcast
I/ActivityManager(  455): Killing 10377:com.android.mms/u0a19 (adj 11): empty #2
I/ActivityManager(  455): Start proc com.google.android.gm for broadcast com.google.android.gm/.MailIntentReceiver: pid=10429 uid=10062 gids={50062, 3003, 1028, 1015}
D/ActivityThread(10429): com.google.android.gm black listed for hwui
D/ActivityThread(10429): Loading provider com.android.gmail.ui: com.google.android.gm.provider.GmailProvider
I/ActivityManager(  455): Delay finish: com.google.android.gm/.MailIntentReceiver
I/ActivityManager(  455): Resuming delayed broadcast
I/ActivityManager(  455): Start proc com.android.mms for broadcast com.android.mms/.transaction.SmsReceiver: pid=10451 uid=10019 gids={50019, 3003, 1028, 1015}
I/ActivityManager(  455): Killing 10409:com.google.android.gms/u0a0 (adj 11): empty #2
I/ActivityManager(  455): Delay finish: com.android.mms/.transaction.SmsReceiver
I/ActivityManager(  455): Resuming delayed broadcast
I/ActivityManager(  455): Start proc com.google.android.gms for broadcast com.google.android.gms/.init.InitializeGmsReceiver: pid=10483 uid=10000 gids={50000, 3003, 1007, 1028, 1015, 1006, 2001, 3006, 3007}
I/ActivityManager(  455): Killing 10429:com.google.android.gm/u0a62 (adj 11): empty #2
I/ActivityManager(  455): Delay finish: com.google.android.gms/.init.InitializeGmsReceiver
I/ActivityManager(  455): Resuming delayed broadcast
I/ActivityManager(  455): Killing 10451:com.android.mms/u0a19 (adj 11): empty #2
I/ActivityManager(  455): Start proc com.google.android.gm for broadcast com.google.android.gm/.MailIntentReceiver: pid=10503 uid=10062 gids={50062, 3003, 1028, 1015}
D/ActivityThread(10503): com.google.android.gm black listed for hwui
D/ActivityThread(10503): Loading provider com.android.gmail.ui: com.google.android.gm.provider.GmailProvider
I/ActivityManager(  455): Delay finish: com.google.android.gm/.MailIntentReceiver
I/ActivityManager(  455): Resuming delayed broadcast
I/ActivityManager(  455): Start proc com.android.mms for broadcast com.android.mms/.transaction.SmsReceiver: pid=10525 uid=10019 gids={50019, 3003, 1028, 1015}
I/ActivityManager(  455): Killing 10483:com.google.android.gms/u0a0 (adj 11): empty #2
I/ActivityManager(  455): Delay finish: com.android.mms/.transaction.SmsReceiver
I/ActivityManager(  455): Resuming delayed broadcast
I/ActivityManager(  455): Start proc com.google.android.gms for broadcast com.google.android.gms/.init.InitializeGmsReceiver: pid=10557 uid=10000 gids={50000, 3003, 1007, 1028, 1015, 1006, 2001, 3006, 3007}
I/ActivityManager(  455): Killing 10503:com.google.android.gm/u0a62 (adj 11): empty #2
I/ActivityManager(  455): Delay finish: com.google.android.gms/.init.InitializeGmsReceiver
I/ActivityManager(  455): Resuming delayed broadcast
I/ActivityManager(  455): Killing 10525:com.android.mms/u0a19 (adj 11): empty #2
I/ActivityManager(  455): Start proc com.google.android.gm for broadcast com.google.android.gm/.MailIntentReceiver: pid=10577 uid=10062 gids={50062, 3003, 1028, 1015}
D/ActivityThread(10577): com.google.android.gm black listed for hwui
D/ActivityThread(10577): Loading provider com.android.gmail.ui: com.google.android.gm.provider.GmailProvider
I/ActivityManager(  455): Delay finish: com.google.android.gm/.MailIntentReceiver
I/ActivityManager(  455): Resuming delayed broadcast
I/ActivityManager(  455): Start proc com.android.mms for broadcast com.android.mms/.transaction.SmsReceiver: pid=10602 uid=10019 gids={50019, 3003, 1028, 1015}
I/ActivityManager(  455): Killing 10557:com.google.android.gms/u0a0 (adj 11): empty #2
I/ActivityManager(  455): Delay finish: com.android.mms/.transaction.SmsReceiver
I/ActivityManager(  455): Resuming delayed broadcast
I/ActivityManager(  455): Start proc com.google.android.gms for broadcast com.google.android.gms/.init.InitializeGmsReceiver: pid=10628 uid=10000 gids={50000, 3003, 1007, 1028, 1015, 1006, 2001, 3006, 3007}
I/ActivityManager(  455): Killing 10577:com.google.android.gm/u0a62 (adj 11): empty #2
I/ActivityManager(  455): Delay finish: com.google.android.gms/.init.InitializeGmsReceiver
I/ActivityManager(  455): Resuming delayed broadcast
I/ActivityManager(  455): Killing 10602:com.android.mms/u0a19 (adj 11): empty #2
I/ActivityManager(  455): Start proc com.google.android.gm for broadcast com.google.android.gm/.MailIntentReceiver: pid=10648 uid=10062 gids={50062, 3003, 1028, 1015}
D/ActivityThread(10648): com.google.android.gm black listed for hwui
D/ActivityThread(10648): Loading provider com.android.gmail.ui: com.google.android.gm.provider.GmailProvider
I/ActivityManager(  455): Delay finish: com.google.android.gm/.MailIntentReceiver
I/ActivityManager(  455): Resuming delayed broadcast
I/ActivityManager(  455): Start proc com.android.mms for broadcast com.android.mms/.transaction.SmsReceiver: pid=10670 uid=10019 gids={50019, 3003, 1028, 1015}
I/ActivityManager(  455): Killing 10628:com.google.android.gms/u0a0 (adj 11): empty #2
I/ActivityManager(  455): Delay finish: com.android.mms/.transaction.SmsReceiver
I/ActivityManager(  455): Resuming delayed broadcast
I/ActivityManager(  455): Start proc com.google.android.gms for broadcast com.google.android.gms/.init.InitializeGmsReceiver: pid=10699 uid=10000 gids={50000, 3003, 1007, 1028, 1015, 1006, 2001, 3006, 3007}
I/ActivityManager(  455): Killing 10648:com.google.android.gm/u0a62 (adj 11): empty #2
I/ActivityManager(  455): Delay finish: com.google.android.gms/.init.InitializeGmsReceiver
I/ActivityManager(  455): Resuming delayed broadcast
I/ActivityManager(  455): Killing 10670:com.android.mms/u0a19 (adj 11): empty #2
I/ActivityManager(  455): Start proc com.google.android.gm for broadcast com.google.android.gm/.MailIntentReceiver: pid=10719 uid=10062 gids={50062, 3003, 1028, 1015}
D/ActivityThread(10719): com.google.android.gm black listed for hwui
D/ActivityThread(10719): Loading provider com.android.gmail.ui: com.google.android.gm.provider.GmailProvider
I/ActivityManager(  455): Delay finish: com.google.android.gm/.MailIntentReceiver
I/ActivityManager(  455): Resuming delayed broadcast
I/ActivityManager(  455): Start proc com.android.mms for broadcast com.android.mms/.transaction.SmsReceiver: pid=10741 uid=10019 gids={50019, 3003, 1028, 1015}
I/ActivityManager(  455): Killing 10699:com.google.android.gms/u0a0 (adj 11): empty #2
I/ActivityManager(  455): Delay finish: com.android.mms/.transaction.SmsReceiver
I/ActivityManager(  455): Resuming delayed broadcast
I/ActivityManager(  455): Start proc com.google.android.gms for broadcast com.google.android.gms/.init.InitializeGmsReceiver: pid=10773 uid=10000 gids={50000, 3003, 1007, 1028, 1015, 1006, 2001, 3006, 3007}
I/ActivityManager(  455): Killing 10719:com.google.android.gm/u0a62 (adj 11): empty #2
I/ActivityManager(  455): Delay finish: com.google.android.gms/.init.InitializeGmsReceiver
I/ActivityManager(  455): Resuming delayed broadcast
I/ActivityManager(  455): Killing 10741:com.android.mms/u0a19 (adj 11): empty #2
I/ActivityManager(  455): Start proc com.google.android.gm for broadcast com.google.android.gm/.MailIntentReceiver: pid=10794 uid=10062 gids={50062, 3003, 1028, 1015}
D/ActivityThread(10794): com.google.android.gm black listed for hwui
D/ActivityThread(10794): Loading provider com.android.gmail.ui: com.google.android.gm.provider.GmailProvider
I/ActivityManager(  455): Delay finish: com.google.android.gm/.MailIntentReceiver
I/ActivityManager(  455): Resuming delayed broadcast
I/ActivityManager(  455): Start proc com.android.mms for broadcast com.android.mms/.transaction.SmsReceiver: pid=10816 uid=10019 gids={50019, 3003, 1028, 1015}
I/ActivityManager(  455): Killing 10773:com.google.android.gms/u0a0 (adj 11): empty #2
I/ActivityManager(  455): Delay finish: com.android.mms/.transaction.SmsReceiver
I/ActivityManager(  455): Resuming delayed broadcast
I/ActivityManager(  455): Start proc com.google.android.gms for broadcast com.google.android.gms/.init.InitializeGmsReceiver: pid=10845 uid=10000 gids={50000, 3003, 1007, 1028, 1015, 1006, 2001, 3006, 3007}
I/ActivityManager(  455): Killing 10794:com.google.android.gm/u0a62 (adj 11): empty #2
I/ActivityManager(  455): Delay finish: com.google.android.gms/.init.InitializeGmsReceiver
I/ActivityManager(  455): Resuming delayed broadcast
I/ActivityManager(  455): Killing 10816:com.android.mms/u0a19 (adj 11): empty #2
I/ActivityManager(  455): Start proc com.google.android.gm for broadcast com.google.android.gm/.MailIntentReceiver: pid=10865 uid=10062 gids={50062, 3003, 1028, 1015}
D/ActivityThread(10865): com.google.android.gm black listed for hwui
D/ActivityThread(10865): Loading provider com.android.gmail.ui: com.google.android.gm.provider.GmailProvider
I/ActivityManager(  455): Delay finish: com.google.android.gm/.MailIntentReceiver
I/ActivityManager(  455): Resuming delayed broadcast
I/ActivityManager(  455): Start proc com.android.mms for broadcast com.android.mms/.transaction.SmsReceiver: pid=10890 uid=10019 gids={50019, 3003, 1028, 1015}
I/ActivityManager(  455): Killing 10845:com.google.android.gms/u0a0 (adj 11): empty #2
I/ActivityManager(  455): Delay finish: com.android.mms/.transaction.SmsReceiver
I/ActivityManager(  455): Resuming delayed broadcast
I/ActivityManager(  455): Start proc com.google.android.gms for broadcast com.google.android.gms/.init.InitializeGmsReceiver: pid=10916 uid=10000 gids={50000, 3003, 1007, 1028, 1015, 1006, 2001, 3006, 3007}
I/ActivityManager(  455): Killing 10865:com.google.android.gm/u0a62 (adj 11): empty #2
I/ActivityManager(  455): Delay finish: com.google.android.gms/.init.InitializeGmsReceiver
I/ActivityManager(  455): Resuming delayed broadcast
I/ActivityManager(  455): Killing 10890:com.android.mms/u0a19 (adj 11): empty #2
I/ActivityManager(  455): Start proc com.google.android.gm for broadcast com.google.android.gm/.MailIntentReceiver: pid=10936 uid=10062 gids={50062, 3003, 1028, 1015}
D/ActivityThread(10936): com.google.android.gm black listed for hwui
D/ActivityThread(10936): Loading provider com.android.gmail.ui: com.google.android.gm.provider.GmailProvider
I/ActivityManager(  455): Delay finish: com.google.android.gm/.MailIntentReceiver
I/ActivityManager(  455): Resuming delayed broadcast
I/ActivityManager(  455): Start proc com.android.mms for broadcast com.android.mms/.transaction.SmsReceiver: pid=10958 uid=10019 gids={50019, 3003, 1028, 1015}
I/ActivityManager(  455): Killing 10916:com.google.android.gms/u0a0 (adj 11): empty #2
I/ActivityManager(  455): Delay finish: com.android.mms/.transaction.SmsReceiver
I/ActivityManager(  455): Resuming delayed broadcast
I/ActivityManager(  455): Start proc com.google.android.gms for broadcast com.google.android.gms/.init.InitializeGmsReceiver: pid=10987 uid=10000 gids={50000, 3003, 1007, 1028, 1015, 1006, 2001, 3006, 3007}
I/ActivityManager(  455): Killing 10936:com.google.android.gm/u0a62 (adj 11): empty #2
I/ActivityManager(  455): Delay finish: com.google.android.gms/.init.InitializeGmsReceiver
I/ActivityManager(  455): Resuming delayed broadcast
I/ActivityManager(  455): Killing 10958:com.android.mms/u0a19 (adj 11): empty #2
I/ActivityManager(  455): Start proc com.google.android.gm for broadcast com.google.android.gm/.MailIntentReceiver: pid=11007 uid=10062 gids={50062, 3003, 1028, 1015}
D/ActivityThread(11007): com.google.android.gm black listed for hwui
D/ActivityThread(11007): Loading provider com.android.gmail.ui: com.google.android.gm.provider.GmailProvider
I/ActivityManager(  455): Delay finish: com.google.android.gm/.MailIntentReceiver
I/ActivityManager(  455): Resuming delayed broadcast
I/ActivityManager(  455): Start proc com.android.mms for broadcast com.android.mms/.transaction.SmsReceiver: pid=11029 uid=10019 gids={50019, 3003, 1028, 1015}
I/ActivityManager(  455): Killing 10987:com.google.android.gms/u0a0 (adj 11): empty #2
I/ActivityManager(  455): Delay finish: com.android.mms/.transaction.SmsReceiver
I/ActivityManager(  455): Resuming delayed broadcast
I/ActivityManager(  455): Start proc com.google.android.gms for broadcast com.google.android.gms/.init.InitializeGmsReceiver: pid=11058 uid=10000 gids={50000, 3003, 1007, 1028, 1015, 1006, 2001, 3006, 3007}
I/ActivityManager(  455): Killing 11007:com.google.android.gm/u0a62 (adj 11): empty #2
I/ActivityManager(  455): Delay finish: com.google.android.gms/.init.InitializeGmsReceiver
I/ActivityManager(  455): Resuming delayed broadcast
I/ActivityManager(  455): Killing 11029:com.android.mms/u0a19 (adj 11): empty #2
I/ActivityManager(  455): Start proc com.google.android.gm for broadcast com.google.android.gm/.MailIntentReceiver: pid=11078 uid=10062 gids={50062, 3003, 1028, 1015}
D/ActivityThread(11078): com.google.android.gm black listed for hwui
D/ActivityThread(11078): Loading provider com.android.gmail.ui: com.google.android.gm.provider.GmailProvider
I/ActivityManager(  455): Delay finish: com.google.android.gm/.MailIntentReceiver
I/ActivityManager(  455): Resuming delayed broadcast
I/ActivityManager(  455): Start proc com.android.mms for broadcast com.android.mms/.transaction.SmsReceiver: pid=11100 uid=10019 gids={50019, 3003, 1028, 1015}
I/ActivityManager(  455): Killing 11058:com.google.android.gms/u0a0 (adj 11): empty #2
I/ActivityManager(  455): Delay finish: com.android.mms/.transaction.SmsReceiver
I/ActivityManager(  455): Resuming delayed broadcast
I/ActivityManager(  455): Start proc com.google.android.gms for broadcast com.google.android.gms/.init.InitializeGmsReceiver: pid=11132 uid=10000 gids={50000, 3003, 1007, 1028, 1015, 1006, 2001, 3006, 3007}
I/ActivityManager(  455): Killing 11078:com.google.android.gm/u0a62 (adj 11): empty #2
I/ActivityManager(  455): Delay finish: com.google.android.gms/.init.InitializeGmsReceiver
I/ActivityManager(  455): Resuming delayed broadcast
I/ActivityManager(  455): Killing 11100:com.android.mms/u0a19 (adj 11): empty #2
I/ActivityManager(  455): Start proc com.google.android.gm for broadcast com.google.android.gm/.MailIntentReceiver: pid=11152 uid=10062 gids={50062, 3003, 1028, 1015}
D/ActivityThread(11152): com.google.android.gm black listed for hwui
D/ActivityThread(11152): Loading provider com.android.gmail.ui: com.google.android.gm.provider.GmailProvider
I/ActivityManager(  455): Delay finish: com.google.android.gm/.MailIntentReceiver
I/ActivityManager(  455): Resuming delayed broadcast
I/ActivityManager(  455): Start proc com.android.mms for broadcast com.android.mms/.transaction.SmsReceiver: pid=11174 uid=10019 gids={50019, 3003, 1028, 1015}
I/ActivityManager(  455): Killing 11132:com.google.android.gms/u0a0 (adj 11): empty #2
I/ActivityManager(  455): Delay finish: com.android.mms/.transaction.SmsReceiver
I/ActivityManager(  455): Resuming delayed broadcast
I/ActivityManager(  455): Start proc com.google.android.gms for broadcast com.google.android.gms/.init.InitializeGmsReceiver: pid=11203 uid=10000 gids={50000, 3003, 1007, 1028, 1015, 1006, 2001, 3006, 3007}
I/ActivityManager(  455): Killing 11152:com.google.android.gm/u0a62 (adj 11): empty #2
I/ActivityManager(  455): Delay finish: com.google.android.gms/.init.InitializeGmsReceiver
I/ActivityManager(  455): Resuming delayed broadcast
I/ActivityManager(  455): Killing 11174:com.android.mms/u0a19 (adj 11): empty #2
I/ActivityManager(  455): Start proc com.google.android.gm for broadcast com.google.android.gm/.MailIntentReceiver: pid=11223 uid=10062 gids={50062, 3003, 1028, 1015}
D/ActivityThread(11223): com.google.android.gm black listed for hwui
D/ActivityThread(11223): Loading provider com.android.gmail.ui: com.google.android.gm.provider.GmailProvider
I/ActivityManager(  455): Delay finish: com.google.android.gm/.MailIntentReceiver
I/ActivityManager(  455): Resuming delayed broadcast
I/ActivityManager(  455): Start proc com.android.mms for broadcast com.android.mms/.transaction.SmsReceiver: pid=11247 uid=10019 gids={50019, 3003, 1028, 1015}
I/ActivityManager(  455): Killing 11203:com.google.android.gms/u0a0 (adj 11): empty #2
I/ActivityManager(  455): Delay finish: com.android.mms/.transaction.SmsReceiver
I/ActivityManager(  455): Resuming delayed broadcast
I/ActivityManager(  455): Start proc com.google.android.gms for broadcast com.google.android.gms/.init.InitializeGmsReceiver: pid=11277 uid=10000 gids={50000, 3003, 1007, 1028, 1015, 1006, 2001, 3006, 3007}
I/ActivityManager(  455): Killing 11223:com.google.android.gm/u0a62 (adj 11): empty #2
I/ActivityManager(  455): Delay finish: com.google.android.gms/.init.InitializeGmsReceiver
I/ActivityManager(  455): Resuming delayed broadcast
I/ActivityManager(  455): Killing 11247:com.android.mms/u0a19 (adj 11): empty #2
I/ActivityManager(  455): Start proc com.google.android.gm for broadcast com.google.android.gm/.MailIntentReceiver: pid=11297 uid=10062 gids={50062, 3003, 1028, 1015}
D/ActivityThread(11297): com.google.android.gm black listed for hwui
D/ActivityThread(11297): Loading provider com.android.gmail.ui: com.google.android.gm.provider.GmailProvider
I/ActivityManager(  455): Delay finish: com.google.android.gm/.MailIntentReceiver
I/ActivityManager(  455): Resuming delayed broadcast
I/ActivityManager(  455): Start proc com.android.mms for broadcast com.android.mms/.transaction.SmsReceiver: pid=11319 uid=10019 gids={50019, 3003, 1028, 1015}
I/ActivityManager(  455): Killing 11277:com.google.android.gms/u0a0 (adj 11): empty #2
I/ActivityManager(  455): Delay finish: com.android.mms/.transaction.SmsReceiver
I/ActivityManager(  455): Resuming delayed broadcast
I/ActivityManager(  455): Start proc com.google.android.gms for broadcast com.google.android.gms/.init.InitializeGmsReceiver: pid=11351 uid=10000 gids={50000, 3003, 1007, 1028, 1015, 1006, 2001, 3006, 3007}
I/ActivityManager(  455): Killing 11297:com.google.android.gm/u0a62 (adj 11): empty #2
I/ActivityManager(  455): Delay finish: com.google.android.gms/.init.InitializeGmsReceiver
I/ActivityManager(  455): Resuming delayed broadcast
I/ActivityManager(  455): Killing 11319:com.android.mms/u0a19 (adj 11): empty #2
I/ActivityManager(  455): Start proc com.google.android.gm for broadcast com.google.android.gm/.MailIntentReceiver: pid=11371 uid=10062 gids={50062, 3003, 1028, 1015}
D/ActivityThread(11371): com.google.android.gm black listed for hwui
D/ActivityThread(11371): Loading provider com.android.gmail.ui: com.google.android.gm.provider.GmailProvider
I/ActivityManager(  455): Delay finish: com.google.android.gm/.MailIntentReceiver
I/ActivityManager(  455): Resuming delayed broadcast
I/ActivityManager(  455): Start proc com.android.mms for broadcast com.android.mms/.transaction.SmsReceiver: pid=11393 uid=10019 gids={50019, 3003, 1028, 1015}
I/ActivityManager(  455): Killing 11351:com.google.android.gms/u0a0 (adj 11): empty #2
I/ActivityManager(  455): Delay finish: com.android.mms/.transaction.SmsReceiver
I/ActivityManager(  455): Resuming delayed broadcast
I/ActivityManager(  455): Start proc com.google.android.gms for broadcast com.google.android.gms/.init.InitializeGmsReceiver: pid=11425 uid=10000 gids={50000, 3003, 1007, 1028, 1015, 1006, 2001, 3006, 3007}
I/ActivityManager(  455): Killing 11371:com.google.android.gm/u0a62 (adj 11): empty #2
I/ActivityManager(  455): Delay finish: com.google.android.gms/.init.InitializeGmsReceiver
I/ActivityManager(  455): Resuming delayed broadcast
I/ActivityManager(  455): Killing 11393:com.android.mms/u0a19 (adj 11): empty #2
I/ActivityManager(  455): Start proc com.google.android.gm for broadcast com.google.android.gm/.MailIntentReceiver: pid=11445 uid=10062 gids={50062, 3003, 1028, 1015}
D/ActivityThread(11445): com.google.android.gm black listed for hwui
D/ActivityThread(11445): Loading provider com.android.gmail.ui: com.google.android.gm.provider.GmailProvider
I/ActivityManager(  455): Delay finish: com.google.android.gm/.MailIntentReceiver
I/ActivityManager(  455): Resuming delayed broadcast
I/ActivityManager(  455): Start proc com.android.mms for broadcast com.android.mms/.transaction.SmsReceiver: pid=11467 uid=10019 gids={50019, 3003, 1028, 1015}
I/ActivityManager(  455): Killing 11425:com.google.android.gms/u0a0 (adj 11): empty #2
I/ActivityManager(  455): Delay finish: com.android.mms/.transaction.SmsReceiver
I/ActivityManager(  455): Resuming delayed broadcast
I/ActivityManager(  455): Start proc com.google.android.gms for broadcast com.google.android.gms/.init.InitializeGmsReceiver: pid=11496 uid=10000 gids={50000, 3003, 1007, 1028, 1015, 1006, 2001, 3006, 3007}
I/ActivityManager(  455): Killing 11445:com.google.android.gm/u0a62 (adj 11): empty #2
I/ActivityManager(  455): Delay finish: com.google.android.gms/.init.InitializeGmsReceiver
I/ActivityManager(  455): Resuming delayed broadcast
I/ActivityManager(  455): Killing 11467:com.android.mms/u0a19 (adj 11): empty #2
I/ActivityManager(  455): Start proc com.google.android.gm for broadcast com.google.android.gm/.MailIntentReceiver: pid=11516 uid=10062 gids={50062, 3003, 1028, 1015}
D/ActivityThread(11516): com.google.android.gm black listed for hwui
D/ActivityThread(11516): Loading provider com.android.gmail.ui: com.google.android.gm.provider.GmailProvider
I/ActivityManager(  455): Delay finish: com.google.android.gm/.MailIntentReceiver
I/ActivityManager(  455): Resuming delayed broadcast
I/ActivityManager(  455): Start proc com.android.mms for broadcast com.android.mms/.transaction.SmsReceiver: pid=11538 uid=10019 gids={50019, 3003, 1028, 1015}
I/ActivityManager(  455): Killing 11496:com.google.android.gms/u0a0 (adj 11): empty #2
I/ActivityManager(  455): Delay finish: com.android.mms/.transaction.SmsReceiver
I/PowerManagerService(  455): Nap time...
I/PowerManagerService(  455): Going to sleep due to screen timeout...
I/ActivityManager(  455): Resuming delayed broadcast
I/ActivityManager(  455): Start proc com.google.android.gms for broadcast com.google.android.gms/.init.InitializeGmsReceiver: pid=11573 uid=10000 gids={50000, 3003, 1007, 1028, 1015, 1006, 2001, 3006, 3007}
I/ActivityManager(  455): Killing 11516:com.google.android.gm/u0a62 (adj 11): empty #2
I/PowerManagerService(  455): Waking up from sleep...
I/WindowManager(  455): No lock screen! windowToken=null
I/ActivityManager(  455): Delay finish: com.google.android.gms/.init.InitializeGmsReceiver
I/ActivityManager(  455): Resuming delayed broadcast
I/ActivityManager(  455): Start proc com.google.android.gm for broadcast com.google.android.gm/.MailIntentReceiver: pid=11598 uid=10062 gids={50062, 3003, 1028, 1015}
I/ActivityManager(  455): Killing 11538:com.android.mms/u0a19 (adj 11): empty #2
D/ActivityThread(11598): com.google.android.gm black listed for hwui
D/ActivityThread(11598): Loading provider com.android.gmail.ui: com.google.android.gm.provider.GmailProvider
I/ActivityManager(  455): Delay finish: com.google.android.gm/.MailIntentReceiver
I/ActivityManager(  455): Resuming delayed broadcast
I/ActivityManager(  455): Start proc com.android.mms for broadcast com.android.mms/.transaction.SmsReceiver: pid=11622 uid=10019 gids={50019, 3003, 1028, 1015}
I/ActivityManager(  455): Killing 11573:com.google.android.gms/u0a0 (adj 11): empty #2
I/ActivityManager(  455): Delay finish: com.android.mms/.transaction.SmsReceiver
I/ActivityManager(  455): Resuming delayed broadcast
I/ActivityManager(  455): Start proc com.google.android.gms for broadcast com.google.android.gms/.init.InitializeGmsReceiver: pid=11651 uid=10000 gids={50000, 3003, 1007, 1028, 1015, 1006, 2001, 3006, 3007}
I/ActivityManager(  455): Killing 11598:com.google.android.gm/u0a62 (adj 11): empty #2
I/ActivityManager(  455): Delay finish: com.google.android.gms/.init.InitializeGmsReceiver
I/ActivityManager(  455): Resuming delayed broadcast
I/ActivityManager(  455): Killing 11622:com.android.mms/u0a19 (adj 11): empty #2
I/ActivityManager(  455): Start proc com.google.android.gm for broadcast com.google.android.gm/.MailIntentReceiver: pid=11671 uid=10062 gids={50062, 3003, 1028, 1015}
D/ActivityThread(11671): com.google.android.gm black listed for hwui
D/ActivityThread(11671): Loading provider com.android.gmail.ui: com.google.android.gm.provider.GmailProvider
I/ActivityManager(  455): Delay finish: com.google.android.gm/.MailIntentReceiver
I/ActivityManager(  455): Resuming delayed broadcast
I/ActivityManager(  455): Start proc com.android.mms for broadcast com.android.mms/.transaction.SmsReceiver: pid=11693 uid=10019 gids={50019, 3003, 1028, 1015}
I/ActivityManager(  455): Killing 11651:com.google.android.gms/u0a0 (adj 11): empty #2
I/ActivityManager(  455): Delay finish: com.android.mms/.transaction.SmsReceiver
I/ActivityManager(  455): Start proc com.facebook.katana for service com.facebook.katana/com.facebook.ui.media.cache.MediaCacheCleanupService: pid=11721 uid=10072 gids={50072, 1006, 1028, 1015, 3003}
D/ActivityThread(11721): com.facebook.katana black listed for hwui
I/ActivityManager(  455): Killing 11671:com.google.android.gm/u0a62 (adj 11): empty #2
I/ActivityManager(  455): Resuming delayed broadcast
I/ActivityManager(  455): Start proc com.google.android.gms for broadcast com.google.android.gms/.init.InitializeGmsReceiver: pid=11740 uid=10000 gids={50000, 3003, 1007, 1028, 1015, 1006, 2001, 3006, 3007}
I/ActivityManager(  455): Killing 11693:com.android.mms/u0a19 (adj 11): empty #2
I/ActivityManager(  455): Delay finish: com.google.android.gms/.init.InitializeGmsReceiver
I/ActivityManager(  455): Resuming delayed broadcast
I/ActivityManager(  455): Killing 8546:jackpal.androidterm/u0a74 (adj 11): empty #2
I/ActivityManager(  455): Start proc com.google.android.gm for broadcast com.google.android.gm/.MailIntentReceiver: pid=11760 uid=10062 gids={50062, 3003, 1028, 1015}
D/ActivityThread(11760): com.google.android.gm black listed for hwui
D/ActivityThread(11760): Loading provider com.android.gmail.ui: com.google.android.gm.provider.GmailProvider
I/ActivityManager(  455): Delay finish: com.google.android.gm/.MailIntentReceiver
I/ActivityManager(  455): START u0 {act=android.intent.action.MAIN cat=[android.intent.category.LAUNCHER] flg=0x10200000 cmp=com.estrongs.android.pop/.view.FileExplorerActivity bnds=[240,400][240,400]} from pid 752
I/ActivityManager(  455): Start proc com.estrongs.android.pop for activity com.estrongs.android.pop/.view.FileExplorerActivity: pid=11782 uid=10067 gids={50067, 3003, 3002, 3001, 1028, 1015}
I/ActivityManager(  455): Resuming delayed broadcast
I/ActivityManager(  455): Start proc com.android.mms for broadcast com.android.mms/.transaction.SmsReceiver: pid=11800 uid=10019 gids={50019, 3003, 1028, 1015}
I/ActivityManager(  455): Killing 11740:com.google.android.gms/u0a0 (adj 11): empty #2
--------- beginning of /dev/log/main
W/ResourceType(11782): No package identifier when getting value for resource number 0x00000000
W/ResourceType(11782): No package identifier when getting value for resource number 0x00000000
W/ResourceType(11782): No package identifier when getting value for resource number 0x00000000
W/ResourceType(11782): No package identifier when getting value for resource number 0x00000000
W/ResourceType(11782): No package identifier when getting value for resource number 0x00000000
W/ResourceType(11782): No package identifier when getting value for resource number 0x00000000
W/ResourceType(11782): No package identifier when getting value for resource number 0x00000000
W/ResourceType(11782): No package identifier when getting value for resource number 0x00000000
W/ResourceType(11782): No package identifier when getting value for resource number 0x00000000
W/ResourceType(11782): No package identifier when getting value for resource number 0x00000000
W/ResourceType(11782): No package identifier when getting value for resource number 0x00000000
