W/ResourceType(11782): No package identifier when getting value for resource number 0x00000000
W/ResourceType(11782): No package identifier when getting value for resource number 0x00000000
W/ResourceType(11782): No package identifier when getting value for resource number 0x00000000
W/ResourceType(11782): No package identifier when getting value for resource number 0x00000000
W/ResourceType(11782): No package identifier when getting value for resource number 0x00000000
W/ResourceType(11782): No package identifier when getting value for resource number 0x00000000
W/ResourceType(11782): No package identifier when getting value for resource number 0x00000000
W/ResourceType(11782): No package identifier when getting value for resource number 0x00000000
W/ResourceType(11782): No package identifier when getting value for resource number 0x00000000
W/ResourceType(11782): No package identifier when getting value for resource number 0x00000000
W/ResourceType(11782): No package identifier when getting value for resource number 0x00000000
W/ResourceType(11782): No package identifier when getting value for resource number 0x00000000
W/ResourceType(11782): No package identifier when getting value for resource number 0x00000000
I/art     (11721): Heap trim of managed (duration=7.019043ms, advised=0B) and native (duration=2.075195ms, advised=4KB) heaps. Managed heap utilization of 84%.
I/art     (11782): GcCauseBackground partial concurrent mark sweep GC freed 3597(200KB) AllocSpace objects, 3(54KB) LOS objects, 9% free, 3MB/4MB, paused 18.585ms total 102.813ms
V/MmsConfig(11800): mnc/mcc: 45201
W/GAV2    (11760): Thread[GAThread,5,main]: Service unavailable (code=1), will retry.
W/ActivityManager(  455): Unable to start service Intent { act=com.google.android.gms.analytics.service.START cmp=com.google.android.gms/.analytics.service.AnalyticsService (has extras) } U=0: not found
V/MmsConfig(11800): tag: int value: maxMessageSize - 307200
V/MmsConfig(11800): tag: int value: maxImageHeight - 768
V/MmsConfig(11800): tag: int value: maxImageWidth - 1024
V/MmsConfig(11800): tag: string value: userAgent - NexusOne
V/MmsConfig(11800): tag: string value: uaProfUrl - http://www.htcmms.com.tw/Android/Common/nexusone/ua-profile.xml
V/MmsConfig(11800): tag: int value: recipientLimit - -1
V/MmsConfig(11800): tag: int value: smsToMmsTextThreshold - 4
V/MmsConfig(11800): tag: bool value: enableMultipartSMS - true
V/MmsConfig(11800): tag: bool value: enableSlideDuration - true
V/MmsConfig(11800): tag: int value: maxMessageTextSize - -1
I/GAV2    (11760): Thread[GAThread,5,main]: No campaign data found.
W/ResourceType(11782): No package identifier when getting value for resource number 0x00000000
W/ResourceType(11782): No package identifier when getting value for resource number 0x00000000
W/ResourceType(11782): No package identifier when getting value for resource number 0x00000000
W/ResourceType(11782): No package identifier when getting value for resource number 0x00000000
W/art     (11721): Verification of com.google.common.collect.ImmutableList com.facebook.orca.contacts.providers.MergedDivebarContactPickerListFilterProvider.e() took 115.966796ms
I/Choreographer(11782): Skipped 32 frames!  The application may be doing too much work on its main thread.
I/ActivityManager(11782): Timeline: Activity_idle id: android.os.BinderProxy@64909600 time:566627
I/ActivityManager(  455): Delay finish: com.android.mms/.transaction.SmsReceiver
I/art     (11721): Heap trim of managed (duration=11.718750ms, advised=0B) and native (duration=2.258301ms, advised=0B) heaps. Managed heap utilization of 87%.
V/SmsReceiverService(11800): onStart: #1 mResultCode: -1 = Activity.RESULT_OK
W/art     (11721): Before Android 4.1, method void com.facebook.reflex.view.AbstractListView.invalidate(boolean) would have incorrectly overridden the package-private method in android.view.View
W/art     (11721): Before Android 4.1, method void com.facebook.reflex.view.ViewPager.invalidate(boolean) would have incorrectly overridden the package-private method in android.view.View
W/GAV2    (11760): Thread[Service Reconnect,5,main]: Service unavailable (code=1), using local store.
W/ActivityManager(  455): Unable to start service Intent { act=com.google.android.gms.analytics.service.START cmp=com.google.android.gms/.analytics.service.AnalyticsService (has extras) } U=0: not found
I/art     (11760): Heap trim of managed (duration=4.058838ms, advised=320KB) and native (duration=2.746582ms, advised=0B) heaps. Managed heap utilization of 52%.
I/art     (11721): Heap trim of managed (duration=24.749757ms, advised=0B) and native (duration=18.890381ms, advised=4KB) heaps. Managed heap utilization of 87%.
I/Gmail   (11760): calculateUnknownSyncRationalesAndPurgeInBackground: queueing
I/Gmail   (11760): calculateUnknownSyncRationalesAndPurgeInBackground: queueing
I/art     ( 2883): Heap trim of managed (duration=134.063719ms, advised=240KB) and native (duration=22.369385ms, advised=0B) heaps. Managed heap utilization of 56%.
I/art     (11782): GcCauseExplicit concurrent mark sweep GC freed 11995(581KB) AllocSpace objects, 0(0B) LOS objects, 13% free, 4MB/5MB, paused 16.204ms total 88.623ms
I/art     (11721): Heap trim of managed (duration=47.058105ms, advised=0B) and native (duration=2.807618ms, advised=0B) heaps. Managed heap utilization of 95%.
W/art     (11721): Verification of boolean com.facebook.katana.activity.activitycleaner.ActivityStackManager.c(android.app.Activity) took 109.985353ms
I/art     (11782): GcCauseExplicit concurrent mark sweep GC freed 5066(319KB) AllocSpace objects, 0(0B) LOS objects, 18% free, 4MB/5MB, paused 2.593ms total 100.097ms
I/art     (  455): Heap trim of managed (duration=69.458007ms, advised=112KB) and native (duration=11.047363ms, advised=796KB) heaps. Managed heap utilization of 88%.
I/Gmail   (11760): calculateUnknownSyncRationalesAndPurgeInBackground: running
I/ActivityManager(  455): Resuming delayed broadcast
W/art     (   83): Could not get current activity
E/art     (11867): prctl(PR_CAPBSET_DROP) failed with EINVAL. Please verify your kernel is compiled with file capabilities support: Invalid argument
E/art     (11867): prctl(PR_CAPBSET_DROP) failed with EINVAL. Please verify your kernel is compiled with file capabilities support: Invalid argument
E/art     (11867): prctl(PR_CAPBSET_DROP) failed with EINVAL. Please verify your kernel is compiled with file capabilities support: Invalid argument
E/art     (11867): prctl(PR_CAPBSET_DROP) failed with EINVAL. Please verify your kernel is compiled with file capabilities support: Invalid argument
E/art     (11867): prctl(PR_CAPBSET_DROP) failed with EINVAL. Please verify your kernel is compiled with file capabilities support: Invalid argument
E/art     (11867): prctl(PR_CAPBSET_DROP) failed with EINVAL. Please verify your kernel is compiled with file capabilities support: Invalid argument
E/art     (11867): prctl(PR_CAPBSET_DROP) failed with EINVAL. Please verify your kernel is compiled with file capabilities support: Invalid argument
E/art     (11867): prctl(PR_CAPBSET_DROP) failed with EINVAL. Please verify your kernel is compiled with file capabilities support: Invalid argument
E/art     (11867): prctl(PR_CAPBSET_DROP) failed with EINVAL. Please verify your kernel is compiled with file capabilities support: Invalid argument
E/art     (11867): prctl(PR_CAPBSET_DROP) failed with EINVAL. Please verify your kernel is compiled with file capabilities support: Invalid argument
E/art     (11867): prctl(PR_CAPBSET_DROP) failed with EINVAL. Please verify your kernel is compiled with file capabilities support: Invalid argument
E/art     (11867): prctl(PR_CAPBSET_DROP) failed with EINVAL. Please verify your kernel is compiled with file capabilities support: Invalid argument
E/art     (11867): prctl(PR_CAPBSET_DROP) failed with EINVAL. Please verify your kernel is compiled with file capabilities support: Invalid argument
E/art     (11867): prctl(PR_CAPBSET_DROP) failed with EINVAL. Please verify your kernel is compiled with file capabilities support: Invalid argument
E/art     (11867): prctl(PR_CAPBSET_DROP) failed with EINVAL. Please verify your kernel is compiled with file capabilities support: Invalid argument
E/art     (11867): prctl(PR_CAPBSET_DROP) failed with EINVAL. Please verify your kernel is compiled with file capabilities support: Invalid argument
E/art     (11867): prctl(PR_CAPBSET_DROP) failed with EINVAL. Please verify your kernel is compiled with file capabilities support: Invalid argument
E/art     (11867): prctl(PR_CAPBSET_DROP) failed with EINVAL. Please verify your kernel is compiled with file capabilities support: Invalid argument
E/art     (11867): prctl(PR_CAPBSET_DROP) failed with EINVAL. Please verify your kernel is compiled with file capabilities support: Invalid argument
E/art     (11867): prctl(PR_CAPBSET_DROP) failed with EINVAL. Please verify your kernel is compiled with file capabilities support: Invalid argument
E/art     (11867): prctl(PR_CAPBSET_DROP) failed with EINVAL. Please verify your kernel is compiled with file capabilities support: Invalid argument
E/art     (11867): prctl(PR_CAPBSET_DROP) failed with EINVAL. Please verify your kernel is compiled with file capabilities support: Invalid argument
E/art     (11867): prctl(PR_CAPBSET_DROP) failed with EINVAL. Please verify your kernel is compiled with file capabilities support: Invalid argument
E/art     (11867): prctl(PR_CAPBSET_DROP) failed with EINVAL. Please verify your kernel is compiled with file capabilities support: Invalid argument
E/art     (11867): prctl(PR_CAPBSET_DROP) failed with EINVAL. Please verify your kernel is compiled with file capabilities support: Invalid argument
E/art     (11867): prctl(PR_CAPBSET_DROP) failed with EINVAL. Please verify your kernel is compiled with file capabilities support: Invalid argument
E/art     (11867): prctl(PR_CAPBSET_DROP) failed with EINVAL. Please verify your kernel is compiled with file capabilities support: Invalid argument
E/art     (11867): prctl(PR_CAPBSET_DROP) failed with EINVAL. Please verify your kernel is compiled with file capabilities support: Invalid argument
E/art     (11867): prctl(PR_CAPBSET_DROP) failed with EINVAL. Please verify your kernel is compiled with file capabilities support: Invalid argument
E/art     (11867): prctl(PR_CAPBSET_DROP) failed with EINVAL. Please verify your kernel is compiled with file capabilities support: Invalid argument
E/art     (11867): prctl(PR_CAPBSET_DROP) failed with EINVAL. Please verify your kernel is compiled with file capabilities support: Invalid argument
E/art     (11867): prctl(PR_CAPBSET_DROP) failed with EINVAL. Please verify your kernel is compiled with file capabilities support: Invalid argument
E/art     (11867): prctl(PR_CAPBSET_DROP) failed with EINVAL. Please verify your kernel is compiled with file capabilities support: Invalid argument
E/art     (11867): prctl(PR_CAPBSET_DROP) failed with EINVAL. Please verify your kernel is compiled with file capabilities support: Invalid argument
I/ActivityManager(  455): Start proc com.google.android.gms for broadcast com.google.android.gms/.init.InitializeGmsReceiver: pid=11867 uid=10000 gids={50000, 3003, 1007, 1028, 1015, 1006, 2001, 3006, 3007}
I/ActivityManager(  455): Killing 11760:com.google.android.gm/u0a62 (adj 11): empty #2
W/fb4a(:<default>):BaseAnalyticsConfig(11721): willEventBeLogged() called before shared prefs were initialized! Defaulting to true.
W/fb4a(:<default>):BaseAnalyticsConfig(11721): willEventBeLogged() called before shared prefs were initialized! Defaulting to true.
W/ActivityManager(  455): Timeout executing service: ServiceRecord{64f2c850 u0 com.facebook.katana/com.facebook.ui.media.cache.MediaCacheCleanupService}
W/art     (11721): Verification of com.facebook.ansible.oem.FacebookServiceClient com.facebook.dash.common.service.FacebookServiceHelper.a(android.content.Context) took 150.482174ms
I/Process (  455): Sending signal. PID: 11721 SIG: 3
I/art     (11721): Thread[2,tid=11727,WaitingInMainSignalCatcherLoop,Thread*=0x2a0225d8,peer=0x648f8950,"Signal Catcher"]: reacting to signal 3
I/art     (11721): Wrote stack traces to '/data/anr/traces.txt'
I/Process (  455): Sending signal. PID: 455 SIG: 3
I/art     (  455): Thread[2,tid=457,WaitingInMainSignalCatcherLoop,Thread*=0x2a0c2f28,peer=0x648f3238,"Signal Catcher"]: reacting to signal 3
I/Process (  455): Sending signal. PID: 725 SIG: 3
I/art     (  725): Thread[2,tid=731,WaitingInMainSignalCatcherLoop,Thread*=0x2a022c38,peer=0x648fb8d8,"Signal Catcher"]: reacting to signal 3
I/art     (  455): Wrote stack traces to '/data/anr/traces.txt'
I/Process (  455): Sending signal. PID: 714 SIG: 3
I/art     (  714): Thread[2,tid=716,WaitingInMainSignalCatcherLoop,Thread*=0x2a0217c8,peer=0x648f8448,"Signal Catcher"]: reacting to signal 3
I/art     (  725): Wrote stack traces to '/data/anr/traces.txt'
I/Process (  455): Sending signal. PID: 705 SIG: 3
I/art     (  705): Thread[2,tid=707,WaitingInMainSignalCatcherLoop,Thread*=0x2a021838,peer=0x648f89e0,"Signal Catcher"]: reacting to signal 3
I/art     (  714): Wrote stack traces to '/data/anr/traces.txt'
I/Process (  455): Sending signal. PID: 534 SIG: 3
I/art     (  534): Thread[2,tid=537,WaitingInMainSignalCatcherLoop,Thread*=0x2a0217c8,peer=0x648fb038,"Signal Catcher"]: reacting to signal 3
I/art     (  534): Wrote stack traces to '/data/anr/traces.txt'
I/art     (  705): Wrote stack traces to '/data/anr/traces.txt'
I/art     (  455): Heap trim of managed (duration=40.283202ms, advised=88KB) and native (duration=4.028320ms, advised=668KB) heaps. Managed heap utilization of 91%.
E/ActivityManager(  455): ANR in com.facebook.katana
E/ActivityManager(  455): PID: 11721
E/ActivityManager(  455): Reason: Executing service com.facebook.katana/com.facebook.ui.media.cache.MediaCacheCleanupService
E/ActivityManager(  455): Load: 7.97 / 6.48 / 3.45
E/ActivityManager(  455): CPU usage from 4473ms to -2940ms ago:
E/ActivityManager(  455):   27% 11721/com.facebook.katana: 25% user + 1.8% kernel / faults: 4340 minor 48 major
E/ActivityManager(  455):   20% 455/system_server: 15% user + 5.1% kernel / faults: 1964 minor 5 major
E/ActivityManager(  455):   10% 11782/com.estrongs.android.pop: 9% user + 1% kernel / faults: 729 minor
E/ActivityManager(  455):   4.7% 63/mmcqd: 0% user + 4.7% kernel
E/ActivityManager(  455):   3.2% 705/com.android.phone: 1.6% user + 1.6% kernel / faults: 1833 minor 3 major
E/ActivityManager(  455):   0% 80/debuggerd: 0% user + 0% kernel / faults: 1817 minor 13 major
E/ActivityManager(  455):   2.8% 11800/com.android.mms: 2.4% user + 0.4% kernel / faults: 1310 minor
E/ActivityManager(  455):   2.1% 2883/android.process.acore: 1.7% user + 0.4% kernel / faults: 323 minor
E/ActivityManager(  455):   1.8% 82/surfaceflinger: 0.8% user + 1% kernel / faults: 27 minor 6 major
E/ActivityManager(  455):   0.6% 534/com.android.systemui: 0.3% user + 0.2% kernel / faults: 555 minor
E/ActivityManager(  455):   0.9% 24/ksmd: 0% user + 0.9% kernel
E/ActivityManager(  455):   0.9% 1998/ds.cpuoverlay: 0.9% user + 0% kernel / faults: 395 minor
E/ActivityManager(  455):   0% 714/com.bel.android.dspmanager: 0% user + 0% kernel / faults: 1857 minor
E/ActivityManager(  455):   0% 725/com.tmobile.thememanager: 0% user + 0% kernel / faults: 1859 minor
E/ActivityManager(  455):   0.1% 83/zygote: 0% user + 0% kernel / faults: 340 minor
E/ActivityManager(  455):   0.1% 10/kblockd/0: 0% user + 0.1% kernel
E/ActivityManager(  455):   0% 40/kgsl-3d0/0: 0% user + 0% kernel
E/ActivityManager(  455):   0% 11614/iostat: 0% user + 0% kernel / faults: 5 minor
E/ActivityManager(  455):  +0% 11867/com.google.android.gms: 0% user + 0% kernel
E/ActivityManager(  455): 93% TOTAL: 62% user + 21% kernel + 9.7% iowait
E/ActivityManager(  455): CPU usage from 2397ms to 2911ms later:
E/ActivityManager(  455):   7.6% 455/system_server: 3.8% user + 3.8% kernel / faults: 1 minor
E/ActivityManager(  455):     3.8% 473/ActivityManager: 0% user + 3.8% kernel
E/ActivityManager(  455):     1.9% 466/HeapTrimmerDaem: 1.9% user + 0% kernel
E/ActivityManager(  455): 5.8% TOTAL: 3.9% user + 1.9% kernel
I/ActivityManager(  455): Killing 11721:com.facebook.katana/u0a72 (adj 0): background ANR
W/ContextImpl(11867): Implicit intents with startService are not safe: Intent { act=com.google.android.gms.INITIALIZE } android.content.ContextWrapper.startService:494 android.content.ContextWrapper.startService:494 com.google.android.gms.init.InitializeGmsReceiver.onReceive:29 
I/ActivityManager(  455): Delay finish: com.google.android.gms/.init.InitializeGmsReceiver
I/ActivityManager(  455): Resuming delayed broadcast
I/ActivityManager(  455): Killing 11800:com.android.mms/u0a19 (adj 11): empty #2
D/GCM     (  858): GcmService start Intent { act=com.google.android.gms.INITIALIZE flg=0x10 pkg=com.google.android.gms cmp=com.google.android.gms/.gcm.GcmService } com.google.android.gms.INITIALIZE
W/art     (   83): Could not get current activity
E/art     (11892): prctl(PR_CAPBSET_DROP) failed with EINVAL. Please verify your kernel is compiled with file capabilities support: Invalid argument
E/art     (11892): prctl(PR_CAPBSET_DROP) failed with EINVAL. Please verify your kernel is compiled with file capabilities support: Invalid argument
E/art     (11892): prctl(PR_CAPBSET_DROP) failed with EINVAL. Please verify your kernel is compiled with file capabilities support: Invalid argument
E/art     (11892): prctl(PR_CAPBSET_DROP) failed with EINVAL. Please verify your kernel is compiled with file capabilities support: Invalid argument
E/art     (11892): prctl(PR_CAPBSET_DROP) failed with EINVAL. Please verify your kernel is compiled with file capabilities support: Invalid argument
E/art     (11892): prctl(PR_CAPBSET_DROP) failed with EINVAL. Please verify your kernel is compiled with file capabilities support: Invalid argument
E/art     (11892): prctl(PR_CAPBSET_DROP) failed with EINVAL. Please verify your kernel is compiled with file capabilities support: Invalid argument
E/art     (11892): prctl(PR_CAPBSET_DROP) failed with EINVAL. Please verify your kernel is compiled with file capabilities support: Invalid argument
E/art     (11892): prctl(PR_CAPBSET_DROP) failed with EINVAL. Please verify your kernel is compiled with file capabilities support: Invalid argument
E/art     (11892): prctl(PR_CAPBSET_DROP) failed with EINVAL. Please verify your kernel is compiled with file capabilities support: Invalid argument
E/art     (11892): prctl(PR_CAPBSET_DROP) failed with EINVAL. Please verify your kernel is compiled with file capabilities support: Invalid argument
E/art     (11892): prctl(PR_CAPBSET_DROP) failed with EINVAL. Please verify your kernel is compiled with file capabilities support: Invalid argument
E/art     (11892): prctl(PR_CAPBSET_DROP) failed with EINVAL. Please verify your kernel is compiled with file capabilities support: Invalid argument
E/art     (11892): prctl(PR_CAPBSET_DROP) failed with EINVAL. Please verify your kernel is compiled with file capabilities support: Invalid argument
E/art     (11892): prctl(PR_CAPBSET_DROP) failed with EINVAL. Please verify your kernel is compiled with file capabilities support: Invalid argument
E/art     (11892): prctl(PR_CAPBSET_DROP) failed with EINVAL. Please verify your kernel is compiled with file capabilities support: Invalid argument
E/art     (11892): prctl(PR_CAPBSET_DROP) failed with EINVAL. Please verify your kernel is compiled with file capabilities support: Invalid argument
E/art     (11892): prctl(PR_CAPBSET_DROP) failed with EINVAL. Please verify your kernel is compiled with file capabilities support: Invalid argument
E/art     (11892): prctl(PR_CAPBSET_DROP) failed with EINVAL. Please verify your kernel is compiled with file capabilities support: Invalid argument
E/art     (11892): prctl(PR_CAPBSET_DROP) failed with EINVAL. Please verify your kernel is compiled with file capabilities support: Invalid argument
E/art     (11892): prctl(PR_CAPBSET_DROP) failed with EINVAL. Please verify your kernel is compiled with file capabilities support: Invalid argument
E/art     (11892): prctl(PR_CAPBSET_DROP) failed with EINVAL. Please verify your kernel is compiled with file capabilities support: Invalid argument
E/art     (11892): prctl(PR_CAPBSET_DROP) failed with EINVAL. Please verify your kernel is compiled with file capabilities support: Invalid argument
E/art     (11892): prctl(PR_CAPBSET_DROP) failed with EINVAL. Please verify your kernel is compiled with file capabilities support: Invalid argument
E/art     (11892): prctl(PR_CAPBSET_DROP) failed with EINVAL. Please verify your kernel is compiled with file capabilities support: Invalid argument
E/art     (11892): prctl(PR_CAPBSET_DROP) failed with EINVAL. Please verify your kernel is compiled with file capabilities support: Invalid argument
E/art     (11892): prctl(PR_CAPBSET_DROP) failed with EINVAL. Please verify your kernel is compiled with file capabilities support: Invalid argument
E/art     (11892): prctl(PR_CAPBSET_DROP) failed with EINVAL. Please verify your kernel is compiled with file capabilities support: Invalid argument
E/art     (11892): prctl(PR_CAPBSET_DROP) failed with EINVAL. Please verify your kernel is compiled with file capabilities support: Invalid argument
E/art     (11892): prctl(PR_CAPBSET_DROP) failed with EINVAL. Please verify your kernel is compiled with file capabilities support: Invalid argument
E/art     (11892): prctl(PR_CAPBSET_DROP) failed with EINVAL. Please verify your kernel is compiled with file capabilities support: Invalid argument
E/art     (11892): prctl(PR_CAPBSET_DROP) failed with EINVAL. Please verify your kernel is compiled with file capabilities support: Invalid argument
E/art     (11892): prctl(PR_CAPBSET_DROP) failed with EINVAL. Please verify your kernel is compiled with file capabilities support: Invalid argument
E/art     (11892): prctl(PR_CAPBSET_DROP) failed with EINVAL. Please verify your kernel is compiled with file capabilities support: Invalid argument
I/ActivityManager(  455): Start proc com.google.android.gm for broadcast com.google.android.gm/.MailIntentReceiver: pid=11892 uid=10062 gids={50062, 3003, 1028, 1015}
I/art     ( 2883): Heap trim of managed (duration=3.021240ms, advised=152KB) and native (duration=2.960205ms, advised=0B) heaps. Managed heap utilization of 62%.
D/ActivityThread(11892): com.google.android.gm black listed for hwui
D/ActivityThread(11892): Loading provider com.android.gmail.ui: com.google.android.gm.provider.GmailProvider
W/GAV2    (11892): Thread[main,5,main]: Need to call initialize() and be in fallback mode to start dispatch.
I/ActivityManager(  455): Delay finish: com.google.android.gm/.MailIntentReceiver
I/ActivityManager(  455): Resuming delayed broadcast
I/ActivityManager(  455): Delay finish: com.google.android.gms/.playlog.uploader.UploaderAlarmReceiver
I/Gmail   (11892): calculateUnknownSyncRationalesAndPurgeInBackground: queueing
I/Gmail   (11892): calculateUnknownSyncRationalesAndPurgeInBackground: queueing
I/Gmail   (11892): calculateUnknownSyncRationalesAndPurgeInBackground: running
I/Gmail   (11892): calculateUnknownSyncRationalesAndPurgeInBackground: running
W/Uploader(11867): No account for auth token provided
W/ActivityThread(11867): ClassLoader.loadClass: The class loader returned by Thread.getContextClassLoader() may fail for processes that host multiple applications. You should explicitly specify a context class loader. For example: Thread.setContextClassLoader(getClass().getClassLoader());
I/ActivityManager(  455): Resuming delayed broadcast
E/art     (11926): prctl(PR_CAPBSET_DROP) failed with EINVAL. Please verify your kernel is compiled with file capabilities support: Invalid argument
E/art     (11926): prctl(PR_CAPBSET_DROP) failed with EINVAL. Please verify your kernel is compiled with file capabilities support: Invalid argument
E/art     (11926): prctl(PR_CAPBSET_DROP) failed with EINVAL. Please verify your kernel is compiled with file capabilities support: Invalid argument
E/art     (11926): prctl(PR_CAPBSET_DROP) failed with EINVAL. Please verify your kernel is compiled with file capabilities support: Invalid argument
E/art     (11926): prctl(PR_CAPBSET_DROP) failed with EINVAL. Please verify your kernel is compiled with file capabilities support: Invalid argument
E/art     (11926): prctl(PR_CAPBSET_DROP) failed with EINVAL. Please verify your kernel is compiled with file capabilities support: Invalid argument
E/art     (11926): prctl(PR_CAPBSET_DROP) failed with EINVAL. Please verify your kernel is compiled with file capabilities support: Invalid argument
E/art     (11926): prctl(PR_CAPBSET_DROP) failed with EINVAL. Please verify your kernel is compiled with file capabilities support: Invalid argument
E/art     (11926): prctl(PR_CAPBSET_DROP) failed with EINVAL. Please verify your kernel is compiled with file capabilities support: Invalid argument
E/art     (11926): prctl(PR_CAPBSET_DROP) failed with EINVAL. Please verify your kernel is compiled with file capabilities support: Invalid argument
E/art     (11926): prctl(PR_CAPBSET_DROP) failed with EINVAL. Please verify your kernel is compiled with file capabilities support: Invalid argument
E/art     (11926): prctl(PR_CAPBSET_DROP) failed with EINVAL. Please verify your kernel is compiled with file capabilities support: Invalid argument
E/art     (11926): prctl(PR_CAPBSET_DROP) failed with EINVAL. Please verify your kernel is compiled with file capabilities support: Invalid argument
E/art     (11926): prctl(PR_CAPBSET_DROP) failed with EINVAL. Please verify your kernel is compiled with file capabilities support: Invalid argument
E/art     (11926): prctl(PR_CAPBSET_DROP) failed with EINVAL. Please verify your kernel is compiled with file capabilities support: Invalid argument
E/art     (11926): prctl(PR_CAPBSET_DROP) failed with EINVAL. Please verify your kernel is compiled with file capabilities support: Invalid argument
E/art     (11926): prctl(PR_CAPBSET_DROP) failed with EINVAL. Please verify your kernel is compiled with file capabilities support: Invalid argument
E/art     (11926): prctl(PR_CAPBSET_DROP) failed with EINVAL. Please verify your kernel is compiled with file capabilities support: Invalid argument
E/art     (11926): prctl(PR_CAPBSET_DROP) failed with EINVAL. Please verify your kernel is compiled with file capabilities support: Invalid argument
E/art     (11926): prctl(PR_CAPBSET_DROP) failed with EINVAL. Please verify your kernel is compiled with file capabilities support: Invalid argument
E/art     (11926): prctl(PR_CAPBSET_DROP) failed with EINVAL. Please verify your kernel is compiled with file capabilities support: Invalid argument
E/art     (11926): prctl(PR_CAPBSET_DROP) failed with EINVAL. Please verify your kernel is compiled with file capabilities support: Invalid argument
E/art     (11926): prctl(PR_CAPBSET_DROP) failed with EINVAL. Please verify your kernel is compiled with file capabilities support: Invalid argument
E/art     (11926): prctl(PR_CAPBSET_DROP) failed with EINVAL. Please verify your kernel is compiled with file capabilities support: Invalid argument
E/art     (11926): prctl(PR_CAPBSET_DROP) failed with EINVAL. Please verify your kernel is compiled with file capabilities support: Invalid argument
E/art     (11926): prctl(PR_CAPBSET_DROP) failed with EINVAL. Please verify your kernel is compiled with file capabilities support: Invalid argument
E/art     (11926): prctl(PR_CAPBSET_DROP) failed with EINVAL. Please verify your kernel is compiled with file capabilities support: Invalid argument
E/art     (11926): prctl(PR_CAPBSET_DROP) failed with EINVAL. Please verify your kernel is compiled with file capabilities support: Invalid argument
E/art     (11926): prctl(PR_CAPBSET_DROP) failed with EINVAL. Please verify your kernel is compiled with file capabilities support: Invalid argument
E/art     (11926): prctl(PR_CAPBSET_DROP) failed with EINVAL. Please verify your kernel is compiled with file capabilities support: Invalid argument
E/art     (11926): prctl(PR_CAPBSET_DROP) failed with EINVAL. Please verify your kernel is compiled with file capabilities support: Invalid argument
E/art     (11926): prctl(PR_CAPBSET_DROP) failed with EINVAL. Please verify your kernel is compiled with file capabilities support: Invalid argument
E/art     (11926): prctl(PR_CAPBSET_DROP) failed with EINVAL. Please verify your kernel is compiled with file capabilities support: Invalid argument
E/art     (11926): prctl(PR_CAPBSET_DROP) failed with EINVAL. Please verify your kernel is compiled with file capabilities support: Invalid argument
I/ActivityManager(  455): Start proc com.android.mms for broadcast com.android.mms/.transaction.SmsReceiver: pid=11926 uid=10019 gids={50019, 3003, 1028, 1015}
I/ActivityManager(  455): Killing 11892:com.google.android.gm/u0a62 (adj 11): empty #2
V/MmsConfig(11926): mnc/mcc: 45201
V/MmsConfig(11926): tag: int value: maxMessageSize - 307200
V/MmsConfig(11926): tag: int value: maxImageHeight - 768
V/MmsConfig(11926): tag: int value: maxImageWidth - 1024
V/MmsConfig(11926): tag: string value: userAgent - NexusOne
V/MmsConfig(11926): tag: string value: uaProfUrl - http://www.htcmms.com.tw/Android/Common/nexusone/ua-profile.xml
V/MmsConfig(11926): tag: int value: recipientLimit - -1
V/MmsConfig(11926): tag: int value: smsToMmsTextThreshold - 4
V/MmsConfig(11926): tag: bool value: enableMultipartSMS - true
V/MmsConfig(11926): tag: bool value: enableSlideDuration - true
V/MmsConfig(11926): tag: int value: maxMessageTextSize - -1
W/Mms/cache(11926): RecipientId 16 not in cache!
I/ActivityManager(  455): Delay finish: com.android.mms/.transaction.SmsReceiver
V/SmsReceiverService(11926): onStart: #1 mResultCode: -1 = Activity.RESULT_OK
I/art     (  455): Heap trim of managed (duration=42.755128ms, advised=112KB) and native (duration=4.791261ms, advised=664KB) heaps. Managed heap utilization of 88%.
I/art     ( 2883): Heap trim of managed (duration=2.960205ms, advised=228KB) and native (duration=5.462647ms, advised=0B) heaps. Managed heap utilization of 56%.
I/ActivityManager(  455): Resuming delayed broadcast
W/ContextImpl(11867): Implicit intents with startService are not safe: Intent { act=com.google.android.gms.INITIALIZE } android.content.ContextWrapper.startService:494 android.content.ContextWrapper.startService:494 com.google.android.gms.init.InitializeGmsReceiver.onReceive:29 
I/ActivityManager(  455): Delay finish: com.google.android.gms/.init.InitializeGmsReceiver
I/ActivityManager(  455): Resuming delayed broadcast
I/ActivityManager(  455): Killing 11926:com.android.mms/u0a19 (adj 11): empty #2
D/GCM     (  858): GcmService start Intent { act=com.google.android.gms.INITIALIZE flg=0x10 pkg=com.google.android.gms cmp=com.google.android.gms/.gcm.GcmService } com.google.android.gms.INITIALIZE
W/art     (   83): Could not get current activity
E/art     (11952): prctl(PR_CAPBSET_DROP) failed with EINVAL. Please verify your kernel is compiled with file capabilities support: Invalid argument
E/art     (11952): prctl(PR_CAPBSET_DROP) failed with EINVAL. Please verify your kernel is compiled with file capabilities support: Invalid argument
E/art     (11952): prctl(PR_CAPBSET_DROP) failed with EINVAL. Please verify your kernel is compiled with file capabilities support: Invalid argument
E/art     (11952): prctl(PR_CAPBSET_DROP) failed with EINVAL. Please verify your kernel is compiled with file capabilities support: Invalid argument
E/art     (11952): prctl(PR_CAPBSET_DROP) failed with EINVAL. Please verify your kernel is compiled with file capabilities support: Invalid argument
E/art     (11952): prctl(PR_CAPBSET_DROP) failed with EINVAL. Please verify your kernel is compiled with file capabilities support: Invalid argument
E/art     (11952): prctl(PR_CAPBSET_DROP) failed with EINVAL. Please verify your kernel is compiled with file capabilities support: Invalid argument
E/art     (11952): prctl(PR_CAPBSET_DROP) failed with EINVAL. Please verify your kernel is compiled with file capabilities support: Invalid argument
E/art     (11952): prctl(PR_CAPBSET_DROP) failed with EINVAL. Please verify your kernel is compiled with file capabilities support: Invalid argument
E/art     (11952): prctl(PR_CAPBSET_DROP) failed with EINVAL. Please verify your kernel is compiled with file capabilities support: Invalid argument
E/art     (11952): prctl(PR_CAPBSET_DROP) failed with EINVAL. Please verify your kernel is compiled with file capabilities support: Invalid argument
E/art     (11952): prctl(PR_CAPBSET_DROP) failed with EINVAL. Please verify your kernel is compiled with file capabilities support: Invalid argument
E/art     (11952): prctl(PR_CAPBSET_DROP) failed with EINVAL. Please verify your kernel is compiled with file capabilities support: Invalid argument
E/art     (11952): prctl(PR_CAPBSET_DROP) failed with EINVAL. Please verify your kernel is compiled with file capabilities support: Invalid argument
E/art     (11952): prctl(PR_CAPBSET_DROP) failed with EINVAL. Please verify your kernel is compiled with file capabilities support: Invalid argument
E/art     (11952): prctl(PR_CAPBSET_DROP) failed with EINVAL. Please verify your kernel is compiled with file capabilities support: Invalid argument
E/art     (11952): prctl(PR_CAPBSET_DROP) failed with EINVAL. Please verify your kernel is compiled with file capabilities support: Invalid argument
E/art     (11952): prctl(PR_CAPBSET_DROP) failed with EINVAL. Please verify your kernel is compiled with file capabilities support: Invalid argument
E/art     (11952): prctl(PR_CAPBSET_DROP) failed with EINVAL. Please verify your kernel is compiled with file capabilities support: Invalid argument
E/art     (11952): prctl(PR_CAPBSET_DROP) failed with EINVAL. Please verify your kernel is compiled with file capabilities support: Invalid argument
E/art     (11952): prctl(PR_CAPBSET_DROP) failed with EINVAL. Please verify your kernel is compiled with file capabilities support: Invalid argument
E/art     (11952): prctl(PR_CAPBSET_DROP) failed with EINVAL. Please verify your kernel is compiled with file capabilities support: Invalid argument
E/art     (11952): prctl(PR_CAPBSET_DROP) failed with EINVAL. Please verify your kernel is compiled with file capabilities support: Invalid argument
E/art     (11952): prctl(PR_CAPBSET_DROP) failed with EINVAL. Please verify your kernel is compiled with file capabilities support: Invalid argument
E/art     (11952): prctl(PR_CAPBSET_DROP) failed with EINVAL. Please verify your kernel is compiled with file capabilities support: Invalid argument
E/art     (11952): prctl(PR_CAPBSET_DROP) failed with EINVAL. Please verify your kernel is compiled with file capabilities support: Invalid argument
E/art     (11952): prctl(PR_CAPBSET_DROP) failed with EINVAL. Please verify your kernel is compiled with file capabilities support: Invalid argument
E/art     (11952): prctl(PR_CAPBSET_DROP) failed with EINVAL. Please verify your kernel is compiled with file capabilities support: Invalid argument
E/art     (11952): prctl(PR_CAPBSET_DROP) failed with EINVAL. Please verify your kernel is compiled with file capabilities support: Invalid argument
E/art     (11952): prctl(PR_CAPBSET_DROP) failed with EINVAL. Please verify your kernel is compiled with file capabilities support: Invalid argument
E/art     (11952): prctl(PR_CAPBSET_DROP) failed with EINVAL. Please verify your kernel is compiled with file capabilities support: Invalid argument
E/art     (11952): prctl(PR_CAPBSET_DROP) failed with EINVAL. Please verify your kernel is compiled with file capabilities support: Invalid argument
E/art     (11952): prctl(PR_CAPBSET_DROP) failed with EINVAL. Please verify your kernel is compiled with file capabilities support: Invalid argument
E/art     (11952): prctl(PR_CAPBSET_DROP) failed with EINVAL. Please verify your kernel is compiled with file capabilities support: Invalid argument
I/ActivityManager(  455): Start proc com.google.android.gm for broadcast com.google.android.gm/.MailIntentReceiver: pid=11952 uid=10062 gids={50062, 3003, 1028, 1015}
D/ActivityThread(11952): com.google.android.gm black listed for hwui
D/ActivityThread(11952): Loading provider com.android.gmail.ui: com.google.android.gm.provider.GmailProvider
W/GAV2    (11952): Thread[main,5,main]: Need to call initialize() and be in fallback mode to start dispatch.
I/ActivityManager(  455): Delay finish: com.google.android.gm/.MailIntentReceiver
I/ActivityManager(  455): Resuming delayed broadcast
E/art     (11974): prctl(PR_CAPBSET_DROP) failed with EINVAL. Please verify your kernel is compiled with file capabilities support: Invalid argument
E/art     (11974): prctl(PR_CAPBSET_DROP) failed with EINVAL. Please verify your kernel is compiled with file capabilities support: Invalid argument
E/art     (11974): prctl(PR_CAPBSET_DROP) failed with EINVAL. Please verify your kernel is compiled with file capabilities support: Invalid argument
E/art     (11974): prctl(PR_CAPBSET_DROP) failed with EINVAL. Please verify your kernel is compiled with file capabilities support: Invalid argument
E/art     (11974): prctl(PR_CAPBSET_DROP) failed with EINVAL. Please verify your kernel is compiled with file capabilities support: Invalid argument
E/art     (11974): prctl(PR_CAPBSET_DROP) failed with EINVAL. Please verify your kernel is compiled with file capabilities support: Invalid argument
E/art     (11974): prctl(PR_CAPBSET_DROP) failed with EINVAL. Please verify your kernel is compiled with file capabilities support: Invalid argument
E/art     (11974): prctl(PR_CAPBSET_DROP) failed with EINVAL. Please verify your kernel is compiled with file capabilities support: Invalid argument
E/art     (11974): prctl(PR_CAPBSET_DROP) failed with EINVAL. Please verify your kernel is compiled with file capabilities support: Invalid argument
E/art     (11974): prctl(PR_CAPBSET_DROP) failed with EINVAL. Please verify your kernel is compiled with file capabilities support: Invalid argument
E/art     (11974): prctl(PR_CAPBSET_DROP) failed with EINVAL. Please verify your kernel is compiled with file capabilities support: Invalid argument
E/art     (11974): prctl(PR_CAPBSET_DROP) failed with EINVAL. Please verify your kernel is compiled with file capabilities support: Invalid argument
E/art     (11974): prctl(PR_CAPBSET_DROP) failed with EINVAL. Please verify your kernel is compiled with file capabilities support: Invalid argument
E/art     (11974): prctl(PR_CAPBSET_DROP) failed with EINVAL. Please verify your kernel is compiled with file capabilities support: Invalid argument
E/art     (11974): prctl(PR_CAPBSET_DROP) failed with EINVAL. Please verify your kernel is compiled with file capabilities support: Invalid argument
E/art     (11974): prctl(PR_CAPBSET_DROP) failed with EINVAL. Please verify your kernel is compiled with file capabilities support: Invalid argument
E/art     (11974): prctl(PR_CAPBSET_DROP) failed with EINVAL. Please verify your kernel is compiled with file capabilities support: Invalid argument
E/art     (11974): prctl(PR_CAPBSET_DROP) failed with EINVAL. Please verify your kernel is compiled with file capabilities support: Invalid argument
E/art     (11974): prctl(PR_CAPBSET_DROP) failed with EINVAL. Please verify your kernel is compiled with file capabilities support: Invalid argument
E/art     (11974): prctl(PR_CAPBSET_DROP) failed with EINVAL. Please verify your kernel is compiled with file capabilities support: Invalid argument
E/art     (11974): prctl(PR_CAPBSET_DROP) failed with EINVAL. Please verify your kernel is compiled with file capabilities support: Invalid argument
E/art     (11974): prctl(PR_CAPBSET_DROP) failed with EINVAL. Please verify your kernel is compiled with file capabilities support: Invalid argument
E/art     (11974): prctl(PR_CAPBSET_DROP) failed with EINVAL. Please verify your kernel is compiled with file capabilities support: Invalid argument
E/art     (11974): prctl(PR_CAPBSET_DROP) failed with EINVAL. Please verify your kernel is compiled with file capabilities support: Invalid argument
E/art     (11974): prctl(PR_CAPBSET_DROP) failed with EINVAL. Please verify your kernel is compiled with file capabilities support: Invalid argument
E/art     (11974): prctl(PR_CAPBSET_DROP) failed with EINVAL. Please verify your kernel is compiled with file capabilities support: Invalid argument
E/art     (11974): prctl(PR_CAPBSET_DROP) failed with EINVAL. Please verify your kernel is compiled with file capabilities support: Invalid argument
E/art     (11974): prctl(PR_CAPBSET_DROP) failed with EINVAL. Please verify your kernel is compiled with file capabilities support: Invalid argument
E/art     (11974): prctl(PR_CAPBSET_DROP) failed with EINVAL. Please verify your kernel is compiled with file capabilities support: Invalid argument
E/art     (11974): prctl(PR_CAPBSET_DROP) failed with EINVAL. Please verify your kernel is compiled with file capabilities support: Invalid argument
E/art     (11974): prctl(PR_CAPBSET_DROP) failed with EINVAL. Please verify your kernel is compiled with file capabilities support: Invalid argument
E/art     (11974): prctl(PR_CAPBSET_DROP) failed with EINVAL. Please verify your kernel is compiled with file capabilities support: Invalid argument
E/art     (11974): prctl(PR_CAPBSET_DROP) failed with EINVAL. Please verify your kernel is compiled with file capabilities support: Invalid argument
E/art     (11974): prctl(PR_CAPBSET_DROP) failed with EINVAL. Please verify your kernel is compiled with file capabilities support: Invalid argument
I/ActivityManager(  455): Start proc com.android.mms for broadcast com.android.mms/.transaction.SmsReceiver: pid=11974 uid=10019 gids={50019, 3003, 1028, 1015}
I/ActivityManager(  455): Killing 11867:com.google.android.gms/u0a0 (adj 11): empty #2
V/MmsConfig(11974): mnc/mcc: 45201
V/MmsConfig(11974): tag: int value: maxMessageSize - 307200
V/MmsConfig(11974): tag: int value: maxImageHeight - 768
V/MmsConfig(11974): tag: int value: maxImageWidth - 1024
V/MmsConfig(11974): tag: string value: userAgent - NexusOne
V/MmsConfig(11974): tag: string value: uaProfUrl - http://www.htcmms.com.tw/Android/Common/nexusone/ua-profile.xml
V/MmsConfig(11974): tag: int value: recipientLimit - -1
V/MmsConfig(11974): tag: int value: smsToMmsTextThreshold - 4
V/MmsConfig(11974): tag: bool value: enableMultipartSMS - true
V/MmsConfig(11974): tag: bool value: enableSlideDuration - true
V/MmsConfig(11974): tag: int value: maxMessageTextSize - -1
W/Mms/cache(11974): RecipientId 16 not in cache!
I/ActivityManager(  455): Delay finish: com.android.mms/.transaction.SmsReceiver
V/SmsReceiverService(11974): onStart: #1 mResultCode: -1 = Activity.RESULT_OK
I/ActivityManager(  455): Resuming delayed broadcast
I/ActivityManager(  455): Delay finish: com.google.android.gm/.MailIntentReceiver
I/ActivityManager(  455): Resuming delayed broadcast
I/ActivityManager(  455): Delay finish: com.android.mms/.transaction.SmsReceiver
V/SmsReceiverService(11974): onStart: #1 mResultCode: -1 = Activity.RESULT_OK
I/art     (11952): GcCauseBackground partial concurrent mark sweep GC freed 15466(876KB) AllocSpace objects, 7(112KB) LOS objects, 31% free, 2MB/3MB, paused 51.696ms total 279.815ms
I/ActivityManager(  455): Resuming delayed broadcast
I/Gmail   (11952): calculateUnknownSyncRationalesAndPurgeInBackground: queueing
I/ActivityManager(  455): Killing 11974:com.android.mms/u0a19 (adj 11): empty #2
I/Gmail   (11952): calculateUnknownSyncRationalesAndPurgeInBackground: queueing
I/Gmail   (11952): calculateUnknownSyncRationalesAndPurgeInBackground: running
I/Gmail   (11952): calculateUnknownSyncRationalesAndPurgeInBackground: running
W/GAV2    (11952): Thread[GAThread,5,main]: Service unavailable (code=1), will retry.
W/ActivityManager(  455): Unable to start service Intent { act=com.google.android.gms.analytics.service.START cmp=com.google.android.gms/.analytics.service.AnalyticsService (has extras) } U=0: not found
I/GAV2    (11952): Thread[GAThread,5,main]: No campaign data found.
I/ActivityManager(11782): Timeline: Activity_launch_request id:com.estrongs.android.pop time:588678
I/ActivityManager(  455): START u0 {cmp=com.estrongs.android.pop/.app.OpenRecomm (has extras)} from pid 11782
W/ResourceType(11782): No package identifier when getting value for resource number 0x00000000
W/ResourceType(11782): No package identifier when getting value for resource number 0x00000000
W/ResourceType(11782): No package identifier when getting value for resource number 0x00000000
W/ResourceType(11782): No package identifier when getting value for resource number 0x00000000
W/ResourceType(11782): No package identifier when getting value for resource number 0x00000000
W/ResourceType(11782): No package identifier when getting value for resource number 0x00000000
W/ResourceType(11782): No package identifier when getting value for resource number 0x00000000
W/ResourceType(11782): No package identifier when getting value for resource number 0x00000000
I/ActivityManager(  455): Displayed com.estrongs.android.pop/.app.OpenRecomm: +1s327ms
I/ActivityManager(  455): Timeline: Activity_windows_visible id: ActivityRecord{64f032b0 u0 com.estrongs.android.pop/.app.OpenRecomm t3} time:590114
I/ActivityManager(11782): Timeline: Activity_idle id: android.os.BinderProxy@64ae8150 time:590145
I/ActivityManager(11782): Timeline: Activity_idle id: android.os.BinderProxy@64909600 time:592249
W/ActivityManager(  455): Unable to start service Intent { act=com.google.android.gms.analytics.service.START cmp=com.google.android.gms/.analytics.service.AnalyticsService (has extras) } U=0: not found
W/GAV2    (11952): Thread[Service Reconnect,5,main]: Service unavailable (code=1), using local store.
I/art     ( 1998): Heap trim of managed (duration=1.647949ms, advised=272KB) and native (duration=3.417968ms, advised=320KB) heaps. Managed heap utilization of 41%.
W/ResourceType(11782): No package identifier when getting value for resource number 0x00000000
W/ResourceType(11782): No package identifier when getting value for resource number 0x00000000
W/ResourceType(11782): No package identifier when getting value for resource number 0x00000000
W/ResourceType(11782): No package identifier when getting value for resource number 0x00000000
I/ActivityManager(11782): Timeline: Activity_launch_request id:com.estrongs.android.pop time:617593
I/ActivityManager(  455): START u0 {cmp=com.estrongs.android.pop/.app.OpenRecomm (has extras)} from pid 11782
W/ResourceType(11782): No package identifier when getting value for resource number 0x00000000
W/ResourceType(11782): No package identifier when getting value for resource number 0x00000000
W/ResourceType(11782): No package identifier when getting value for resource number 0x00000000
W/ResourceType(11782): No package identifier when getting value for resource number 0x00000000
W/ResourceType(11782): No package identifier when getting value for resource number 0x00000000
W/ResourceType(11782): No package identifier when getting value for resource number 0x00000000
W/ResourceType(11782): No package identifier when getting value for resource number 0x00000000
W/ResourceType(11782): No package identifier when getting value for resource number 0x00000000
I/art     (  455): Heap trim of managed (duration=50.994874ms, advised=112KB) and native (duration=4.211426ms, advised=664KB) heaps. Managed heap utilization of 88%.
I/ActivityManager(  455): Displayed com.estrongs.android.pop/.app.OpenRecomm: +507ms
I/ActivityManager(  455): Timeline: Activity_windows_visible id: ActivityRecord{64fa0e48 u0 com.estrongs.android.pop/.app.OpenRecomm t3} time:618169
I/ActivityManager(11782): Timeline: Activity_idle id: android.os.BinderProxy@64c2b9d8 time:618173
I/ActivityManager(11782): Timeline: Activity_launch_request id:com.estrongs.android.pop time:619501
I/ActivityManager(  455): START u0 {act=android.intent.action.VIEW cat=[android.intent.category.DEFAULT] dat=file:///storage/sdcard0/Download/Apps/commands for Android.txt typ=text/plain flg=0x10000000 cmp=com.estrongs.android.pop/.app.editor.PopNoteEditor (has extras)} from pid 11782
W/ResourceType(11782): No package identifier when getting value for resource number 0x00000000
W/ResourceType(11782): No package identifier when getting value for resource number 0x00000000
W/ResourceType(11782): No package identifier when getting value for resource number 0x00000000
W/ResourceType(11782): No package identifier when getting value for resource number 0x00000000
W/ResourceType(11782): No package identifier when getting value for resource number 0x00000000
W/ResourceType(11782): No package identifier when getting value for resource number 0x00000000
W/ResourceType(11782): No package identifier when getting value for resource number 0x00000000
W/ResourceType(11782): No package identifier when getting value for resource number 0x00000000
W/ResourceType(11782): No package identifier when getting value for resource number 0x00000000
W/ResourceType(11782): No package identifier when getting value for resource number 0x00000000
W/ResourceType(11782): No package identifier when getting value for resource number 0x00000000
W/ResourceType(11782): No package identifier when getting value for resource number 0x00000000
W/ResourceType(11782): No package identifier when getting value for resource number 0x00000000
W/ResourceType(11782): No package identifier when getting value for resource number 0x00000000
W/ResourceType(11782): No package identifier when getting value for resource number 0x00000000
W/ResourceType(11782): No package identifier when getting value for resource number 0x00000000
W/ResourceType(11782): No package identifier when getting value for resource number 0x00000000
