W/ResourceType(11782): No package identifier when getting value for resource number 0x00000000
W/ResourceType(11782): No package identifier when getting value for resource number 0x00000000
I/ActivityManager(  455): Displayed com.estrongs.android.pop/.app.editor.PopNoteEditor: +883ms
I/ActivityManager(  455): Timeline: Activity_windows_visible id: ActivityRecord{64f032b0 u0 com.estrongs.android.pop/.app.editor.PopNoteEditor t3} time:620414
I/ActivityManager(11782): Timeline: Activity_idle id: android.os.BinderProxy@64c60b08 time:620454
I/art     ( 1998): Heap trim of managed (duration=1.708984ms, advised=280KB) and native (duration=4.882813ms, advised=304KB) heaps. Managed heap utilization of 41%.
W/ResourceType(11782): No package identifier when getting value for resource number 0x00000000
W/ResourceType(11782): No package identifier when getting value for resource number 0x00000000
I/art     (11782): GcCauseBackground sticky partial concurrent mark sweep GC freed 10887(650KB) AllocSpace objects, 2(60KB) LOS objects, 11% free, 5MB/6MB, paused 5.096ms total 35.156ms
W/ResourceType(11782): No package identifier when getting value for resource number 0x00000000
W/ResourceType(11782): No package identifier when getting value for resource number 0x00000000
W/ResourceType(11782): No package identifier when getting value for resource number 0x00000000
W/ResourceType(11782): No package identifier when getting value for resource number 0x00000000
W/ResourceType(11782): No package identifier when getting value for resource number 0x00000000
W/ResourceType(11782): No package identifier when getting value for resource number 0x00000000
W/ResourceType(11782): No package identifier when getting value for resource number 0x00000000
W/ResourceType(11782): No package identifier when getting value for resource number 0x00000000
W/ResourceType(11782): No package identifier when getting value for resource number 0x00000000
W/ResourceType(11782): No package identifier when getting value for resource number 0x00000000
W/ResourceType(11782): No package identifier when getting value for resource number 0x00000000
W/ResourceType(11782): No package identifier when getting value for resource number 0x00000000
W/ResourceType(11782): No package identifier when getting value for resource number 0x00000000
W/bh      (  686): Cannot load auto correction threshold setting. currentAutoCorrectionSetting: 0, autoCorrectionThresholdValues: [, 0.185, 0.067, 0]
I/Choreographer(11782): Skipped 51 frames!  The application may be doing too much work on its main thread.
I/art     (  534): Heap trim of managed (duration=7.385254ms, advised=264KB) and native (duration=3.051757ms, advised=4KB) heaps. Managed heap utilization of 74%.
I/art     (  534): Heap trim of managed (duration=24.505616ms, advised=280KB) and native (duration=3.387451ms, advised=20KB) heaps. Managed heap utilization of 68%.
I/ActivityManager(  455): START u0 {act=android.intent.action.MAIN cat=[android.intent.category.HOME] flg=0x10200000 cmp=com.teslacoilsw.launcher/com.android.launcher2.Launcher} from pid 455
W/IInputConnectionWrapper(11782): showStatusIcon on inactive InputConnection
I/ActivityManager(  752): Timeline: Activity_idle id: android.os.BinderProxy@649097b8 time:641463
I/ActivityManager(  455): Killing 11782:com.estrongs.android.pop/u0a67 (adj 2): cached #1
I/ActivityManager(  455): Timeline: Activity_windows_visible id: ActivityRecord{64e607b0 u0 com.teslacoilsw.launcher/com.android.launcher2.Launcher t1} time:641540
W/ActivityManager(  455): Force removing ActivityRecord{64f032b0 u0 com.estrongs.android.pop/.app.editor.PopNoteEditor t3}: app died, no saved state
I/WindowState(  455): WIN DEATH: Window{64ea19a8 u0 com.estrongs.android.pop/com.estrongs.android.pop.view.FileExplorerActivity}
I/WindowState(  455): WIN DEATH: Window{64d3b9e8 u0 com.estrongs.android.pop/com.estrongs.android.pop.app.editor.PopNoteEditor}
I/ActivityManager(  752): Timeline: Activity_launch_request id:jackpal.androidterm time:646527
I/ActivityManager(  455): START u0 {act=android.intent.action.MAIN cat=[android.intent.category.LAUNCHER] flg=0x10200000 cmp=jackpal.androidterm/.Term bnds=[0,282][120,405]} from pid 752
W/art     (   83): Could not get current activity
E/art     (12038): prctl(PR_CAPBSET_DROP) failed with EINVAL. Please verify your kernel is compiled with file capabilities support: Invalid argument
E/art     (12038): prctl(PR_CAPBSET_DROP) failed with EINVAL. Please verify your kernel is compiled with file capabilities support: Invalid argument
E/art     (12038): prctl(PR_CAPBSET_DROP) failed with EINVAL. Please verify your kernel is compiled with file capabilities support: Invalid argument
E/art     (12038): prctl(PR_CAPBSET_DROP) failed with EINVAL. Please verify your kernel is compiled with file capabilities support: Invalid argument
E/art     (12038): prctl(PR_CAPBSET_DROP) failed with EINVAL. Please verify your kernel is compiled with file capabilities support: Invalid argument
E/art     (12038): prctl(PR_CAPBSET_DROP) failed with EINVAL. Please verify your kernel is compiled with file capabilities support: Invalid argument
E/art     (12038): prctl(PR_CAPBSET_DROP) failed with EINVAL. Please verify your kernel is compiled with file capabilities support: Invalid argument
E/art     (12038): prctl(PR_CAPBSET_DROP) failed with EINVAL. Please verify your kernel is compiled with file capabilities support: Invalid argument
E/art     (12038): prctl(PR_CAPBSET_DROP) failed with EINVAL. Please verify your kernel is compiled with file capabilities support: Invalid argument
E/art     (12038): prctl(PR_CAPBSET_DROP) failed with EINVAL. Please verify your kernel is compiled with file capabilities support: Invalid argument
E/art     (12038): prctl(PR_CAPBSET_DROP) failed with EINVAL. Please verify your kernel is compiled with file capabilities support: Invalid argument
E/art     (12038): prctl(PR_CAPBSET_DROP) failed with EINVAL. Please verify your kernel is compiled with file capabilities support: Invalid argument
E/art     (12038): prctl(PR_CAPBSET_DROP) failed with EINVAL. Please verify your kernel is compiled with file capabilities support: Invalid argument
E/art     (12038): prctl(PR_CAPBSET_DROP) failed with EINVAL. Please verify your kernel is compiled with file capabilities support: Invalid argument
E/art     (12038): prctl(PR_CAPBSET_DROP) failed with EINVAL. Please verify your kernel is compiled with file capabilities support: Invalid argument
E/art     (12038): prctl(PR_CAPBSET_DROP) failed with EINVAL. Please verify your kernel is compiled with file capabilities support: Invalid argument
E/art     (12038): prctl(PR_CAPBSET_DROP) failed with EINVAL. Please verify your kernel is compiled with file capabilities support: Invalid argument
E/art     (12038): prctl(PR_CAPBSET_DROP) failed with EINVAL. Please verify your kernel is compiled with file capabilities support: Invalid argument
E/art     (12038): prctl(PR_CAPBSET_DROP) failed with EINVAL. Please verify your kernel is compiled with file capabilities support: Invalid argument
E/art     (12038): prctl(PR_CAPBSET_DROP) failed with EINVAL. Please verify your kernel is compiled with file capabilities support: Invalid argument
E/art     (12038): prctl(PR_CAPBSET_DROP) failed with EINVAL. Please verify your kernel is compiled with file capabilities support: Invalid argument
E/art     (12038): prctl(PR_CAPBSET_DROP) failed with EINVAL. Please verify your kernel is compiled with file capabilities support: Invalid argument
E/art     (12038): prctl(PR_CAPBSET_DROP) failed with EINVAL. Please verify your kernel is compiled with file capabilities support: Invalid argument
E/art     (12038): prctl(PR_CAPBSET_DROP) failed with EINVAL. Please verify your kernel is compiled with file capabilities support: Invalid argument
E/art     (12038): prctl(PR_CAPBSET_DROP) failed with EINVAL. Please verify your kernel is compiled with file capabilities support: Invalid argument
E/art     (12038): prctl(PR_CAPBSET_DROP) failed with EINVAL. Please verify your kernel is compiled with file capabilities support: Invalid argument
E/art     (12038): prctl(PR_CAPBSET_DROP) failed with EINVAL. Please verify your kernel is compiled with file capabilities support: Invalid argument
E/art     (12038): prctl(PR_CAPBSET_DROP) failed with EINVAL. Please verify your kernel is compiled with file capabilities support: Invalid argument
E/art     (12038): prctl(PR_CAPBSET_DROP) failed with EINVAL. Please verify your kernel is compiled with file capabilities support: Invalid argument
E/art     (12038): prctl(PR_CAPBSET_DROP) failed with EINVAL. Please verify your kernel is compiled with file capabilities support: Invalid argument
E/art     (12038): prctl(PR_CAPBSET_DROP) failed with EINVAL. Please verify your kernel is compiled with file capabilities support: Invalid argument
E/art     (12038): prctl(PR_CAPBSET_DROP) failed with EINVAL. Please verify your kernel is compiled with file capabilities support: Invalid argument
E/art     (12038): prctl(PR_CAPBSET_DROP) failed with EINVAL. Please verify your kernel is compiled with file capabilities support: Invalid argument
E/art     (12038): prctl(PR_CAPBSET_DROP) failed with EINVAL. Please verify your kernel is compiled with file capabilities support: Invalid argument
I/ActivityManager(  455): Start proc jackpal.androidterm for activity jackpal.androidterm/.Term: pid=12038 uid=10074 gids={50074, 3003, 1028, 1015}
I/art     (12038): Turning on JNI app bug workarounds for target SDK version 11...
V/PhoneStatusBar(  534): setLightsOn(true)
E/Term    (12038): onCreate
D/Term    (12038): TermService started
I/TermService(12038): Activity called onBind()
I/Term    (12038): Bound to TermService
I/TermService(12038): Activity binding to service
I/libjackpal-androidterm(12038): JNI_OnLoad
I/am      (  686): InputType.TYPE_NULL is specified
W/bh      (  686): Cannot load auto correction threshold setting. currentAutoCorrectionSetting: 0, autoCorrectionThresholdValues: [, 0.185, 0.067, 0]
I/am      (  686): InputType.TYPE_NULL is specified
W/bh      (  686): Cannot load auto correction threshold setting. currentAutoCorrectionSetting: 0, autoCorrectionThresholdValues: [, 0.185, 0.067, 0]
I/Term    (12038): waiting for: 12054
I/ActivityManager(  455): Displayed jackpal.androidterm/.Term: +1s218ms
I/ActivityManager(  455): Timeline: Activity_windows_visible id: ActivityRecord{64cfb710 u0 jackpal.androidterm/.Term t5} time:647789
I/ActivityManager(12038): Timeline: Activity_idle id: android.os.BinderProxy@64908e30 time:647942
E/LatinIME(  686): Backspace when we don't know the selection position
D/su      (12064): su invoked.
D/su      (12064): starting daemon client 10074 0
D/su      (12071): su invoked.
D/su      (12071): db allowed
D/su      (12071): 10074 /system/xbin/su executing 0 /system/bin/sh using binary /system/bin/sh : sh
D/AndroidRuntime(12072): 
D/AndroidRuntime(12072): >>>>>> AndroidRuntime START com.android.internal.os.RuntimeInit <<<<<<
D/AndroidRuntime(12072): CheckJNI is OFF
E/art     (12072): Unrecognized option -XX:mainThreadStackSize=24K
E/art     (12072): Unrecognized option -Xjitcodecachesize:0
W/art     (12072): Ignoring unknown -Xgc option: precise
E/memtrack(12072): Couldn't load memtrack module (No such file or directory)
E/android.os.Debug(12072): failed to load memtrack module: -2
W/art     (12072): JNI RegisterNativeMethods: attempt to register 0 native methods for android.content.res.Configuration
D/AndroidRuntime(12072): Calling main entry com.android.commands.am.Am
W/art     (   83): Could not get current activity
E/art     (12086): prctl(PR_CAPBSET_DROP) failed with EINVAL. Please verify your kernel is compiled with file capabilities support: Invalid argument
E/art     (12086): prctl(PR_CAPBSET_DROP) failed with EINVAL. Please verify your kernel is compiled with file capabilities support: Invalid argument
E/art     (12086): prctl(PR_CAPBSET_DROP) failed with EINVAL. Please verify your kernel is compiled with file capabilities support: Invalid argument
E/art     (12086): prctl(PR_CAPBSET_DROP) failed with EINVAL. Please verify your kernel is compiled with file capabilities support: Invalid argument
E/art     (12086): prctl(PR_CAPBSET_DROP) failed with EINVAL. Please verify your kernel is compiled with file capabilities support: Invalid argument
E/art     (12086): prctl(PR_CAPBSET_DROP) failed with EINVAL. Please verify your kernel is compiled with file capabilities support: Invalid argument
E/art     (12086): prctl(PR_CAPBSET_DROP) failed with EINVAL. Please verify your kernel is compiled with file capabilities support: Invalid argument
E/art     (12086): prctl(PR_CAPBSET_DROP) failed with EINVAL. Please verify your kernel is compiled with file capabilities support: Invalid argument
E/art     (12086): prctl(PR_CAPBSET_DROP) failed with EINVAL. Please verify your kernel is compiled with file capabilities support: Invalid argument
E/art     (12086): prctl(PR_CAPBSET_DROP) failed with EINVAL. Please verify your kernel is compiled with file capabilities support: Invalid argument
E/art     (12086): prctl(PR_CAPBSET_DROP) failed with EINVAL. Please verify your kernel is compiled with file capabilities support: Invalid argument
E/art     (12086): prctl(PR_CAPBSET_DROP) failed with EINVAL. Please verify your kernel is compiled with file capabilities support: Invalid argument
E/art     (12086): prctl(PR_CAPBSET_DROP) failed with EINVAL. Please verify your kernel is compiled with file capabilities support: Invalid argument
E/art     (12086): prctl(PR_CAPBSET_DROP) failed with EINVAL. Please verify your kernel is compiled with file capabilities support: Invalid argument
E/art     (12086): prctl(PR_CAPBSET_DROP) failed with EINVAL. Please verify your kernel is compiled with file capabilities support: Invalid argument
E/art     (12086): prctl(PR_CAPBSET_DROP) failed with EINVAL. Please verify your kernel is compiled with file capabilities support: Invalid argument
E/art     (12086): prctl(PR_CAPBSET_DROP) failed with EINVAL. Please verify your kernel is compiled with file capabilities support: Invalid argument
E/art     (12086): prctl(PR_CAPBSET_DROP) failed with EINVAL. Please verify your kernel is compiled with file capabilities support: Invalid argument
E/art     (12086): prctl(PR_CAPBSET_DROP) failed with EINVAL. Please verify your kernel is compiled with file capabilities support: Invalid argument
E/art     (12086): prctl(PR_CAPBSET_DROP) failed with EINVAL. Please verify your kernel is compiled with file capabilities support: Invalid argument
E/art     (12086): prctl(PR_CAPBSET_DROP) failed with EINVAL. Please verify your kernel is compiled with file capabilities support: Invalid argument
E/art     (12086): prctl(PR_CAPBSET_DROP) failed with EINVAL. Please verify your kernel is compiled with file capabilities support: Invalid argument
E/art     (12086): prctl(PR_CAPBSET_DROP) failed with EINVAL. Please verify your kernel is compiled with file capabilities support: Invalid argument
E/art     (12086): prctl(PR_CAPBSET_DROP) failed with EINVAL. Please verify your kernel is compiled with file capabilities support: Invalid argument
E/art     (12086): prctl(PR_CAPBSET_DROP) failed with EINVAL. Please verify your kernel is compiled with file capabilities support: Invalid argument
E/art     (12086): prctl(PR_CAPBSET_DROP) failed with EINVAL. Please verify your kernel is compiled with file capabilities support: Invalid argument
E/art     (12086): prctl(PR_CAPBSET_DROP) failed with EINVAL. Please verify your kernel is compiled with file capabilities support: Invalid argument
E/art     (12086): prctl(PR_CAPBSET_DROP) failed with EINVAL. Please verify your kernel is compiled with file capabilities support: Invalid argument
E/art     (12086): prctl(PR_CAPBSET_DROP) failed with EINVAL. Please verify your kernel is compiled with file capabilities support: Invalid argument
E/art     (12086): prctl(PR_CAPBSET_DROP) failed with EINVAL. Please verify your kernel is compiled with file capabilities support: Invalid argument
E/art     (12086): prctl(PR_CAPBSET_DROP) failed with EINVAL. Please verify your kernel is compiled with file capabilities support: Invalid argument
E/art     (12086): prctl(PR_CAPBSET_DROP) failed with EINVAL. Please verify your kernel is compiled with file capabilities support: Invalid argument
E/art     (12086): prctl(PR_CAPBSET_DROP) failed with EINVAL. Please verify your kernel is compiled with file capabilities support: Invalid argument
E/art     (12086): prctl(PR_CAPBSET_DROP) failed with EINVAL. Please verify your kernel is compiled with file capabilities support: Invalid argument
I/ActivityManager(  455): Start proc com.android.settings for broadcast com.android.settings/.cyanogenmod.superuser.SuReceiver: pid=12086 uid=1000 gids={41000, 1028, 1015, 3002, 3001, 3003}
D/ActivityThread(12086): com.android.settings black listed for hwui
E/cutils-trace(12072): Error opening trace file: No such file or directory (2)
D/AndroidRuntime(12072): Shutting down VM
I/ActivityManager(  455): Killing 12086:com.android.settings/1000 (adj 11): empty #2
V/PhoneStatusBar(  534): setLightsOn(true)
W/InputMethodManagerService(  455): Window already focused, ignoring focus gain of: com.android.internal.view.IInputMethodClient$Stub$Proxy@64f2ad88 attribute=null, token = android.os.BinderProxy@64ef1b98
I/art     ( 1998): Heap trim of managed (duration=1.647950ms, advised=236KB) and native (duration=3.723145ms, advised=304KB) heaps. Managed heap utilization of 43%.
I/art     ( 1998): Heap trim of managed (duration=1.617431ms, advised=264KB) and native (duration=3.173828ms, advised=304KB) heaps. Managed heap utilization of 40%.
I/art     (  534): Heap trim of managed (duration=9.826660ms, advised=276KB) and native (duration=3.692627ms, advised=16KB) heaps. Managed heap utilization of 71%.
I/PackageManager(  455):   Action: "android.intent.action.SENDTO"
I/PackageManager(  455):   Category: "android.intent.category.DEFAULT"
I/PackageManager(  455):   Scheme: "sms"
I/PackageManager(  455): Adding preferred activity ComponentInfo{com.android.mms/com.android.mms.ui.ComposeMessageActivity} for user 0 :
I/InputReader(  455): Reconfiguring input devices.  changes=0x00000010
I/PackageManager(  455):   Action: "android.intent.action.SENDTO"
I/PackageManager(  455):   Category: "android.intent.category.DEFAULT"
I/PackageManager(  455):   Scheme: "smsto"
I/PackageManager(  455): Adding preferred activity ComponentInfo{com.android.mms/com.android.mms.ui.ComposeMessageActivity} for user 0 :
I/PackageManager(  455):   Action: "android.intent.action.SENDTO"
I/PackageManager(  455):   Category: "android.intent.category.DEFAULT"
I/PackageManager(  455):   Scheme: "mms"
I/PackageManager(  455): Adding preferred activity ComponentInfo{com.android.mms/com.android.mms.ui.ComposeMessageActivity} for user 0 :
I/PackageManager(  455):   Action: "android.intent.action.SENDTO"
I/PackageManager(  455):   Category: "android.intent.category.DEFAULT"
I/PackageManager(  455):   Scheme: "mmsto"
I/PackageManager(  455): Adding preferred activity ComponentInfo{com.android.mms/com.android.mms.ui.ComposeMessageActivity} for user 0 :
I/PackageManager(  455):   Action: "android.intent.action.SENDTO"
I/PackageManager(  455):   Category: "android.intent.category.DEFAULT"
I/PackageManager(  455):   Scheme: "sms"
I/PackageManager(  455): Adding preferred activity ComponentInfo{com.android.mms/com.android.mms.ui.ComposeMessageActivity} for user 0 :
W/art     (   83): Could not get current activity
I/PackageManager(  455):   Action: "android.intent.action.SENDTO"
I/PackageManager(  455):   Category: "android.intent.category.DEFAULT"
I/PackageManager(  455):   Scheme: "smsto"
I/PackageManager(  455): Adding preferred activity ComponentInfo{com.android.mms/com.android.mms.ui.ComposeMessageActivity} for user 0 :
E/art     (12102): prctl(PR_CAPBSET_DROP) failed with EINVAL. Please verify your kernel is compiled with file capabilities support: Invalid argument
E/art     (12102): prctl(PR_CAPBSET_DROP) failed with EINVAL. Please verify your kernel is compiled with file capabilities support: Invalid argument
E/art     (12102): prctl(PR_CAPBSET_DROP) failed with EINVAL. Please verify your kernel is compiled with file capabilities support: Invalid argument
E/art     (12102): prctl(PR_CAPBSET_DROP) failed with EINVAL. Please verify your kernel is compiled with file capabilities support: Invalid argument
E/art     (12102): prctl(PR_CAPBSET_DROP) failed with EINVAL. Please verify your kernel is compiled with file capabilities support: Invalid argument
E/art     (12102): prctl(PR_CAPBSET_DROP) failed with EINVAL. Please verify your kernel is compiled with file capabilities support: Invalid argument
E/art     (12102): prctl(PR_CAPBSET_DROP) failed with EINVAL. Please verify your kernel is compiled with file capabilities support: Invalid argument
E/art     (12102): prctl(PR_CAPBSET_DROP) failed with EINVAL. Please verify your kernel is compiled with file capabilities support: Invalid argument
E/art     (12102): prctl(PR_CAPBSET_DROP) failed with EINVAL. Please verify your kernel is compiled with file capabilities support: Invalid argument
E/art     (12102): prctl(PR_CAPBSET_DROP) failed with EINVAL. Please verify your kernel is compiled with file capabilities support: Invalid argument
E/art     (12102): prctl(PR_CAPBSET_DROP) failed with EINVAL. Please verify your kernel is compiled with file capabilities support: Invalid argument
E/art     (12102): prctl(PR_CAPBSET_DROP) failed with EINVAL. Please verify your kernel is compiled with file capabilities support: Invalid argument
E/art     (12102): prctl(PR_CAPBSET_DROP) failed with EINVAL. Please verify your kernel is compiled with file capabilities support: Invalid argument
E/art     (12102): prctl(PR_CAPBSET_DROP) failed with EINVAL. Please verify your kernel is compiled with file capabilities support: Invalid argument
E/art     (12102): prctl(PR_CAPBSET_DROP) failed with EINVAL. Please verify your kernel is compiled with file capabilities support: Invalid argument
E/art     (12102): prctl(PR_CAPBSET_DROP) failed with EINVAL. Please verify your kernel is compiled with file capabilities support: Invalid argument
E/art     (12102): prctl(PR_CAPBSET_DROP) failed with EINVAL. Please verify your kernel is compiled with file capabilities support: Invalid argument
E/art     (12102): prctl(PR_CAPBSET_DROP) failed with EINVAL. Please verify your kernel is compiled with file capabilities support: Invalid argument
E/art     (12102): prctl(PR_CAPBSET_DROP) failed with EINVAL. Please verify your kernel is compiled with file capabilities support: Invalid argument
E/art     (12102): prctl(PR_CAPBSET_DROP) failed with EINVAL. Please verify your kernel is compiled with file capabilities support: Invalid argument
E/art     (12102): prctl(PR_CAPBSET_DROP) failed with EINVAL. Please verify your kernel is compiled with file capabilities support: Invalid argument
E/art     (12102): prctl(PR_CAPBSET_DROP) failed with EINVAL. Please verify your kernel is compiled with file capabilities support: Invalid argument
E/art     (12102): prctl(PR_CAPBSET_DROP) failed with EINVAL. Please verify your kernel is compiled with file capabilities support: Invalid argument
E/art     (12102): prctl(PR_CAPBSET_DROP) failed with EINVAL. Please verify your kernel is compiled with file capabilities support: Invalid argument
E/art     (12102): prctl(PR_CAPBSET_DROP) failed with EINVAL. Please verify your kernel is compiled with file capabilities support: Invalid argument
E/art     (12102): prctl(PR_CAPBSET_DROP) failed with EINVAL. Please verify your kernel is compiled with file capabilities support: Invalid argument
E/art     (12102): prctl(PR_CAPBSET_DROP) failed with EINVAL. Please verify your kernel is compiled with file capabilities support: Invalid argument
E/art     (12102): prctl(PR_CAPBSET_DROP) failed with EINVAL. Please verify your kernel is compiled with file capabilities support: Invalid argument
E/art     (12102): prctl(PR_CAPBSET_DROP) failed with EINVAL. Please verify your kernel is compiled with file capabilities support: Invalid argument
E/art     (12102): prctl(PR_CAPBSET_DROP) failed with EINVAL. Please verify your kernel is compiled with file capabilities support: Invalid argument
E/art     (12102): prctl(PR_CAPBSET_DROP) failed with EINVAL. Please verify your kernel is compiled with file capabilities support: Invalid argument
E/art     (12102): prctl(PR_CAPBSET_DROP) failed with EINVAL. Please verify your kernel is compiled with file capabilities support: Invalid argument
E/art     (12102): prctl(PR_CAPBSET_DROP) failed with EINVAL. Please verify your kernel is compiled with file capabilities support: Invalid argument
E/art     (12102): prctl(PR_CAPBSET_DROP) failed with EINVAL. Please verify your kernel is compiled with file capabilities support: Invalid argument
I/ActivityManager(  455): Start proc com.google.android.gms for service com.google.android.gms/.app.service.SystemBroadcastService: pid=12102 uid=10000 gids={50000, 3003, 1007, 1028, 1015, 1006, 2001, 3006, 3007}
I/PackageManager(  455):   Action: "android.intent.action.SENDTO"
I/PackageManager(  455):   Category: "android.intent.category.DEFAULT"
I/PackageManager(  455):   Scheme: "mms"
I/PackageManager(  455): Adding preferred activity ComponentInfo{com.android.mms/com.android.mms.ui.ComposeMessageActivity} for user 0 :
I/ActivityManager(  455): Delay finish: com.google.android.gms/.app.receiver.SystemBroadcastReceiver
I/PackageManager(  455):   Action: "android.intent.action.SENDTO"
I/PackageManager(  455):   Category: "android.intent.category.DEFAULT"
I/PackageManager(  455):   Scheme: "mmsto"
I/PackageManager(  455): Adding preferred activity ComponentInfo{com.android.mms/com.android.mms.ui.ComposeMessageActivity} for user 0 :
I/art     (  752): Heap trim of managed (duration=29.388427ms, advised=28KB) and native (duration=45.379638ms, advised=148KB) heaps. Managed heap utilization of 85%.
D/SystemBroadcastService(12102): Received broadcast action=android.intent.action.PACKAGE_CHANGED and uri=
I/art     (  874): Heap trim of managed (duration=2.868652ms, advised=76KB) and native (duration=1.922608ms, advised=60KB) heaps. Managed heap utilization of 71%.
I/GCoreUlr(  874): Ensuring that reporting is stopped because of reasons: {account#3#=[InactiveReason{mVersionCode=0, mIdentifier=12, mName='LocationDisabled'}]}
D/GCoreFlp(  874): Unknown pending intent to remove.
I/GCoreUlr(  874): Unbound from all location providers
D/Icing   (12102): Default language: en
D/Icing   (12102): Init last flush num docs 1296 last docstore size 792832
D/Icing   (12102): Docid map file has data, scanning...
D/Icing   (12102): Scanning /data/data/com.google.android.gms/files/AppDataSearch/main/cur/ds.docids found 1349 documents, last docstore location 806400
D/Icing   (12102): File /data/data/com.google.android.gms/files/AppDataSearch/main/cur/ds.perdocdata contains 1349 records of size 6
D/Icing   (12102): Corpus scoring data inited successfully num corpora 4
D/Icing   (12102): Init docstore ok num docs 1349 bytes 806656
V/Icing   (12102): Lite index crc computed in 0.153ms
V/Icing   (12102): Lite index init ok in 71.777ms
D/Icing   (12102): Lite index recovered docid (1295, 1348]
V/Icing   (12102): Warming lite-index took 0.031ms
V/Icing   (12102): Warming lexicon took 0.702ms
V/Icing   (12102): Warming display mappings took 0.122ms
D/Icing   (12102): Init index ok num docs 1349
D/Icing   (12102): Init done
I/ActivityManager(  455): Resuming delayed broadcast
W/art     (   83): Could not get current activity
E/art     (12130): prctl(PR_CAPBSET_DROP) failed with EINVAL. Please verify your kernel is compiled with file capabilities support: Invalid argument
E/art     (12130): prctl(PR_CAPBSET_DROP) failed with EINVAL. Please verify your kernel is compiled with file capabilities support: Invalid argument
E/art     (12130): prctl(PR_CAPBSET_DROP) failed with EINVAL. Please verify your kernel is compiled with file capabilities support: Invalid argument
E/art     (12130): prctl(PR_CAPBSET_DROP) failed with EINVAL. Please verify your kernel is compiled with file capabilities support: Invalid argument
E/art     (12130): prctl(PR_CAPBSET_DROP) failed with EINVAL. Please verify your kernel is compiled with file capabilities support: Invalid argument
E/art     (12130): prctl(PR_CAPBSET_DROP) failed with EINVAL. Please verify your kernel is compiled with file capabilities support: Invalid argument
E/art     (12130): prctl(PR_CAPBSET_DROP) failed with EINVAL. Please verify your kernel is compiled with file capabilities support: Invalid argument
E/art     (12130): prctl(PR_CAPBSET_DROP) failed with EINVAL. Please verify your kernel is compiled with file capabilities support: Invalid argument
E/art     (12130): prctl(PR_CAPBSET_DROP) failed with EINVAL. Please verify your kernel is compiled with file capabilities support: Invalid argument
E/art     (12130): prctl(PR_CAPBSET_DROP) failed with EINVAL. Please verify your kernel is compiled with file capabilities support: Invalid argument
E/art     (12130): prctl(PR_CAPBSET_DROP) failed with EINVAL. Please verify your kernel is compiled with file capabilities support: Invalid argument
E/art     (12130): prctl(PR_CAPBSET_DROP) failed with EINVAL. Please verify your kernel is compiled with file capabilities support: Invalid argument
E/art     (12130): prctl(PR_CAPBSET_DROP) failed with EINVAL. Please verify your kernel is compiled with file capabilities support: Invalid argument
E/art     (12130): prctl(PR_CAPBSET_DROP) failed with EINVAL. Please verify your kernel is compiled with file capabilities support: Invalid argument
E/art     (12130): prctl(PR_CAPBSET_DROP) failed with EINVAL. Please verify your kernel is compiled with file capabilities support: Invalid argument
E/art     (12130): prctl(PR_CAPBSET_DROP) failed with EINVAL. Please verify your kernel is compiled with file capabilities support: Invalid argument
E/art     (12130): prctl(PR_CAPBSET_DROP) failed with EINVAL. Please verify your kernel is compiled with file capabilities support: Invalid argument
E/art     (12130): prctl(PR_CAPBSET_DROP) failed with EINVAL. Please verify your kernel is compiled with file capabilities support: Invalid argument
E/art     (12130): prctl(PR_CAPBSET_DROP) failed with EINVAL. Please verify your kernel is compiled with file capabilities support: Invalid argument
E/art     (12130): prctl(PR_CAPBSET_DROP) failed with EINVAL. Please verify your kernel is compiled with file capabilities support: Invalid argument
E/art     (12130): prctl(PR_CAPBSET_DROP) failed with EINVAL. Please verify your kernel is compiled with file capabilities support: Invalid argument
E/art     (12130): prctl(PR_CAPBSET_DROP) failed with EINVAL. Please verify your kernel is compiled with file capabilities support: Invalid argument
E/art     (12130): prctl(PR_CAPBSET_DROP) failed with EINVAL. Please verify your kernel is compiled with file capabilities support: Invalid argument
E/art     (12130): prctl(PR_CAPBSET_DROP) failed with EINVAL. Please verify your kernel is compiled with file capabilities support: Invalid argument
E/art     (12130): prctl(PR_CAPBSET_DROP) failed with EINVAL. Please verify your kernel is compiled with file capabilities support: Invalid argument
E/art     (12130): prctl(PR_CAPBSET_DROP) failed with EINVAL. Please verify your kernel is compiled with file capabilities support: Invalid argument
E/art     (12130): prctl(PR_CAPBSET_DROP) failed with EINVAL. Please verify your kernel is compiled with file capabilities support: Invalid argument
E/art     (12130): prctl(PR_CAPBSET_DROP) failed with EINVAL. Please verify your kernel is compiled with file capabilities support: Invalid argument
E/art     (12130): prctl(PR_CAPBSET_DROP) failed with EINVAL. Please verify your kernel is compiled with file capabilities support: Invalid argument
E/art     (12130): prctl(PR_CAPBSET_DROP) failed with EINVAL. Please verify your kernel is compiled with file capabilities support: Invalid argument
E/art     (12130): prctl(PR_CAPBSET_DROP) failed with EINVAL. Please verify your kernel is compiled with file capabilities support: Invalid argument
I/ActivityManager(  455): Start proc com.android.launcher3 for broadcast com.android.launcher3/.PackageChangedReceiver: pid=12130 uid=10018 gids={50018, 1028}
E/art     (12130): prctl(PR_CAPBSET_DROP) failed with EINVAL. Please verify your kernel is compiled with file capabilities support: Invalid argument
E/art     (12130): prctl(PR_CAPBSET_DROP) failed with EINVAL. Please verify your kernel is compiled with file capabilities support: Invalid argument
E/art     (12130): prctl(PR_CAPBSET_DROP) failed with EINVAL. Please verify your kernel is compiled with file capabilities support: Invalid argument
I/ActivityManager(  455): Killing 12102:com.google.android.gms/u0a0 (adj 11): empty #2
V/Launcher(12130): LauncherAppState inited
W/Launcher(12130): setApplicationContext called twice! old=com.android.launcher3.LauncherApplication@64923828 new=com.android.launcher3.LauncherApplication@64923828
I/art     (   83): GcCauseExplicit concurrent mark sweep GC freed 584(24KB) AllocSpace objects, 0(0B) LOS objects, 12% free, 1151KB/1320KB, paused 7.171ms total 25.848ms
E/art     (12148): prctl(PR_CAPBSET_DROP) failed with EINVAL. Please verify your kernel is compiled with file capabilities support: Invalid argument
E/art     (12148): prctl(PR_CAPBSET_DROP) failed with EINVAL. Please verify your kernel is compiled with file capabilities support: Invalid argument
E/art     (12148): prctl(PR_CAPBSET_DROP) failed with EINVAL. Please verify your kernel is compiled with file capabilities support: Invalid argument
E/art     (12148): prctl(PR_CAPBSET_DROP) failed with EINVAL. Please verify your kernel is compiled with file capabilities support: Invalid argument
E/art     (12148): prctl(PR_CAPBSET_DROP) failed with EINVAL. Please verify your kernel is compiled with file capabilities support: Invalid argument
E/art     (12148): prctl(PR_CAPBSET_DROP) failed with EINVAL. Please verify your kernel is compiled with file capabilities support: Invalid argument
E/art     (12148): prctl(PR_CAPBSET_DROP) failed with EINVAL. Please verify your kernel is compiled with file capabilities support: Invalid argument
E/art     (12148): prctl(PR_CAPBSET_DROP) failed with EINVAL. Please verify your kernel is compiled with file capabilities support: Invalid argument
E/art     (12148): prctl(PR_CAPBSET_DROP) failed with EINVAL. Please verify your kernel is compiled with file capabilities support: Invalid argument
E/art     (12148): prctl(PR_CAPBSET_DROP) failed with EINVAL. Please verify your kernel is compiled with file capabilities support: Invalid argument
E/art     (12148): prctl(PR_CAPBSET_DROP) failed with EINVAL. Please verify your kernel is compiled with file capabilities support: Invalid argument
E/art     (12148): prctl(PR_CAPBSET_DROP) failed with EINVAL. Please verify your kernel is compiled with file capabilities support: Invalid argument
E/art     (12148): prctl(PR_CAPBSET_DROP) failed with EINVAL. Please verify your kernel is compiled with file capabilities support: Invalid argument
E/art     (12148): prctl(PR_CAPBSET_DROP) failed with EINVAL. Please verify your kernel is compiled with file capabilities support: Invalid argument
E/art     (12148): prctl(PR_CAPBSET_DROP) failed with EINVAL. Please verify your kernel is compiled with file capabilities support: Invalid argument
E/art     (12148): prctl(PR_CAPBSET_DROP) failed with EINVAL. Please verify your kernel is compiled with file capabilities support: Invalid argument
E/art     (12148): prctl(PR_CAPBSET_DROP) failed with EINVAL. Please verify your kernel is compiled with file capabilities support: Invalid argument
E/art     (12148): prctl(PR_CAPBSET_DROP) failed with EINVAL. Please verify your kernel is compiled with file capabilities support: Invalid argument
E/art     (12148): prctl(PR_CAPBSET_DROP) failed with EINVAL. Please verify your kernel is compiled with file capabilities support: Invalid argument
E/art     (12148): prctl(PR_CAPBSET_DROP) failed with EINVAL. Please verify your kernel is compiled with file capabilities support: Invalid argument
E/art     (12148): prctl(PR_CAPBSET_DROP) failed with EINVAL. Please verify your kernel is compiled with file capabilities support: Invalid argument
E/art     (12148): prctl(PR_CAPBSET_DROP) failed with EINVAL. Please verify your kernel is compiled with file capabilities support: Invalid argument
E/art     (12148): prctl(PR_CAPBSET_DROP) failed with EINVAL. Please verify your kernel is compiled with file capabilities support: Invalid argument
E/art     (12148): prctl(PR_CAPBSET_DROP) failed with EINVAL. Please verify your kernel is compiled with file capabilities support: Invalid argument
E/art     (12148): prctl(PR_CAPBSET_DROP) failed with EINVAL. Please verify your kernel is compiled with file capabilities support: Invalid argument
E/art     (12148): prctl(PR_CAPBSET_DROP) failed with EINVAL. Please verify your kernel is compiled with file capabilities support: Invalid argument
E/art     (12148): prctl(PR_CAPBSET_DROP) failed with EINVAL. Please verify your kernel is compiled with file capabilities support: Invalid argument
E/art     (12148): prctl(PR_CAPBSET_DROP) failed with EINVAL. Please verify your kernel is compiled with file capabilities support: Invalid argument
E/art     (12148): prctl(PR_CAPBSET_DROP) failed with EINVAL. Please verify your kernel is compiled with file capabilities support: Invalid argument
E/art     (12148): prctl(PR_CAPBSET_DROP) failed with EINVAL. Please verify your kernel is compiled with file capabilities support: Invalid argument
E/art     (12148): prctl(PR_CAPBSET_DROP) failed with EINVAL. Please verify your kernel is compiled with file capabilities support: Invalid argument
E/art     (12148): prctl(PR_CAPBSET_DROP) failed with EINVAL. Please verify your kernel is compiled with file capabilities support: Invalid argument
E/art     (12148): prctl(PR_CAPBSET_DROP) failed with EINVAL. Please verify your kernel is compiled with file capabilities support: Invalid argument
E/art     (12148): prctl(PR_CAPBSET_DROP) failed with EINVAL. Please verify your kernel is compiled with file capabilities support: Invalid argument
I/ActivityManager(  455): Start proc com.android.voicedialer for broadcast com.android.voicedialer/.VoiceDialerReceiver: pid=12148 uid=10003 gids={50003, 3002}
I/ActivityManager(  455): Killing 12130:com.android.launcher3/u0a18 (adj 11): empty #2
I/ActivityManager(  455): Killing 12148:com.android.voicedialer/u0a3 (adj 11): empty #2
E/art     (12163): prctl(PR_CAPBSET_DROP) failed with EINVAL. Please verify your kernel is compiled with file capabilities support: Invalid argument
E/art     (12163): prctl(PR_CAPBSET_DROP) failed with EINVAL. Please verify your kernel is compiled with file capabilities support: Invalid argument
E/art     (12163): prctl(PR_CAPBSET_DROP) failed with EINVAL. Please verify your kernel is compiled with file capabilities support: Invalid argument
E/art     (12163): prctl(PR_CAPBSET_DROP) failed with EINVAL. Please verify your kernel is compiled with file capabilities support: Invalid argument
E/art     (12163): prctl(PR_CAPBSET_DROP) failed with EINVAL. Please verify your kernel is compiled with file capabilities support: Invalid argument
E/art     (12163): prctl(PR_CAPBSET_DROP) failed with EINVAL. Please verify your kernel is compiled with file capabilities support: Invalid argument
E/art     (12163): prctl(PR_CAPBSET_DROP) failed with EINVAL. Please verify your kernel is compiled with file capabilities support: Invalid argument
E/art     (12163): prctl(PR_CAPBSET_DROP) failed with EINVAL. Please verify your kernel is compiled with file capabilities support: Invalid argument
E/art     (12163): prctl(PR_CAPBSET_DROP) failed with EINVAL. Please verify your kernel is compiled with file capabilities support: Invalid argument
E/art     (12163): prctl(PR_CAPBSET_DROP) failed with EINVAL. Please verify your kernel is compiled with file capabilities support: Invalid argument
E/art     (12163): prctl(PR_CAPBSET_DROP) failed with EINVAL. Please verify your kernel is compiled with file capabilities support: Invalid argument
E/art     (12163): prctl(PR_CAPBSET_DROP) failed with EINVAL. Please verify your kernel is compiled with file capabilities support: Invalid argument
E/art     (12163): prctl(PR_CAPBSET_DROP) failed with EINVAL. Please verify your kernel is compiled with file capabilities support: Invalid argument
E/art     (12163): prctl(PR_CAPBSET_DROP) failed with EINVAL. Please verify your kernel is compiled with file capabilities support: Invalid argument
E/art     (12163): prctl(PR_CAPBSET_DROP) failed with EINVAL. Please verify your kernel is compiled with file capabilities support: Invalid argument
E/art     (12163): prctl(PR_CAPBSET_DROP) failed with EINVAL. Please verify your kernel is compiled with file capabilities support: Invalid argument
E/art     (12163): prctl(PR_CAPBSET_DROP) failed with EINVAL. Please verify your kernel is compiled with file capabilities support: Invalid argument
E/art     (12163): prctl(PR_CAPBSET_DROP) failed with EINVAL. Please verify your kernel is compiled with file capabilities support: Invalid argument
E/art     (12163): prctl(PR_CAPBSET_DROP) failed with EINVAL. Please verify your kernel is compiled with file capabilities support: Invalid argument
E/art     (12163): prctl(PR_CAPBSET_DROP) failed with EINVAL. Please verify your kernel is compiled with file capabilities support: Invalid argument
E/art     (12163): prctl(PR_CAPBSET_DROP) failed with EINVAL. Please verify your kernel is compiled with file capabilities support: Invalid argument
E/art     (12163): prctl(PR_CAPBSET_DROP) failed with EINVAL. Please verify your kernel is compiled with file capabilities support: Invalid argument
E/art     (12163): prctl(PR_CAPBSET_DROP) failed with EINVAL. Please verify your kernel is compiled with file capabilities support: Invalid argument
E/art     (12163): prctl(PR_CAPBSET_DROP) failed with EINVAL. Please verify your kernel is compiled with file capabilities support: Invalid argument
E/art     (12163): prctl(PR_CAPBSET_DROP) failed with EINVAL. Please verify your kernel is compiled with file capabilities support: Invalid argument
E/art     (12163): prctl(PR_CAPBSET_DROP) failed with EINVAL. Please verify your kernel is compiled with file capabilities support: Invalid argument
E/art     (12163): prctl(PR_CAPBSET_DROP) failed with EINVAL. Please verify your kernel is compiled with file capabilities support: Invalid argument
E/art     (12163): prctl(PR_CAPBSET_DROP) failed with EINVAL. Please verify your kernel is compiled with file capabilities support: Invalid argument
E/art     (12163): prctl(PR_CAPBSET_DROP) failed with EINVAL. Please verify your kernel is compiled with file capabilities support: Invalid argument
E/art     (12163): prctl(PR_CAPBSET_DROP) failed with EINVAL. Please verify your kernel is compiled with file capabilities support: Invalid argument
E/art     (12163): prctl(PR_CAPBSET_DROP) failed with EINVAL. Please verify your kernel is compiled with file capabilities support: Invalid argument
E/art     (12163): prctl(PR_CAPBSET_DROP) failed with EINVAL. Please verify your kernel is compiled with file capabilities support: Invalid argument
E/art     (12163): prctl(PR_CAPBSET_DROP) failed with EINVAL. Please verify your kernel is compiled with file capabilities support: Invalid argument
E/art     (12163): prctl(PR_CAPBSET_DROP) failed with EINVAL. Please verify your kernel is compiled with file capabilities support: Invalid argument
I/ActivityManager(  455): Start proc com.android.gallery3d for broadcast com.android.gallery3d/.app.PackagesMonitor: pid=12163 uid=10037 gids={50037, 1006, 3003, 1028, 1015}
I/art     (   83): GcCauseExplicit concurrent mark sweep GC freed 512(22KB) AllocSpace objects, 0(0B) LOS objects, 12% free, 1151KB/1320KB, paused 7.354ms total 27.954ms
I/art     (   83): GcCauseExplicit concurrent mark sweep GC freed 2(56B) AllocSpace objects, 0(0B) LOS objects, 12% free, 1151KB/1320KB, paused 13.671ms total 24.322ms
W/art     (   83): Could not get current activity
E/art     (12180): prctl(PR_CAPBSET_DROP) failed with EINVAL. Please verify your kernel is compiled with file capabilities support: Invalid argument
E/art     (12180): prctl(PR_CAPBSET_DROP) failed with EINVAL. Please verify your kernel is compiled with file capabilities support: Invalid argument
E/art     (12180): prctl(PR_CAPBSET_DROP) failed with EINVAL. Please verify your kernel is compiled with file capabilities support: Invalid argument
E/art     (12180): prctl(PR_CAPBSET_DROP) failed with EINVAL. Please verify your kernel is compiled with file capabilities support: Invalid argument
E/art     (12180): prctl(PR_CAPBSET_DROP) failed with EINVAL. Please verify your kernel is compiled with file capabilities support: Invalid argument
E/art     (12180): prctl(PR_CAPBSET_DROP) failed with EINVAL. Please verify your kernel is compiled with file capabilities support: Invalid argument
E/art     (12180): prctl(PR_CAPBSET_DROP) failed with EINVAL. Please verify your kernel is compiled with file capabilities support: Invalid argument
E/art     (12180): prctl(PR_CAPBSET_DROP) failed with EINVAL. Please verify your kernel is compiled with file capabilities support: Invalid argument
E/art     (12180): prctl(PR_CAPBSET_DROP) failed with EINVAL. Please verify your kernel is compiled with file capabilities support: Invalid argument
E/art     (12180): prctl(PR_CAPBSET_DROP) failed with EINVAL. Please verify your kernel is compiled with file capabilities support: Invalid argument
E/art     (12180): prctl(PR_CAPBSET_DROP) failed with EINVAL. Please verify your kernel is compiled with file capabilities support: Invalid argument
E/art     (12180): prctl(PR_CAPBSET_DROP) failed with EINVAL. Please verify your kernel is compiled with file capabilities support: Invalid argument
E/art     (12180): prctl(PR_CAPBSET_DROP) failed with EINVAL. Please verify your kernel is compiled with file capabilities support: Invalid argument
E/art     (12180): prctl(PR_CAPBSET_DROP) failed with EINVAL. Please verify your kernel is compiled with file capabilities support: Invalid argument
E/art     (12180): prctl(PR_CAPBSET_DROP) failed with EINVAL. Please verify your kernel is compiled with file capabilities support: Invalid argument
E/art     (12180): prctl(PR_CAPBSET_DROP) failed with EINVAL. Please verify your kernel is compiled with file capabilities support: Invalid argument
E/art     (12180): prctl(PR_CAPBSET_DROP) failed with EINVAL. Please verify your kernel is compiled with file capabilities support: Invalid argument
E/art     (12180): prctl(PR_CAPBSET_DROP) failed with EINVAL. Please verify your kernel is compiled with file capabilities support: Invalid argument
E/art     (12180): prctl(PR_CAPBSET_DROP) failed with EINVAL. Please verify your kernel is compiled with file capabilities support: Invalid argument
E/art     (12180): prctl(PR_CAPBSET_DROP) failed with EINVAL. Please verify your kernel is compiled with file capabilities support: Invalid argument
E/art     (12180): prctl(PR_CAPBSET_DROP) failed with EINVAL. Please verify your kernel is compiled with file capabilities support: Invalid argument
E/art     (12180): prctl(PR_CAPBSET_DROP) failed with EINVAL. Please verify your kernel is compiled with file capabilities support: Invalid argument
E/art     (12180): prctl(PR_CAPBSET_DROP) failed with EINVAL. Please verify your kernel is compiled with file capabilities support: Invalid argument
E/art     (12180): prctl(PR_CAPBSET_DROP) failed with EINVAL. Please verify your kernel is compiled with file capabilities support: Invalid argument
E/art     (12180): prctl(PR_CAPBSET_DROP) failed with EINVAL. Please verify your kernel is compiled with file capabilities support: Invalid argument
E/art     (12180): prctl(PR_CAPBSET_DROP) failed with EINVAL. Please verify your kernel is compiled with file capabilities support: Invalid argument
E/art     (12180): prctl(PR_CAPBSET_DROP) failed with EINVAL. Please verify your kernel is compiled with file capabilities support: Invalid argument
E/art     (12180): prctl(PR_CAPBSET_DROP) failed with EINVAL. Please verify your kernel is compiled with file capabilities support: Invalid argument
E/art     (12180): prctl(PR_CAPBSET_DROP) failed with EINVAL. Please verify your kernel is compiled with file capabilities support: Invalid argument
E/art     (12180): prctl(PR_CAPBSET_DROP) failed with EINVAL. Please verify your kernel is compiled with file capabilities support: Invalid argument
E/art     (12180): prctl(PR_CAPBSET_DROP) failed with EINVAL. Please verify your kernel is compiled with file capabilities support: Invalid argument
E/art     (12180): prctl(PR_CAPBSET_DROP) failed with EINVAL. Please verify your kernel is compiled with file capabilities support: Invalid argument
E/art     (12180): prctl(PR_CAPBSET_DROP) failed with EINVAL. Please verify your kernel is compiled with file capabilities support: Invalid argument
E/art     (12180): prctl(PR_CAPBSET_DROP) failed with EINVAL. Please verify your kernel is compiled with file capabilities support: Invalid argument
I/ActivityManager(  455): Start proc com.google.android.googlequicksearchbox:search for broadcast com.google.android.googlequicksearchbox/com.google.android.search.core.summons.icing.InternalIcingCorporaProvider$CorporaChangedReceiver: pid=12180 uid=10059 gids={50059, 3003, 1028, 3002, 1015}
I/ActivityManager(  455): Killing 12163:com.android.gallery3d/u0a37 (adj 11): empty #2
