I/ActivityManager(12317): Timeline: Activity_idle id: android.os.BinderProxy@64afef48 time:759964
I/ActivityManager(12317): Timeline: Activity_launch_request id:com.estrongs.android.pop time:762334
I/ActivityManager(  455): START u0 {act=android.intent.action.VIEW cat=[android.intent.category.DEFAULT] dat=file:///storage/sdcard0/logcat.txt typ=text/plain flg=0x10000000 cmp=com.estrongs.android.pop/.app.editor.PopNoteEditor (has extras)} from pid 12317
W/ResourceType(12317): No package identifier when getting value for resource number 0x00000000
W/ResourceType(12317): No package identifier when getting value for resource number 0x00000000
W/ResourceType(12317): No package identifier when getting value for resource number 0x00000000
W/ResourceType(12317): No package identifier when getting value for resource number 0x00000000
W/ResourceType(12317): No package identifier when getting value for resource number 0x00000000
W/ResourceType(12317): No package identifier when getting value for resource number 0x00000000
W/ResourceType(12317): No package identifier when getting value for resource number 0x00000000
W/ResourceType(12317): No package identifier when getting value for resource number 0x00000000
W/ResourceType(12317): No package identifier when getting value for resource number 0x00000000
W/ResourceType(12317): No package identifier when getting value for resource number 0x00000000
W/ResourceType(12317): No package identifier when getting value for resource number 0x00000000
W/ResourceType(12317): No package identifier when getting value for resource number 0x00000000
W/ResourceType(12317): No package identifier when getting value for resource number 0x00000000
W/ResourceType(12317): No package identifier when getting value for resource number 0x00000000
W/ResourceType(12317): No package identifier when getting value for resource number 0x00000000
W/ResourceType(12317): No package identifier when getting value for resource number 0x00000000
W/ResourceType(12317): No package identifier when getting value for resource number 0x00000000
W/ResourceType(12317): No package identifier when getting value for resource number 0x00000000
W/ResourceType(12317): No package identifier when getting value for resource number 0x00000000
I/art     ( 1998): Heap trim of managed (duration=1.678467ms, advised=248KB) and native (duration=9.002686ms, advised=308KB) heaps. Managed heap utilization of 42%.
I/ActivityManager(  455): Displayed com.estrongs.android.pop/.app.editor.PopNoteEditor: +1s291ms
I/ActivityManager(  455): Timeline: Activity_windows_visible id: ActivityRecord{64d01d20 u0 com.estrongs.android.pop/.app.editor.PopNoteEditor t3} time:763651
I/ActivityManager(12317): Timeline: Activity_idle id: android.os.BinderProxy@64bcc030 time:764255
W/System.err(12317): java.lang.IllegalStateException
W/System.err(12317): 	at com.estrongs.android.pop.app.editor.PopNoteEditor.a(Unknown Source)
W/System.err(12317): 	at com.estrongs.android.pop.app.editor.PopNoteEditor.a(Unknown Source)
W/System.err(12317): 	at com.estrongs.android.pop.app.editor.PopNoteEditor.a(Unknown Source)
W/System.err(12317): 	at com.estrongs.android.pop.app.editor.PopNoteEditor.a(Unknown Source)
W/System.err(12317): 	at com.estrongs.android.pop.app.editor.PopNoteEditor.a(Unknown Source)
W/System.err(12317): 	at com.estrongs.android.pop.app.editor.PopNoteEditor.a(Unknown Source)
W/System.err(12317): 	at com.estrongs.android.pop.app.editor.PopNoteEditor.j(Unknown Source)
W/System.err(12317): 	at com.estrongs.android.pop.app.editor.PopNoteEditor.J(Unknown Source)
W/System.err(12317): 	at com.estrongs.android.pop.app.editor.ad.run(Unknown Source)
E/PopNoteEditor(12317): ProgressThread invalid progress
W/art     (   83): Could not get current activity
E/art     (12366): prctl(PR_CAPBSET_DROP) failed with EINVAL. Please verify your kernel is compiled with file capabilities support: Invalid argument
E/art     (12366): prctl(PR_CAPBSET_DROP) failed with EINVAL. Please verify your kernel is compiled with file capabilities support: Invalid argument
E/art     (12366): prctl(PR_CAPBSET_DROP) failed with EINVAL. Please verify your kernel is compiled with file capabilities support: Invalid argument
E/art     (12366): prctl(PR_CAPBSET_DROP) failed with EINVAL. Please verify your kernel is compiled with file capabilities support: Invalid argument
E/art     (12366): prctl(PR_CAPBSET_DROP) failed with EINVAL. Please verify your kernel is compiled with file capabilities support: Invalid argument
E/art     (12366): prctl(PR_CAPBSET_DROP) failed with EINVAL. Please verify your kernel is compiled with file capabilities support: Invalid argument
E/art     (12366): prctl(PR_CAPBSET_DROP) failed with EINVAL. Please verify your kernel is compiled with file capabilities support: Invalid argument
E/art     (12366): prctl(PR_CAPBSET_DROP) failed with EINVAL. Please verify your kernel is compiled with file capabilities support: Invalid argument
E/art     (12366): prctl(PR_CAPBSET_DROP) failed with EINVAL. Please verify your kernel is compiled with file capabilities support: Invalid argument
E/art     (12366): prctl(PR_CAPBSET_DROP) failed with EINVAL. Please verify your kernel is compiled with file capabilities support: Invalid argument
E/art     (12366): prctl(PR_CAPBSET_DROP) failed with EINVAL. Please verify your kernel is compiled with file capabilities support: Invalid argument
E/art     (12366): prctl(PR_CAPBSET_DROP) failed with EINVAL. Please verify your kernel is compiled with file capabilities support: Invalid argument
E/art     (12366): prctl(PR_CAPBSET_DROP) failed with EINVAL. Please verify your kernel is compiled with file capabilities support: Invalid argument
E/art     (12366): prctl(PR_CAPBSET_DROP) failed with EINVAL. Please verify your kernel is compiled with file capabilities support: Invalid argument
E/art     (12366): prctl(PR_CAPBSET_DROP) failed with EINVAL. Please verify your kernel is compiled with file capabilities support: Invalid argument
E/art     (12366): prctl(PR_CAPBSET_DROP) failed with EINVAL. Please verify your kernel is compiled with file capabilities support: Invalid argument
E/art     (12366): prctl(PR_CAPBSET_DROP) failed with EINVAL. Please verify your kernel is compiled with file capabilities support: Invalid argument
E/art     (12366): prctl(PR_CAPBSET_DROP) failed with EINVAL. Please verify your kernel is compiled with file capabilities support: Invalid argument
E/art     (12366): prctl(PR_CAPBSET_DROP) failed with EINVAL. Please verify your kernel is compiled with file capabilities support: Invalid argument
E/art     (12366): prctl(PR_CAPBSET_DROP) failed with EINVAL. Please verify your kernel is compiled with file capabilities support: Invalid argument
E/art     (12366): prctl(PR_CAPBSET_DROP) failed with EINVAL. Please verify your kernel is compiled with file capabilities support: Invalid argument
E/art     (12366): prctl(PR_CAPBSET_DROP) failed with EINVAL. Please verify your kernel is compiled with file capabilities support: Invalid argument
E/art     (12366): prctl(PR_CAPBSET_DROP) failed with EINVAL. Please verify your kernel is compiled with file capabilities support: Invalid argument
E/art     (12366): prctl(PR_CAPBSET_DROP) failed with EINVAL. Please verify your kernel is compiled with file capabilities support: Invalid argument
E/art     (12366): prctl(PR_CAPBSET_DROP) failed with EINVAL. Please verify your kernel is compiled with file capabilities support: Invalid argument
E/art     (12366): prctl(PR_CAPBSET_DROP) failed with EINVAL. Please verify your kernel is compiled with file capabilities support: Invalid argument
E/art     (12366): prctl(PR_CAPBSET_DROP) failed with EINVAL. Please verify your kernel is compiled with file capabilities support: Invalid argument
E/art     (12366): prctl(PR_CAPBSET_DROP) failed with EINVAL. Please verify your kernel is compiled with file capabilities support: Invalid argument
I/ActivityManager(  455): Start proc com.facebook.katana for service com.facebook.katana/com.facebook.common.tempfile.TempFileCleanupService: pid=12366 uid=10072 gids={50072, 1006, 1028, 1015, 3003}
E/art     (12366): prctl(PR_CAPBSET_DROP) failed with EINVAL. Please verify your kernel is compiled with file capabilities support: Invalid argument
E/art     (12366): prctl(PR_CAPBSET_DROP) failed with EINVAL. Please verify your kernel is compiled with file capabilities support: Invalid argument
E/art     (12366): prctl(PR_CAPBSET_DROP) failed with EINVAL. Please verify your kernel is compiled with file capabilities support: Invalid argument
E/art     (12366): prctl(PR_CAPBSET_DROP) failed with EINVAL. Please verify your kernel is compiled with file capabilities support: Invalid argument
E/art     (12366): prctl(PR_CAPBSET_DROP) failed with EINVAL. Please verify your kernel is compiled with file capabilities support: Invalid argument
E/art     (12366): prctl(PR_CAPBSET_DROP) failed with EINVAL. Please verify your kernel is compiled with file capabilities support: Invalid argument
D/ActivityThread(12366): com.facebook.katana black listed for hwui
D/CatchMeIfYouCan(12366): Process (<default>) ca: '/data/data/com.facebook.katana/app_cmiyc/A1657CCD543F12E66E587EE52ED9D802E22AAC4701'
D/CatchMeIfYouCan(12366): Process (<default>) fc: '/data/data/com.facebook.katana/app_cmiyc/A1657CCD543F12E66E587EE52ED9D802E22AAC4702'
D/CatchMeIfYouCan(12366): Process (<default>) cp: '('default', 3, 120000, silent [true], restart [false], logout [false])'
D/ACRA    (12366): ACRA is enabled for com.facebook.katana, intializing...
D/ACRA    (12366): Looking for error files in /data/data/com.facebook.katana/app_acra-reports
D/ACRA    (12366): Looking for error files in /data/data/com.facebook.katana/app_minidumps
W/ContextImpl(  989): Implicit intents with startService are not safe: Intent { act=com.viber.voip.action.VIBER_SERVICE } android.content.ContextWrapper.startService:494 com.viber.service.VoipConnectorService$5$2.run:-1 android.os.Handler.handleCallback:733 
W/SystemClassLoaderAdder(12366): Could not find zipFile entry corresponding to path /data/app/com.facebook.katana-1.apk
V/DexLibLoader(12366): Preparing secondary program dexes.
V/DexLibLoader(12366): Loaded 2 raw lines of metadata.
V/DexLibLoader(12366): Secondary program dex metadata: secondary-1.dex.jar.xz c901cdafd3d8fcb8f02f3374974ab9f0787d2b8b secondary.dex01.Canary
V/DexLibLoader(12366): Secondary program dex metadata: secondary-2.dex.jar.xz c25b172e6d487b40c4cbdd63d004eb8362b2200e secondary.dex02.Canary
W/DexLibLoader(12366): Unexpected file in program dex directory: /data/data/com.facebook.katana/app_secondary_program_dex/temp_dex_lock
V/DexLibLoader(12366): Preparing to extract secondary-1.dex.jar.xz to /data/data/com.facebook.katana/app_secondary_program_dex/program-c901cdafd3d8fcb8f02f3374974ab9f0787d2b8b250825ce.dex.jar
V/DexLibLoader(12366): Dex already copied
D/OdexVerifier(12366): Odex verification is skipped.
V/DexLibLoader(12366): Creating class loader
W/art     (  989): Thread[33,tid=1215,Native,Thread*=0x2a254858,peer=0x64bca960,"Thread-517"] attached without supplying a name
W/art     (  989): Thread[33,tid=1215,Native,Thread*=0x2a2411f8,peer=0x64bce948,"Thread-518"] attached without supplying a name
W/art     (  989): Thread[33,tid=1215,Native,Thread*=0x2a728320,peer=0x64bce4c8,"Thread-519"] attached without supplying a name
W/art     (  989): Thread[33,tid=1215,Native,Thread*=0x2a2411f8,peer=0x64bccdf8,"Thread-520"] attached without supplying a name
W/art     (  989): Thread[33,tid=1215,Native,Thread*=0x2a728320,peer=0x64bd5df8,"Thread-521"] attached without supplying a name
W/art     (  989): Thread[33,tid=1215,Native,Thread*=0x2a2411f8,peer=0x64c89438,"Thread-522"] attached without supplying a name
W/art     (  989): Thread[33,tid=1205,Native,Thread*=0x2a254858,peer=0x64c8ffa0,"Thread-523"] attached without supplying a name
W/art     (  989): Thread[33,tid=1205,Native,Thread*=0x2a728320,peer=0x64c85af0,"Thread-524"] attached without supplying a name
W/art     (  989): Thread[33,tid=1205,Native,Thread*=0x2a2411f8,peer=0x64c95848,"Thread-525"] attached without supplying a name
W/art     (  989): Thread[33,tid=1205,Native,Thread*=0x2a254858,peer=0x64c95910,"Thread-526"] attached without supplying a name
W/art     (  989): Thread[33,tid=1215,Native,Thread*=0x2a728320,peer=0x64c978c0,"Thread-527"] attached without supplying a name
W/art     (  989): Thread[33,tid=1215,Native,Thread*=0x2a2411f8,peer=0x64c98e18,"Thread-528"] attached without supplying a name
W/art     (  989): Thread[33,tid=1215,Native,Thread*=0x2a254858,peer=0x64c98148,"Thread-529"] attached without supplying a name
W/art     (  989): Thread[33,tid=1215,Native,Thread*=0x2a728320,peer=0x64c99510,"Thread-530"] attached without supplying a name
W/art     (  989): Thread[33,tid=1215,Native,Thread*=0x2a2411f8,peer=0x64c9ac10,"Thread-531"] attached without supplying a name
W/art     (  989): Thread[33,tid=1215,Native,Thread*=0x2a254858,peer=0x64c81f48,"Thread-532"] attached without supplying a name
W/art     (  989): Thread[33,tid=1215,Native,Thread*=0x2a728320,peer=0x64c9c9a0,"Thread-533"] attached without supplying a name
W/art     (  989): Thread[33,tid=1215,Native,Thread*=0x2a2411f8,peer=0x64c9cfe8,"Thread-534"] attached without supplying a name
W/art     (  989): Thread[33,tid=1215,Native,Thread*=0x2a254858,peer=0x64c9e680,"Thread-535"] attached without supplying a name
W/art     (  989): Thread[33,tid=1215,Native,Thread*=0x2a728320,peer=0x64c9eb00,"Thread-536"] attached without supplying a name
V/DexLibLoader(12366): Finished creating class loader
V/DexLibLoader(12366): Preparing to extract secondary-2.dex.jar.xz to /data/data/com.facebook.katana/app_secondary_program_dex/program-c25b172e6d487b40c4cbdd63d004eb8362b2200e250825ce.dex.jar
V/DexLibLoader(12366): Dex already copied
D/OdexVerifier(12366): Odex verification is skipped.
V/DexLibLoader(12366): Creating class loader
V/DexLibLoader(12366): Finished creating class loader
V/DexLibLoader(12366): Verifying classes from secondary dexes.
D/DexLibLoader(12366): DexLibLoader.ensureDexLoaded took 312 ms
I/art     (12366): GcCauseBackground partial concurrent mark sweep GC freed 5919(312KB) AllocSpace objects, 1(16KB) LOS objects, 12% free, 3MB/3MB, paused 11.871ms total 104.492ms
W/art     (  989): Thread[33,tid=1205,Native,Thread*=0x2a2411f8,peer=0x64c9ebc8,"Thread-537"] attached without supplying a name
W/art     (  989): Thread[33,tid=1205,Native,Thread*=0x2a254858,peer=0x64b9f1e8,"Thread-538"] attached without supplying a name
W/art     (  989): Thread[33,tid=1215,Native,Thread*=0x2a728320,peer=0x648fde18,"Thread-539"] attached without supplying a name
W/art     (  989): Thread[33,tid=1215,Native,Thread*=0x2a254858,peer=0x64bb68e8,"Thread-540"] attached without supplying a name
W/art     (  989): Thread[33,tid=1205,Native,Thread*=0x2a254858,peer=0x64bbbe30,"Thread-541"] attached without supplying a name
W/art     (  989): Thread[34,tid=1215,Native,Thread*=0x2a2411f8,peer=0x64bbdc70,"Thread-543"] attached without supplying a name
W/art     (  989): Thread[34,tid=1215,Native,Thread*=0x2a2411f8,peer=0x64bc3370,"Thread-544"] attached without supplying a name
W/art     (  989): Thread[34,tid=1215,Native,Thread*=0x2a2411f8,peer=0x64bcfad0,"Thread-545"] attached without supplying a name
W/art     (  989): Thread[34,tid=1215,Native,Thread*=0x2a2411f8,peer=0x64bd1800,"Thread-546"] attached without supplying a name
W/art     (  989): Thread[33,tid=1205,Native,Thread*=0x2a254858,peer=0x64bbf9f8,"Thread-542"] attached without supplying a name
W/art     (  989): Thread[33,tid=1215,Native,Thread*=0x2a254858,peer=0x64bd8a38,"Thread-547"] attached without supplying a name
W/art     (  989): Thread[33,tid=1215,Native,Thread*=0x2a2411f8,peer=0x64bda630,"Thread-548"] attached without supplying a name
W/art     (  989): Thread[33,tid=1215,Native,Thread*=0x2a254858,peer=0x64bb8520,"Thread-549"] attached without supplying a name
W/art     (  989): Thread[33,tid=1215,Native,Thread*=0x2a2411f8,peer=0x64bee188,"Thread-550"] attached without supplying a name
W/art     (  989): Thread[33,tid=1215,Native,Thread*=0x2a254858,peer=0x64bf52c8,"Thread-551"] attached without supplying a name
W/art     (  989): Thread[33,tid=1215,Native,Thread*=0x2a2411f8,peer=0x64bfc288,"Thread-552"] attached without supplying a name
W/art     (  989): Thread[33,tid=1215,Native,Thread*=0x2a254858,peer=0x64bfc350,"Thread-553"] attached without supplying a name
W/art     (12366): Verification of void com.facebook.katana.app.module.FbandroidAppModule.a() took 567.443847ms
I/art     (12366): Heap trim of managed (duration=3.326417ms, advised=0B) and native (duration=2.075195ms, advised=84KB) heaps. Managed heap utilization of 90%.
I/art     (12366): Heap trim of managed (duration=7.904053ms, advised=0B) and native (duration=13.244630ms, advised=0B) heaps. Managed heap utilization of 95%.
I/art     (12366): Heap trim of managed (duration=11.474609ms, advised=0B) and native (duration=2.319336ms, advised=0B) heaps. Managed heap utilization of 95%.
W/art     (12366): Before Android 4.1, method void com.facebook.reflex.view.AbstractListView.invalidate(boolean) would have incorrectly overridden the package-private method in android.view.View
W/art     (12366): Before Android 4.1, method void com.facebook.reflex.view.ViewPager.invalidate(boolean) would have incorrectly overridden the package-private method in android.view.View
I/art     (12366): Heap trim of managed (duration=15.716552ms, advised=0B) and native (duration=10.894776ms, advised=0B) heaps. Managed heap utilization of 92%.
I/art     (12366): Heap trim of managed (duration=54.840087ms, advised=8KB) and native (duration=2.746582ms, advised=0B) heaps. Managed heap utilization of 87%.
W/fb4a(:<default>):BaseAnalyticsConfig(12366): willEventBeLogged() called before shared prefs were initialized! Defaulting to true.
W/fb4a(:<default>):BaseAnalyticsConfig(12366): willEventBeLogged() called before shared prefs were initialized! Defaulting to true.
I/ActivityManager(  455): Killing 12366:com.facebook.katana/u0a72 (adj 11): empty #2
I/Choreographer(12317): Skipped 48 frames!  The application may be doing too much work on its main thread.
I/art     ( 1998): Heap trim of managed (duration=1.647949ms, advised=136KB) and native (duration=9.063721ms, advised=312KB) heaps. Managed heap utilization of 41%.
I/art     (12317): GcCauseBackground partial concurrent mark sweep GC freed 4252(614KB) AllocSpace objects, 21(544KB) LOS objects, 17% free, 4MB/5MB, paused 34.515ms total 82.824ms
I/ActivityManager(  455): START u0 {act=android.intent.action.MAIN cat=[android.intent.category.HOME] flg=0x10200000 cmp=com.teslacoilsw.launcher/com.android.launcher2.Launcher} from pid 455
I/ActivityManager(  752): Timeline: Activity_idle id: android.os.BinderProxy@649097b8 time:805999
I/ActivityManager(  455): Timeline: Activity_windows_visible id: ActivityRecord{64e607b0 u0 com.teslacoilsw.launcher/com.android.launcher2.Launcher t1} time:806081
I/ActivityManager(  455): Killing 12317:com.estrongs.android.pop/u0a67 (adj 2): cached #1
W/ActivityManager(  455): Force removing ActivityRecord{64d01d20 u0 com.estrongs.android.pop/.app.editor.PopNoteEditor t3}: app died, no saved state
I/WindowState(  455): WIN DEATH: Window{64eeee98 u0 com.estrongs.android.pop/com.estrongs.android.pop.view.FileExplorerActivity}
I/WindowState(  455): WIN DEATH: Window{64e74f38 u0 com.estrongs.android.pop/com.estrongs.android.pop.app.editor.PopNoteEditor}
I/art     ( 1998): Heap trim of managed (duration=1.678467ms, advised=232KB) and native (duration=3.417969ms, advised=312KB) heaps. Managed heap utilization of 43%.
I/art     ( 1998): Heap trim of managed (duration=1.647949ms, advised=220KB) and native (duration=3.570558ms, advised=312KB) heaps. Managed heap utilization of 43%.
I/PowerManagerService(  455): Nap time...
I/PowerManagerService(  455): Going to sleep due to screen timeout...
D/SurfaceFlinger(   82): Screen released, type=0 flinger=0x2a007450
