D/dalvikvm(15834): No JNI_OnLoad found in /data/app-lib/com.antutu.ABenchMark-2/libabenchmark.so 0x417e9880, skipping init

D/dalvikvm(15834): Trying to load lib /data/app-lib/com.antutu.ABenchMark-2/libabenchmark.so 0x417e9880

D/dalvikvm(15834): Shared lib '/data/app-lib/com.antutu.ABenchMark-2/libabenchmark.so' already loaded in same CL 0x417e9880

I/Adreno200-EGL(15834): <qeglDrvAPI_eglInitialize:294>: EGL 1.4 QUALCOMM build: AU_LINUX_ANDROID_JB.04.01.01.00.036_msm8960_JB_CL2644550_release_AU (CL2644550)

I/Adreno200-EGL(15834): Build Date: 07/31/12 Tue

I/Adreno200-EGL(15834): Local Branch: 

I/Adreno200-EGL(15834): Remote Branch: quic/master

I/Adreno200-EGL(15834): Local Patches: NONE

I/Adreno200-EGL(15834): Reconstruct Branch: AU_LINUX_ANDROID_JB.04.01.01.00.036 +  NOTHING

D/OpenGLRenderer(15834): Enabling debug mode 0

I/Choreographer(15834): Skipped 31 frames!  The application may be doing too much work on its main thread.

W/Adreno200-ES20(15834): <qgl2DrvAPI_glHint:90>: GL_INVALID_ENUM

D/QcomCamera(   86): HAL_get_camera_info: loading libcamera at 0x40741ed8

D/QcomCamera(   86): HAL_get_camera_info: loading libcamera at 0x40741ed8

D/QcomCamera(   86): HAL_get_camera_info: loading libcamera at 0x40741ed8

I/AwesomePlayer(   86): setDataSource_l(URL suppressed)

I/AwesomePlayer(   86): setDataSource_l(URL suppressed)

I/CameraClient(   86): Opening camera 0

D/QcomCamera(   86): camera_device_open:++

D/QcomCamera(   86): camera_device_open: loaded libcamera at 0x40741ed8

D/QualcommCameraHardware(   86): createInstance: E

D/QualcommCameraHardware(   86):  Storing the current target type as 1 

D/QualcommCameraHardware(   86): constructor EX

D/QualcommCameraHardware(   86): startCamera E

D/QualcommCameraHardware(   86): loading liboemcamera at 0x41392b6c

I/QualcommCameraHardware(   86): Set main cam

I/mm-camera-mmap(   86): set sensor selection :0

I/QualcommCameraHardware(   86): Open Device node : /dev/msm_camera/control1

I/ActivityManager(  455): Displayed com.antutu.ABenchMark/.ABenchMarkStart: +2s524ms

I/ActivityManager(  455): Timeline: Activity_windows_visible id: ActivityRecord{41eae428 u0 com.antutu.ABenchMark/.ABenchMarkStart t34} time:14304542

I/Choreographer(15834): Skipped 34 frames!  The application may be doing too much work on its main thread.

I/mm-camera-config(   86): cam_conf fd cfgctrl.camfd:0

I/mm-camera-config(   86): Open config device node : /dev/msm_camera/config1

I/        (   86): [AWB Calibration]:ctrlfd:40

I/        (   86): [AWB Calibration] cfg.fuse_id_word1:0x0

I/        (   86): [AWB Calibration] cfg.fuse_id_word2:0x0

I/        (   86): [AWB Calibration] cfg.fuse_id_word3:0x15002

I/        (   86): [AWB Calibration] cfg.fuse_id_word4:0x109017

D/mm-camera-s5k3e2fx_u(   86): lcd type = 0

I/        (   86): [AWB Calibration] rg_ratio_GS_table[0]:0.733340

I/        (   86): [AWB Calibration] rg_ratio_GS_table[1]:0.733340

I/        (   86): [AWB Calibration] rg_ratio_GS_table[2]:0.754883

I/        (   86): [AWB Calibration] bg_ratio_GS_table[0]:0.601600

I/        (   86): [AWB Calibration] bg_ratio_GS_table[1]:0.601600

I/        (   86): [AWB Calibration] bg_ratio_GS_table[2]:0.598633

I/        (   86): [AWB Calibration] sfuse.fuse_id_word1:0x0

I/        (   86): [AWB Calibration] sfuse.fuse_id_word2:0x0

I/        (   86): [AWB Calibration] sfuse.fuse_id_word3:0x15002

I/        (   86): [AWB Calibration] sfuse.fuse_id_word4:0x109017

I/        (   86): [AWB Calibration] fuse_id : 0x0, 0x0, 0x15002, 0x109017

I/        (   86): [AWB Calibration] fail to read /data/awb_cal 

I/        (   86): [AWB Calibration] read from file OK: /sys/android_camera_awb_cal/awb_ca

I/        (   86): [AWB Calibration] read all 0 ,ok=1

I/        (   86): [AWB Calibration] read all 0 ,ok=1

I/        (   86): [AWB Calibration] read all 0 ,ok=1

I/        (   86): [AWB Calibration] read all 0 ,ok=1

I/        (   86): [AWB Calibration] read all 0 ,ok=1

I/        (   86): [AWB Calibration] read all 0 ,ok=1

I/        (   86): [AWB Calibration] read all 0 ,ok=1

I/        (   86): [AWB Calibration] read all 0 ,ok=1

I/        (   86): [AWB Calibration] check sum=0, OK

I/        (   86): [AWB Calibration] caBuff[0]:0x00000000

I/        (   86): [AWB Calibration] caBuff[1]:0x00000000

I/        (   86): [AWB Calibration] caBuff[2]:0x00000000

I/        (   86): [AWB Calibration] caBuff[3]:0x00000000

I/        (   86): [AWB Calibration] caBuff[4]:0x00000000

I/        (   86): [AWB Calibration] caBuff[5]:0x00000000

I/        (   86): [AWB Calibration] caBuff[6]:0x00000000

I/        (   86): [AWB Calibration] caBuff[7]:0x00000000

I/        (   86): [AWB Calibration] fuse_id_word1:0x00000000

I/        (   86): [AWB Calibration] fuse_id_word2:0x00000000

I/        (   86): [AWB Calibration] fuse_id_word3:0x00015002

I/        (   86): [AWB Calibration] fuse_id_word4:0x00109017

I/        (   86): [AWB Calibration] fuse ID not same,do nothing and leave

I/mm-camera-aec(   86): Touch AEC  == numRegions:256

I/mm-camera-aec(   86): Touch AEC aecCtrl->aec_state.aec_algo:1

I/QualcommCameraHardware(   86): startCamera: camsensor name s5k3e2fx, flash 1

D/QualcommCameraHardware(   86): startCamera X

D/QualcommCameraHardware(   86): initDefaultParameters E

D/QualcommCameraHardware(   86): product 4

D/QualcommCameraHardware(   86): native_access_parm: fd 39, type 1, length 32

E/QualcommCameraHardware(   86): native_access_parm: error (No such file or directory): fd 39, type 1, length 32, status 0

D/QualcommCameraHardware(   86): native_access_parm: fd 39, type 64, length 4

D/QualcommCameraHardware(   86): native_access_parm: fd 39, type 65, length 4

D/QualcommCameraHardware(   86): native_access_parm: fd 39, type 66, length 4

D/QualcommCameraHardware(   86): requested preview size 768 x 432

D/QualcommCameraHardware(   86): requested picture size 1024 x 768

D/QualcommCameraHardware(   86): value:22001, country value:220, country code:220

D/QualcommCameraHardware(   86): native_access_parm: fd 39, type 21, length 4

D/QualcommCameraHardware(   86): native_access_parm: fd 39, type 14, length 4

D/QualcommCameraHardware(   86): setFlash 0

D/QualcommCameraHardware(   86): native_access_parm: fd 39, type 49, length 4

D/mm-camera-ctrlcmd(   86): In config_proc_CAMERA_SET_PARM_LED_MODE: 0

I/QualcommCameraHardware(   86): Set zoom=0 20

D/QualcommCameraHardware(   86): native_access_parm: fd 39, type 2, length 4

I/QualcommCameraHardware(   86): Setting Contrast is 5

D/QualcommCameraHardware(   86): native_access_parm: fd 39, type 6, length 4

I/QualcommCameraHardware(   86): Setting Brightness is 3

D/QualcommCameraHardware(   86): native_access_parm: fd 39, type 7, length 4

D/QualcommCameraHardware(   86): native_access_parm: fd 39, type 12, length 4

I/mm-camera-ctrlcmd(   86): md.d.aec_mode.aec_mode:1

I/mm-camera-aec(   86): Touch AEC  == numRegions:256

I/mm-camera-aec(   86): Touch AEC aecCtrl->aec_state.aec_algo:1

D/QualcommCameraHardware(   86): not defined touch-focus yet, or AP without touch-focus function

I/QualcommCameraHardware(   86): Before Setting coordinate x:384 y:216

I/QualcommCameraHardware(   86): Setting coordinate x:2 y:2

D/QualcommCameraHardware(   86): native_access_parm: fd 39, type 60, length 28

I/mm-camera 8x vfe(   86): vfe_set_coordinate x:2 y:2

D/QualcommCameraHardware(   86): native_access_parm: fd 39, type 26, length 4

D/mm-camera-ctrlcmd(   86): md.d.aec_iso_mode = 0

D/QualcommCameraHardware(   86): native_access_parm: fd 39, type 62, length 4

D/QualcommCameraHardware(   86): native_access_parm: fd 39, type 8, length 4

D/QualcommCameraHardware(   86): virtual android::status_t android::QualcommCameraHardware::setParameters(const android::CameraParameters&), final_rc=0

D/QualcommCameraHardware(   86): initDefaultParameters X

D/QualcommCameraHardware(   86): createInstance: X created hardware=0x2a034c78

D/QcomCamera(   86): camera_device_open:--

D/QualcommCameraHardware(   86): stopPreview: E

D/QualcommCameraHardware(   86): stopPreviewInternal E: 0

D/QualcommCameraHardware(   86): stopPreviewInternal X: 0

D/QualcommCameraHardware(   86): stopPreview: X

D/mm-camera-ctrlcmd(   86): config_proc_CAMERA_STOP_SNAPSHOT: received CAMERA_STOP_SNAPSHOT!, ctrl->state = 0

D/mm-camera-ctrlcmd(   86): config_proc_CAMERA_STOP_SNAPSHOT: invalid state 0

D/QualcommCameraHardware(   86): release E

E/mm-camera 8x-vfe(   86): Received VFE Stop ACK!!! ctrlCmd is NULL

D/QualcommCameraHardware(   86): deinitRaw E

D/QualcommCameraHardware(   86): deinitRaw X

D/dataTag (15834): tag:imei--value:0

D/dataTag (15834): tag:mac--value:0

D/dataTag (15834): tag:token--value:0

D/dataTag (15834): tag:model_id--value:0

D/dataTag (15834): tag:brand--value:0

D/dataTag (15834): tag:model--value:0

D/dataTag (15834): tag:lang--value:0

D/dataTag (15834): tag:version--value:0

D/dataTag (15834): tag:hard_size--value:0

D/QualcommCameraHardware(   86): dlclose(libqcamera)

D/QualcommCameraHardware(   86): release X

I/CameraClient(   86): Destroying camera 0

D/QcomCamera(   86): close_camera_device:++

D/QualcommCameraHardware(   86): ~QualcommCameraHardware E

D/QualcommCameraHardware(   86): ~QualcommCameraHardware X

D/QcomCamera(   86): close_camera_device:--

I/ActivityManager(15834): Timeline: Activity_idle id: android.os.BinderProxy@417e6198 time:14305847

E/DatabaseUtils(  455): Writing exception to parcel

E/DatabaseUtils(  455): java.lang.SecurityException: Permission denial: writing to settings requires android.permission.WRITE_SETTINGS

E/DatabaseUtils(  455): 	at com.android.providers.settings.SettingsProvider.call(SettingsProvider.java:630)

E/DatabaseUtils(  455): 	at android.content.ContentProvider$Transport.call(ContentProvider.java:325)

E/DatabaseUtils(  455): 	at android.content.ContentProviderNative.onTransact(ContentProviderNative.java:275)

E/DatabaseUtils(  455): 	at android.os.Binder.execTransact(Binder.java:404)

E/DatabaseUtils(  455): 	at dalvik.system.NativeStart.run(Native Method)

D/dalvikvm(15834): Trying to load lib /data/app-lib/com.antutu.ABenchMark-2/libabenchmark.so 0x417e9880

D/dalvikvm(15834): Shared lib '/data/app-lib/com.antutu.ABenchMark-2/libabenchmark.so' already loaded in same CL 0x417e9880

I/OMXNodeInstance(   86): OMX_FreeBuffer for buffer header 0x2a02b870 successful

I/OMXNodeInstance(   86): OMX_FreeBuffer for buffer header 0x2a02b7b8 successful

I/OMXNodeInstance(   86): OMX_FreeBuffer for buffer header 0x2a02b6e8 successful

I/OMXNodeInstance(   86): OMX_FreeBuffer for buffer header 0x2a02d668 successful

I/OMXNodeInstance(   86): OMX_FreeBuffer for buffer header 0x2a03d980 successful

I/OMXNodeInstance(   86): OMX_FreeBuffer for buffer header 0x2a03d858 successful

I/OMXNodeInstance(   86): OMX_FreeBuffer for buffer header 0x2a023c00 successful

I/OMXNodeInstance(   86): OMX_FreeBuffer for buffer header 0x2a02b9b8 successful

I/OMXNodeInstance(   86): OMX_FreeBuffer for buffer header 0x2a035660 successful

I/OMXNodeInstance(   86): OMX_FreeBuffer for buffer header 0x2a0355a8 successful

I/OMXNodeInstance(   86): OMX_FreeBuffer for buffer header 0x2a0354d8 successful

I/OMXNodeInstance(   86): OMX_FreeBuffer for buffer header 0x2a035320 successful

I/OMXNodeInstance(   86): OMX_FreeBuffer for buffer header 0x2a035c20 successful

I/OMXNodeInstance(   86): OMX_FreeBuffer for buffer header 0x2a035af8 successful

I/OMXNodeInstance(   86): OMX_FreeBuffer for buffer header 0x2a0359b8 successful

I/OMXNodeInstance(   86): OMX_FreeBuffer for buffer header 0x2a0357a8 successful

I/wpa_supplicant(  604): wlan0: WPA: Group rekeying completed with 00:80:48:51:f5:8c [GTK=CCMP]

I/ActivityManager(15834): Timeline: Activity_launch_request id:com.antutu.ABenchMark time:14309528

I/ActivityManager(  455): START u0 {cmp=com.antutu.ABenchMark/com.antutu.benchmark.activity.MainActivity} from pid 15834

I/ActivityManager(15834): Timeline: Activity_launch_request id:com.antutu.ABenchMark time:14309764

I/ActivityManager(  455): START u0 {cmp=com.antutu.ABenchMark/com.antutu.benchmark.activity.WizardActivity} from pid 15834

V/SlidingMenu(15834): setting padding!

V/FragmentPagerAdapter(15834): Adding item #0: f=u{41b06b48}

V/FragmentPagerAdapter(15834): Adding item #1: f=aj{417f7f68}

V/FragmentPagerAdapter(15834): Adding item #2: f=a{417f9cc0}

W/ActivityManager(  455): Activity pause timeout for ActivityRecord{41f474d8 u0 com.antutu.ABenchMark/com.antutu.benchmark.activity.MainActivity t34}

I/AssetsDatabase(15834): Create database devinfo

V/CustomViewBehind(15834): behind INVISIBLE

I/Choreographer(15834): Skipped 82 frames!  The application may be doing too much work on its main thread.

I/Choreographer(15834): Skipped 77 frames!  The application may be doing too much work on its main thread.

I/Choreographer(15834): Skipped 63 frames!  The application may be doing too much work on its main thread.

I/ActivityManager(  455): Displayed com.antutu.ABenchMark/com.antutu.benchmark.activity.WizardActivity: +3s705ms (total +4s397ms)

I/ActivityManager(  455): Timeline: Activity_windows_visible id: ActivityRecord{41f474d8 u0 com.antutu.ABenchMark/com.antutu.benchmark.activity.MainActivity t34} time:14313985

I/Choreographer(15834): Skipped 37 frames!  The application may be doing too much work on its main thread.

I/ActivityManager(  455): Timeline: Activity_windows_visible id: ActivityRecord{4203f9e0 u0 com.antutu.ABenchMark/com.antutu.benchmark.activity.WizardActivity t34} time:14314395

I/ActivityManager(15834): Timeline: Activity_idle id: android.os.BinderProxy@41812c68 time:14315051

I/ActivityManager(15834): Timeline: Activity_idle id: android.os.BinderProxy@41a9d968 time:14315061

I/ActivityManager(  455): Timeline: Activity_windows_visible id: ActivityRecord{41f474d8 u0 com.antutu.ABenchMark/com.antutu.benchmark.activity.MainActivity t34} time:14351999

V/SlidingMenu(15834): setting padding!

I/ActivityManager(15834): Timeline: Activity_idle id: android.os.BinderProxy@41a9d968 time:14352785

I/ActivityManager(15834): Timeline: Activity_launch_request id:com.antutu.ABenchMark time:14354227

I/ActivityManager(  455): START u0 {flg=0x4000000 cmp=com.antutu.ABenchMark/com.antutu.benchmark.activity.IndependentActivity (has extras)} from pid 15834

I/ActivityManager(15834): Timeline: Activity_idle id: android.os.BinderProxy@41fd7c00 time:14354952

W/ResourceType(  455): Skipping entry 0x7f040003 in package table 0 because it is not complex!

W/ResourceType(  455): Skipping entry 0x7f040006 in package table 0 because it is not complex!

I/ActivityManager(  455): Displayed com.antutu.ABenchMark/com.antutu.benchmark.activity.IndependentActivity: +751ms

I/ActivityManager(  455): Timeline: Activity_windows_visible id: ActivityRecord{4209fd50 u0 com.antutu.ABenchMark/com.antutu.benchmark.activity.IndependentActivity t34} time:14355335

W/InputEventReceiver(15834): Attempted to finish an input event but the input event receiver has already been disposed.

W/Settings(15834): Setting always_finish_activities has moved from android.provider.Settings.System to android.provider.Settings.Global, returning read-only value.

I/ActivityManager(15834): Timeline: Activity_launch_request id:com.antutu.ABenchMark time:14359538

I/ActivityManager(  455): START u0 {flg=0x14000000 cmp=com.antutu.ABenchMark/com.antutu.benchmark.activity.ScoreBenchActivity (has extras)} from pid 15834

I/ActivityManager(  455): Killing 13129:com.facebook.orca/u0a96 (adj 8): kill background

I/ActivityManager(  455): Killing 13742:com.facebook.katana/u0a70 (adj 8): kill background

I/ActivityManager(  455): Killing 13583:com.google.android.gm/u0a59 (adj 7): kill background

W/InputDispatcher(  455): channel '41f51320 com.google.android.gm/com.google.android.gm.ConversationListActivityGmail (server)' ~ Consumer closed input channel or an error occurred.  events=0x9

E/InputDispatcher(  455): channel '41f51320 com.google.android.gm/com.google.android.gm.ConversationListActivityGmail (server)' ~ Channel is unrecoverably broken and will be disposed!

W/InputDispatcher(  455): Attempted to unregister already unregistered input channel '41f51320 com.google.android.gm/com.google.android.gm.ConversationListActivityGmail (server)'

I/WindowState(  455): WIN DEATH: Window{41f51320 u0 com.google.android.gm/com.google.android.gm.ConversationListActivityGmail}

I/ActivityManager(  455): Displayed com.antutu.ABenchMark/com.antutu.benchmark.activity.ScoreBenchActivity: +1s371ms

I/ActivityManager(15834): Timeline: Activity_idle id: android.os.BinderProxy@41cc0190 time:14361195

I/ActivityManager(  455): Timeline: Activity_windows_visible id: ActivityRecord{4182d448 u0 com.antutu.ABenchMark/com.antutu.benchmark.activity.ScoreBenchActivity t34} time:14361293

I/GCM     (  763): GCM message com.texty.sms 0:1389358196548733%a0bb592a00170842

I/ProcessStatsService(  455): Prepared write state in 15ms

D/ConnectivityService(  455): handleInetConditionHoldEnd: net=1, condition=100, published condition=100

V/GCMBroadcastReceiver(14147): onReceive: com.google.android.c2dm.intent.RECEIVE

V/GCMBroadcastReceiver(14147): GCM IntentService class: com.texty.sms.GCMIntentService

V/GCMBaseIntentService(14147): Intent service name: GCMIntentService-82288362851-44

I/ActivityManager(  455): Delay finish: com.texty.sms/com.google.android.gcm.GCMBroadcastReceiver

E/GCMIntentService(14147): ***** GCM listener called

I/GCMIntentHelper(14147): action=get_phone_status

I/GCMIntentHelper(14147): action_data=check-phone-status-not-needed

I/GCMIntentHelper(14147): action_data (decoded )=check-phone-status-not-needed

I/GCMIntentHelper(14147): action=get_phone_status, action_data=check-phone-status-not-needed

I/Texty   (14147): ts_last_c2dm set to Fri Jan 10 13:49:57 CET 2014

I/SystemUtils(14147): carrier name=Telenor

I/ProcessStatsService(  455): Pruning old procstats: /data/system/procstats/state-2014-01-09-08-32-01.bin

I/SyncClient(14147): Message=phone status forwarded to cloud!

I/ActivityManager(  455): Resuming delayed broadcast

I/wpa_supplicant(  604): wlan0: WPA: Group rekeying completed with 00:80:48:51:f5:8c [GTK=CCMP]

I/ActivityManager(15834): Timeline: Activity_launch_request id:com.antutu.ABenchMark time:14647129

I/ActivityManager(  455): START u0 {flg=0x14000000 cmp=com.antutu.ABenchMark/com.antutu.benchmark.test2d.SpriteTestActivity} from pid 15834

D/dalvikvm(15834): Trying to load lib /data/app-lib/com.antutu.ABenchMark-2/libabenchmark.so 0x417e9880

D/dalvikvm(15834): Shared lib '/data/app-lib/com.antutu.ABenchMark-2/libabenchmark.so' already loaded in same CL 0x417e9880

W/Adreno200-EGL(15834): <qeglDrvAPI_eglGetConfigAttrib:506>: EGL_BAD_ATTRIBUTE

W/Adreno200-EGL(15834): <qeglDrvAPI_eglGetConfigAttrib:506>: EGL_BAD_ATTRIBUTE

W/Adreno200-EGL(15834): <qeglDrvAPI_eglGetConfigAttrib:506>: EGL_BAD_ATTRIBUTE

W/Adreno200-EGL(15834): <qeglDrvAPI_eglGetConfigAttrib:506>: EGL_BAD_ATTRIBUTE

W/Adreno200-EGL(15834): <qeglDrvAPI_eglGetConfigAttrib:506>: EGL_BAD_ATTRIBUTE

W/Adreno200-EGL(15834): <qeglDrvAPI_eglGetConfigAttrib:506>: EGL_BAD_ATTRIBUTE

W/Adreno200-EGL(15834): <qeglDrvAPI_eglGetConfigAttrib:506>: EGL_BAD_ATTRIBUTE

W/Adreno200-EGL(15834): <qeglDrvAPI_eglGetConfigAttrib:506>: EGL_BAD_ATTRIBUTE

W/Adreno200-EGL(15834): <qeglDrvAPI_eglGetConfigAttrib:506>: EGL_BAD_ATTRIBUTE

W/Adreno200-EGL(15834): <qeglDrvAPI_eglGetConfigAttrib:506>: EGL_BAD_ATTRIBUTE

W/Adreno200-EGL(15834): <qeglDrvAPI_eglGetConfigAttrib:506>: EGL_BAD_ATTRIBUTE

W/Adreno200-EGL(15834): <qeglDrvAPI_eglGetConfigAttrib:506>: EGL_BAD_ATTRIBUTE

W/Adreno200-EGL(15834): <qeglDrvAPI_eglGetConfigAttrib:506>: EGL_BAD_ATTRIBUTE

W/Adreno200-EGL(15834): <qeglDrvAPI_eglGetConfigAttrib:506>: EGL_BAD_ATTRIBUTE

W/Adreno200-EGL(15834): <qeglDrvAPI_eglGetConfigAttrib:506>: EGL_BAD_ATTRIBUTE

W/Adreno200-EGL(15834): <qeglDrvAPI_eglGetConfigAttrib:506>: EGL_BAD_ATTRIBUTE

W/Adreno200-EGL(15834): <qeglDrvAPI_eglGetConfigAttrib:506>: EGL_BAD_ATTRIBUTE

W/Adreno200-EGL(15834): <qeglDrvAPI_eglGetConfigAttrib:506>: EGL_BAD_ATTRIBUTE

W/Adreno200-EGL(15834): <qeglDrvAPI_eglGetConfigAttrib:506>: EGL_BAD_ATTRIBUTE

W/Adreno200-EGL(15834): <qeglDrvAPI_eglGetConfigAttrib:506>: EGL_BAD_ATTRIBUTE

W/Adreno200-EGL(15834): <qeglDrvAPI_eglGetConfigAttrib:506>: EGL_BAD_ATTRIBUTE

W/Adreno200-EGL(15834): <qeglDrvAPI_eglGetConfigAttrib:506>: EGL_BAD_ATTRIBUTE

W/Adreno200-EGL(15834): <qeglDrvAPI_eglGetConfigAttrib:506>: EGL_BAD_ATTRIBUTE

W/Adreno200-EGL(15834): <qeglDrvAPI_eglGetConfigAttrib:506>: EGL_BAD_ATTRIBUTE

W/Adreno200-EGL(15834): <qeglDrvAPI_eglGetConfigAttrib:506>: EGL_BAD_ATTRIBUTE

W/Adreno200-EGL(15834): <qeglDrvAPI_eglGetConfigAttrib:506>: EGL_BAD_ATTRIBUTE

W/Adreno200-EGL(15834): <qeglDrvAPI_eglGetConfigAttrib:506>: EGL_BAD_ATTRIBUTE

W/Adreno200-EGL(15834): <qeglDrvAPI_eglGetConfigAttrib:506>: EGL_BAD_ATTRIBUTE

W/Adreno200-EGL(15834): <qeglDrvAPI_eglGetConfigAttrib:506>: EGL_BAD_ATTRIBUTE

W/Adreno200-EGL(15834): <qeglDrvAPI_eglGetConfigAttrib:506>: EGL_BAD_ATTRIBUTE

W/Adreno200-EGL(15834): <qeglDrvAPI_eglGetConfigAttrib:506>: EGL_BAD_ATTRIBUTE

W/Adreno200-EGL(15834): <qeglDrvAPI_eglGetConfigAttrib:506>: EGL_BAD_ATTRIBUTE

W/Adreno200-EGL(15834): <qeglDrvAPI_eglGetConfigAttrib:506>: EGL_BAD_ATTRIBUTE

W/Adreno200-EGL(15834): <qeglDrvAPI_eglGetConfigAttrib:506>: EGL_BAD_ATTRIBUTE

I/ActivityManager(  455): Displayed com.antutu.ABenchMark/com.antutu.benchmark.test2d.SpriteTestActivity: +310ms

W/Adreno200-EGL(15834): <qeglDrvAPI_eglGetConfigAttrib:506>: EGL_BAD_ATTRIBUTE

W/Adreno200-EGL(15834): <qeglDrvAPI_eglGetConfigAttrib:506>: EGL_BAD_ATTRIBUTE

I/ActivityManager(  455): Timeline: Activity_windows_visible id: ActivityRecord{41c2ff40 u0 com.antutu.ABenchMark/com.antutu.benchmark.test2d.SpriteTestActivity t34} time:14647869

I/ActivityManager(15834): Timeline: Activity_idle id: android.os.BinderProxy@41cda1c8 time:14647917

I/ActivityManager(15834): Timeline: Activity_idle id: android.os.BinderProxy@41cc0190 time:14657429

I/ActivityManager(15834): Timeline: Activity_launch_request id:com.antutu.ABenchMark time:14657459

I/ActivityManager(  455): START u0 {flg=0x14000000 cmp=com.antutu.ABenchMark/com.antutu.benchmark.test2d.ParticleTestActivity} from pid 15834

W/Adreno200-EGL(15834): <qeglDrvAPI_eglGetConfigAttrib:506>: EGL_BAD_ATTRIBUTE

W/Adreno200-EGL(15834): <qeglDrvAPI_eglGetConfigAttrib:506>: EGL_BAD_ATTRIBUTE

W/Adreno200-EGL(15834): <qeglDrvAPI_eglGetConfigAttrib:506>: EGL_BAD_ATTRIBUTE

W/Adreno200-EGL(15834): <qeglDrvAPI_eglGetConfigAttrib:506>: EGL_BAD_ATTRIBUTE

W/Adreno200-EGL(15834): <qeglDrvAPI_eglGetConfigAttrib:506>: EGL_BAD_ATTRIBUTE

W/Adreno200-EGL(15834): <qeglDrvAPI_eglGetConfigAttrib:506>: EGL_BAD_ATTRIBUTE

W/Adreno200-EGL(15834): <qeglDrvAPI_eglGetConfigAttrib:506>: EGL_BAD_ATTRIBUTE

W/Adreno200-EGL(15834): <qeglDrvAPI_eglGetConfigAttrib:506>: EGL_BAD_ATTRIBUTE

W/Adreno200-EGL(15834): <qeglDrvAPI_eglGetConfigAttrib:506>: EGL_BAD_ATTRIBUTE

W/Adreno200-EGL(15834): <qeglDrvAPI_eglGetConfigAttrib:506>: EGL_BAD_ATTRIBUTE

W/Adreno200-EGL(15834): <qeglDrvAPI_eglGetConfigAttrib:506>: EGL_BAD_ATTRIBUTE

W/Adreno200-EGL(15834): <qeglDrvAPI_eglGetConfigAttrib:506>: EGL_BAD_ATTRIBUTE

W/Adreno200-EGL(15834): <qeglDrvAPI_eglGetConfigAttrib:506>: EGL_BAD_ATTRIBUTE

W/Adreno200-EGL(15834): <qeglDrvAPI_eglGetConfigAttrib:506>: EGL_BAD_ATTRIBUTE

W/Adreno200-EGL(15834): <qeglDrvAPI_eglGetConfigAttrib:506>: EGL_BAD_ATTRIBUTE

W/Adreno200-EGL(15834): <qeglDrvAPI_eglGetConfigAttrib:506>: EGL_BAD_ATTRIBUTE

W/Adreno200-EGL(15834): <qeglDrvAPI_eglGetConfigAttrib:506>: EGL_BAD_ATTRIBUTE

W/Adreno200-EGL(15834): <qeglDrvAPI_eglGetConfigAttrib:506>: EGL_BAD_ATTRIBUTE

W/Adreno200-EGL(15834): <qeglDrvAPI_eglGetConfigAttrib:506>: EGL_BAD_ATTRIBUTE

W/Adreno200-EGL(15834): <qeglDrvAPI_eglGetConfigAttrib:506>: EGL_BAD_ATTRIBUTE

W/Adreno200-EGL(15834): <qeglDrvAPI_eglGetConfigAttrib:506>: EGL_BAD_ATTRIBUTE

W/Adreno200-EGL(15834): <qeglDrvAPI_eglGetConfigAttrib:506>: EGL_BAD_ATTRIBUTE

W/Adreno200-EGL(15834): <qeglDrvAPI_eglGetConfigAttrib:506>: EGL_BAD_ATTRIBUTE

W/Adreno200-EGL(15834): <qeglDrvAPI_eglGetConfigAttrib:506>: EGL_BAD_ATTRIBUTE

W/Adreno200-EGL(15834): <qeglDrvAPI_eglGetConfigAttrib:506>: EGL_BAD_ATTRIBUTE

W/Adreno200-EGL(15834): <qeglDrvAPI_eglGetConfigAttrib:506>: EGL_BAD_ATTRIBUTE

W/Adreno200-EGL(15834): <qeglDrvAPI_eglGetConfigAttrib:506>: EGL_BAD_ATTRIBUTE

W/Adreno200-EGL(15834): <qeglDrvAPI_eglGetConfigAttrib:506>: EGL_BAD_ATTRIBUTE

W/Adreno200-EGL(15834): <qeglDrvAPI_eglGetConfigAttrib:506>: EGL_BAD_ATTRIBUTE

W/Adreno200-EGL(15834): <qeglDrvAPI_eglGetConfigAttrib:506>: EGL_BAD_ATTRIBUTE

W/Adreno200-EGL(15834): <qeglDrvAPI_eglGetConfigAttrib:506>: EGL_BAD_ATTRIBUTE

W/Adreno200-EGL(15834): <qeglDrvAPI_eglGetConfigAttrib:506>: EGL_BAD_ATTRIBUTE

W/Adreno200-EGL(15834): <qeglDrvAPI_eglGetConfigAttrib:506>: EGL_BAD_ATTRIBUTE

W/Adreno200-EGL(15834): <qeglDrvAPI_eglGetConfigAttrib:506>: EGL_BAD_ATTRIBUTE

W/Adreno200-EGL(15834): <qeglDrvAPI_eglGetConfigAttrib:506>: EGL_BAD_ATTRIBUTE

W/Adreno200-EGL(15834): <qeglDrvAPI_eglGetConfigAttrib:506>: EGL_BAD_ATTRIBUTE

I/ActivityManager(  455): Displayed com.antutu.ABenchMark/com.antutu.benchmark.test2d.ParticleTestActivity: +625ms

I/System.out(15834): 200

I/System.out(15834): 200

I/System.out(15834): 200

I/ActivityManager(  455): Timeline: Activity_windows_visible id: ActivityRecord{4182d448 u0 com.antutu.ABenchMark/com.antutu.benchmark.activity.ScoreBenchActivity t34} time:14658468

I/ActivityManager(  455): Timeline: Activity_windows_visible id: ActivityRecord{41ccd5e0 u0 com.antutu.ABenchMark/com.antutu.benchmark.test2d.ParticleTestActivity t34} time:14658472

I/System.out(15834): 200

I/ActivityManager(15834): Timeline: Activity_idle id: android.os.BinderProxy@41e05170 time:14658553

I/ActivityManager(15834): Timeline: Activity_idle id: android.os.BinderProxy@41cc0190 time:14673405

I/ActivityManager(  455): Timeline: Activity_windows_visible id: ActivityRecord{4182d448 u0 com.antutu.ABenchMark/com.antutu.benchmark.activity.ScoreBenchActivity t34} time:14673765

I/ActivityManager(15834): Timeline: Activity_launch_request id:com.antutu.ABenchMark time:14673808

I/ActivityManager(  455): START u0 {flg=0x14000000 cmp=com.antutu.ABenchMark/.Test3D.OgreActivity} from pid 15834

I/ActivityManager(  455): Start proc com.antutu.ABenchMark:remote for activity com.antutu.ABenchMark/.Test3D.OgreActivity: pid=16046 uid=10091 gids={50091, 3003, 1028, 1015, 1006}

D/dalvikvm(16046): Trying to load lib /data/app-lib/com.antutu.ABenchMark-2/libabenchmark.so 0x417dfc60

D/dalvikvm(16046): Added shared lib /data/app-lib/com.antutu.ABenchMark-2/libabenchmark.so 0x417dfc60

D/dalvikvm(16046): No JNI_OnLoad found in /data/app-lib/com.antutu.ABenchMark-2/libabenchmark.so 0x417dfc60, skipping init

D/dalvikvm(16046): Trying to load lib /data/app-lib/com.antutu.ABenchMark-2/libabenchmark.so 0x417dfc60

D/dalvikvm(16046): Shared lib '/data/app-lib/com.antutu.ABenchMark-2/libabenchmark.so' already loaded in same CL 0x417dfc60

I/ActivityManager(  455): Displayed com.antutu.ABenchMark/.Test3D.OgreActivity: +678ms

I/ActivityManager(  455): Timeline: Activity_windows_visible id: ActivityRecord{41d17518 u0 com.antutu.ABenchMark/.Test3D.OgreActivity t34} time:14674591

I/Adreno200-EGL(16046): <qeglDrvAPI_eglInitialize:294>: EGL 1.4 QUALCOMM build: AU_LINUX_ANDROID_JB.04.01.01.00.036_msm8960_JB_CL2644550_release_AU (CL2644550)

I/Adreno200-EGL(16046): Build Date: 07/31/12 Tue

I/Adreno200-EGL(16046): Local Branch: 

I/Adreno200-EGL(16046): Remote Branch: quic/master

I/Adreno200-EGL(16046): Local Patches: NONE

I/Adreno200-EGL(16046): Reconstruct Branch: AU_LINUX_ANDROID_JB.04.01.01.00.036 +  NOTHING

I/Choreographer(16046): Skipped 30 frames!  The application may be doing too much work on its main thread.

W/Adreno200-ES20(16046): <check_framebuffer_object_status:747>: GL_INVALID_OPERATION

I/ActivityManager(  455): Process com.cyanogenmod.settings.device.hwa (pid 15721) has died.

I/ActivityManager(  455): Process com.google.android.googlequicksearchbox:search (pid 15734) has died.

I/ActivityManager(  455): Process com.google.android.gms (pid 13648) has died.

I/ActivityManager(  455): Process com.keramidas.TitaniumBackup (pid 15540) has died.

I/ActivityManager(  455): Process android.process.media (pid 15794) has died.

I/ActivityManager(  455): Process com.android.vending (pid 15764) has died.

I/ActivityManager(  455): Process com.android.settings (pid 12098) has died.

I/WindowState(  455): WIN DEATH: Window{420fca30 u0 com.android.settings/com.android.settings.Settings}

W/InputDispatcher(  455): channel '41f73428 com.android.settings/com.android.settings.SubSettings (server)' ~ Consumer closed input channel or an error occurred.  events=0x9

E/InputDispatcher(  455): channel '41f73428 com.android.settings/com.android.settings.SubSettings (server)' ~ Channel is unrecoverably broken and will be disposed!

W/InputDispatcher(  455): Attempted to unregister already unregistered input channel '41f73428 com.android.settings/com.android.settings.SubSettings (server)'

I/WindowState(  455): WIN DEATH: Window{41f73428 u0 com.android.settings/com.android.settings.SubSettings}

I/ActivityManager(  455): Process com.android.browser (pid 14048) has died.

I/WindowState(  455): WIN DEATH: Window{41e78ca8 u0 com.android.browser/com.android.browser.BrowserActivity}

I/ActivityManager(  455): Process netgenius.bizcal (pid 15821) has died.

W/Adreno200-ES20(16046): <qgl2DrvAPI_glTexImage2D:477>: GL_INVALID_OPERATION

W/ActivityManager(  455): Launch timeout has expired, giving up wake lock!

I/ActivityManager(  455): Low on memory:

I/ActivityManager(  455):   ntv   N     2674 kB: mediaserver (86) native

I/ActivityManager(  455):   ntv   N     2316 kB: zygote (84) native

I/ActivityManager(  455):   ntv   N     2210 kB: surfaceflinger (83) native

I/ActivityManager(  455):   ntv   N     1720 kB: logcat (15963) native

I/ActivityManager(  455):   ntv   N      724 kB: drmserver (85) native

I/ActivityManager(  455):   ntv   N      580 kB: netd (80) native

I/ActivityManager(  455):   ntv   N      558 kB: wpa_supplicant (604) native

I/ActivityManager(  455):   ntv   N      492 kB: rild (82) native

I/ActivityManager(  455):   ntv   N      428 kB: keystore (88) native

I/ActivityManager(  455):   ntv   N      385 kB: sdcard (596) native

I/ActivityManager(  455):   ntv   N      297 kB: vold (77) native

I/ActivityManager(  455):   ntv   N      291 kB: /init (1) native

I/ActivityManager(  455):   ntv   N      220 kB: adbd (73) native

I/ActivityManager(  455):   ntv   N      220 kB: sh (15881) native

I/ActivityManager(  455):   ntv   N      169 kB: dhcpcd (14903) native

I/ActivityManager(  455):   ntv   N      158 kB: ueventd (64) native

I/ActivityManager(  455):   ntv   N      138 kB: sh (91) native

I/ActivityManager(  455):   ntv   N      136 kB: healthd (74) native

I/ActivityManager(  455):   ntv   N      122 kB: installd (87) native

I/ActivityManager(  455):   ntv   N      120 kB: akmd (89) native

I/ActivityManager(  455):   ntv   N       97 kB: servicemanager (76) native

I/ActivityManager(  455):   ntv   N       86 kB: debuggerd (81) native

I/ActivityManager(  455):   ntv   N       32 kB: su (95) native

I/ActivityManager(  455):   sys   P    35437 kB: system (455) fixed

I/ActivityManager(  455):   pers  P    18264 kB: com.android.systemui (510) fixed

I/ActivityManager(  455):   pers  P    10462 kB: com.android.phone (622) fixed

I/ActivityManager(  455):   pers  P     2900 kB: com.tmobile.thememanager (635) fixed

I/ActivityManager(  455):   pers  P     2397 kB: com.bel.android.dspmanager (627) fixed

I/ActivityManager(  455):   fore  T    89951 kB: com.antutu.ABenchMark:remote (16046) top-activity

I/ActivityManager(  455):   vis   IF    7073 kB: com.google.process.location (785) service

I/ActivityManager(  455):                        com.google.android.gms/com.google.android.location.network.NetworkLocationService<=Proc{455:system/1000}

I/ActivityManager(  455):   vis   IF    2455 kB: com.android.smspush (691) service

I/ActivityManager(  455):                        com.android.smspush/.WapPushManager<=Proc{622:com.android.phone/1001}

I/ActivityManager(  455):   prcp  T    23049 kB: com.antutu.ABenchMark (15834) pausing

I/ActivityManager(  455):   prcp  IF   19532 kB: com.google.android.inputmethod.latin (608) service

I/ActivityManager(  455):                        com.google.android.inputmethod.latin/com.android.inputmethod.latin.LatinIME<=Proc{455:system/1000}

I/ActivityManager(  455):   svc   S     8665 kB: com.google.process.gapps (763) started-services

I/ActivityManager(  455):   svc   S     5962 kB: com.texty.sms (14147) started-services

I/ActivityManager(  455):   home  HO   17613 kB: com.android.launcher3 (646) home

I/ActivityManager(  455):   svcb  S     3519 kB: com.anod.calendar (12183) started-services

I/ActivityManager(  455):             261452 kB: TOTAL

I/ActivityManager(  455):   MemInfo: 11524 kB slab, 380 kB shmem, 1140 kB buffers, 61356 kB cached, 69468 kB free

W/Adreno200-ES20(16046): <gl_draw_error_checks:505>: GL_INVALID_OPERATION

W/Adreno200-ES20(16046): <gl_draw_error_checks:505>: GL_INVALID_OPERATION

W/Adreno200-ES20(16046): <gl_draw_error_checks:505>: GL_INVALID_OPERATION

W/Adreno200-ES20(16046): <gl_draw_error_checks:505>: GL_INVALID_OPERATION

W/Adreno200-ES20(16046): <gl_draw_error_checks:505>: GL_INVALID_OPERATION

I/GCM     (  763): GCM message com.texty.sms 0:1389358436611992%a0bb592a00170842

V/GCMBroadcastReceiver(14147): onReceive: com.google.android.c2dm.intent.RECEIVE

V/GCMBroadcastReceiver(14147): GCM IntentService class: com.texty.sms.GCMIntentService

V/GCMBaseIntentService(14147): Intent service name: GCMIntentService-82288362851-45

I/ActivityManager(  455): Delay finish: com.texty.sms/com.google.android.gcm.GCMBroadcastReceiver

E/GCMIntentService(14147): ***** GCM listener called

I/GCMIntentHelper(14147): action=get_phone_status

I/GCMIntentHelper(14147): action_data=check-phone-status-not-needed

I/GCMIntentHelper(14147): action_data (decoded )=check-phone-status-not-needed

I/GCMIntentHelper(14147): action=get_phone_status, action_data=check-phone-status-not-needed

I/Texty   (14147): ts_last_c2dm set to Fri Jan 10 13:53:56 CET 2014

I/SystemUtils(14147): carrier name=Telenor

D/ConnectivityService(  455): handleInetConditionHoldEnd: net=1, condition=100, published condition=100

I/SyncClient(14147): Message=phone status forwarded to cloud!

I/ActivityManager(  455): Resuming delayed broadcast

F/libc    (16046): Fatal signal 11 (SIGSEGV) at 0x545f57cc (code=1), thread 16046 (enchMark:remote)

I/AndroidRuntime(16046): VM exiting with result code 0, cleanup skipped.

I/WindowState(  455): WIN DEATH: Window{420239b8 u0 com.antutu.ABenchMark/com.antutu.ABenchMark.Test3D.OgreActivity}

I/ActivityManager(  455): Process com.antutu.ABenchMark:remote (pid 16046) has died.

I/WindowState(  455): WIN DEATH: Window{4202d298 u0 SurfaceView}

I/AnTuTuBenchmarkScore(15834): multitask : 622

I/AnTuTuBenchmarkScore(15834): integer : 316

I/AnTuTuBenchmarkScore(15834): float : 171

I/AnTuTuBenchmarkScore(15834): ram : 309

I/AnTuTuBenchmarkScore(15834): memory : 143

I/AnTuTuBenchmarkScore(15834): dalvik : 78

I/AnTuTuBenchmarkScore(15834): renderscript : 0

I/AnTuTuBenchmarkScore(15834): 2d : 245

I/AnTuTuBenchmarkScore(15834): 3d : 480

I/AnTuTuBenchmarkScore(15834): database : 270

I/AnTuTuBenchmarkScore(15834): storage : 534

I/AnTuTuBenchmarkScore(15834): score : 3168

