--------- beginning of /dev/log/system

D/ConnectivityService(  455): [CheckMp] isMobileOk: not connected ni=NetworkInfo: type: mobile_hipri[HSDPA], state: DISCONNECTED/IDLE, reason: (unspecified), extra: (none), roaming: false, failover: false, isAvailable: true, isConnectedToProvisioningNetwork: false

D/ConnectivityService(  455): [CheckMp] isMobileOk: not connected ni=NetworkInfo: type: mobile_hipri[HSDPA], state: DISCONNECTED/IDLE, reason: (unspecified), extra: (none), roaming: false, failover: false, isAvailable: true, isConnectedToProvisioningNetwork: false

D/ConnectivityService(  455): [CheckMp] isMobileOk: not connected ni=NetworkInfo: type: mobile_hipri[HSDPA], state: DISCONNECTED/IDLE, reason: (unspecified), extra: (none), roaming: false, failover: false, isAvailable: true, isConnectedToProvisioningNetwork: false

D/ConnectivityService(  455): [CheckMp] isMobileOk: not connected ni=NetworkInfo: type: mobile_hipri[HSDPA], state: DISCONNECTED/IDLE, reason: (unspecified), extra: (none), roaming: false, failover: false, isAvailable: true, isConnectedToProvisioningNetwork: false

D/ConnectivityService(  455): [CheckMp] isMobileOk: not connected ni=NetworkInfo: type: mobile_hipri[HSDPA], state: DISCONNECTED/IDLE, reason: (unspecified), extra: (none), roaming: false, failover: false, isAvailable: true, isConnectedToProvisioningNetwork: false

D/ConnectivityService(  455): [CheckMp] isMobileOk: not connected ni=NetworkInfo: type: mobile_hipri[HSDPA], state: DISCONNECTED/IDLE, reason: (unspecified), extra: (none), roaming: false, failover: false, isAvailable: true, isConnectedToProvisioningNetwork: false

D/ConnectivityService(  455): [CheckMp] isMobileOk: not connected ni=NetworkInfo: type: mobile_hipri[HSDPA], state: DISCONNECTED/IDLE, reason: (unspecified), extra: (none), roaming: false, failover: false, isAvailable: true, isConnectedToProvisioningNetwork: false

D/ConnectivityService(  455): [CheckMp] isMobileOk: not connected ni=NetworkInfo: type: mobile_hipri[HSDPA], state: DISCONNECTED/IDLE, reason: (unspecified), extra: (none), roaming: false, failover: false, isAvailable: true, isConnectedToProvisioningNetwork: false

D/ConnectivityService(  455): [CheckMp] isMobileOk: not connected ni=NetworkInfo: type: mobile_hipri[HSDPA], state: DISCONNECTED/IDLE, reason: (unspecified), extra: (none), roaming: false, failover: false, isAvailable: true, isConnectedToProvisioningNetwork: false

D/ConnectivityService(  455): [CheckMp] isMobileOk: not connected ni=NetworkInfo: type: mobile_hipri[HSDPA], state: DISCONNECTED/IDLE, reason: (unspecified), extra: (none), roaming: false, failover: false, isAvailable: true, isConnectedToProvisioningNetwork: false

D/ConnectivityService(  455): [CheckMp] isMobileOk: not connected ni=NetworkInfo: type: mobile_hipri[HSDPA], state: DISCONNECTED/IDLE, reason: (unspecified), extra: (none), roaming: false, failover: false, isAvailable: true, isConnectedToProvisioningNetwork: false

D/ConnectivityService(  455): [CheckMp] isMobileOk: not connected ni=NetworkInfo: type: mobile_hipri[HSDPA], state: DISCONNECTED/IDLE, reason: (unspecified), extra: (none), roaming: false, failover: false, isAvailable: true, isConnectedToProvisioningNetwork: false

D/ConnectivityService(  455): [CheckMp] isMobileOk: not connected ni=NetworkInfo: type: mobile_hipri[HSDPA], state: DISCONNECTED/IDLE, reason: (unspecified), extra: (none), roaming: false, failover: false, isAvailable: true, isConnectedToProvisioningNetwork: false

D/ConnectivityService(  455): [CheckMp] isMobileOk: timed out

D/ConnectivityService(  455): [CheckMp] isMobileOk: F stop hipri

D/MobileDataStateTracker(  455): default: setEnableFailFastMobileData(enabled=0)

D/ConnectivityService(  455): stopUsingNetworkFeature: teardown net 0: enableHIPRI

D/MobileDataStateTracker(  455): hipri: Broadcast received: android.intent.action.ANY_DATA_STATE apnType=hipri

D/MobileDataStateTracker(  455): hipri: Received state=DISCONNECTED, old=CONNECTED, reason=dataDisabled

D/MobileDataStateTracker(  455): hipri: setDetailed state, old =IDLE and new state=DISCONNECTED

D/ConnectivityService(  455): ConnectivityChange for mobile_hipri: DISCONNECTED/DISCONNECTED

D/Nat464Xlat(  455): requiresClat: netType=5, hasIPv4Address=true

D/MobileDataStateTracker(  455): default: setPolicyDataEnable(enabled=true)

D/MobileDataStateTracker(  455): default: setPolicyDataEnable(enabled=true)

D/MobileDataStateTracker(  455): default: setPolicyDataEnable(enabled=true)

D/MobileDataStateTracker(  455): default: setPolicyDataEnable(enabled=true)

I/ActivityManager(  455): Delay finish: com.google.android.gsf/.settings.GoogleLocationSettings$LocationSettingsChangedListener

I/ActivityManager(  455): Resuming delayed broadcast

D/ConnectivityService(  455): handleInetConditionHoldEnd: net=0, condition=100, published condition=100

D/ConnectivityService(  455): [CheckMp] isMobileOk: X result=0

D/ConnectivityService(  455): [CheckMp] onPostExecute: result=0

D/ConnectivityService(  455): CheckMp.onComplete: result=0

D/ConnectivityService(  455): CheckMp.onComplete: ignore, connected or no connection

D/ConnectivityService(  455): Sampling interval elapsed, updating statistics ..

D/ConnectivityService(  455): Done.

D/ConnectivityService(  455): Setting timer for 720seconds

I/ActivityManager(  455): Start proc com.android.deskclock for broadcast com.android.deskclock/com.android.alarmclock.DigitalAppWidgetProvider: pid=14508 uid=10049 gids={50049, 1028, 3003}

I/ActivityManager(  455): Process com.android.mms (pid 14175) has died.

I/ActivityManager(  455): Delay finish: com.texty.sms/com.google.android.gcm.GCMBroadcastReceiver

D/ConnectivityService(  455): handleInetConditionHoldEnd: net=0, condition=100, published condition=100

I/ActivityManager(  455): Resuming delayed broadcast

I/ActivityManager(  455): Delay finish: com.google.android.gsf/.subscribedfeeds.SubscribedFeedsGCMBroadcastReceiver

I/ActivityManager(  455): Resuming delayed broadcast

D/ConnectivityService(  455): handleInetConditionHoldEnd: net=0, condition=100, published condition=100

I/ActivityManager(  455): Delay finish: com.google.android.gm/.GmailReceiver

I/ActivityManager(  455): Resuming delayed broadcast

I/ActivityManager(  455): Delay finish: com.google.android.gm/.GmailReceiver

I/ActivityManager(  455): Resuming delayed broadcast

I/ActivityManager(  455): Delay finish: com.google.android.gsf/.subscribedfeeds.SubscribedFeedsGCMBroadcastReceiver

I/ActivityManager(  455): Resuming delayed broadcast

D/ConnectivityService(  455): handleInetConditionHoldEnd: net=0, condition=100, published condition=100

I/ActivityManager(  455): Delay finish: com.google.android.gm/.GmailReceiver

I/ActivityManager(  455): Resuming delayed broadcast

I/ActivityManager(  455): Delay finish: com.google.android.gm/.GmailReceiver

I/ActivityManager(  455): Resuming delayed broadcast

I/ActivityManager(  455): Delay finish: com.texty.sms/com.google.android.gcm.GCMBroadcastReceiver

D/ConnectivityService(  455): handleInetConditionHoldEnd: net=0, condition=100, published condition=100

I/ActivityManager(  455): Resuming delayed broadcast

I/ActivityManager(  455): Delay finish: ru.org.amip.ClockSync/.AlarmReceiver

I/ActivityManager(  455): Resuming delayed broadcast

D/ConnectivityService(  455): Sampling interval elapsed, updating statistics ..

D/ConnectivityService(  455): Done.

D/ConnectivityService(  455): Setting timer for 720seconds

I/ActivityManager(  455): Process com.tytung.agpswidget (pid 14285) has died.

I/ActivityManager(  455): Process com.antutu.ABenchMark (pid 14299) has died.

I/ActivityManager(  455): Start proc com.google.android.calendar for broadcast com.google.android.calendar/com.android.calendar.widget.CalendarAppWidgetService$CalendarFactory: pid=14584 uid=10043 gids={50043, 3003}

I/ActivityManager(  455): Start proc com.android.providers.calendar for content provider com.android.providers.calendar/.CalendarProvider2: pid=14601 uid=10020 gids={50020, 3003, 1028, 1015}

I/ActivityManager(  455): Delay finish: com.cyanogenmod.lockclock/.ClockWidgetProvider

I/ActivityManager(  455): Resuming delayed broadcast

I/ActivityManager(  455): Delay finish: com.android.settings/.cyanogenmod.superuser.SuReceiver

I/ActivityManager(  455): Resuming delayed broadcast

D/MobileDataStateTracker(  455): default: setPolicyDataEnable(enabled=true)

I/ActivityManager(  455): Delay finish: com.cyanogenmod.lockclock/.ClockWidgetProvider

I/ActivityManager(  455): Resuming delayed broadcast

I/ActivityManager(  455): Delay finish: com.google.android.calendar/com.android.calendar.alerts.AlertReceiver

D/ConnectivityService(  455): handleInetConditionHoldEnd: net=0, condition=100, published condition=100

I/ActivityManager(  455): Resuming delayed broadcast

I/ActivityManager(  455): Start proc netgenius.bizcal for broadcast netgenius.bizcal/.appwidget.holo.GoogleCalendarChangedReceiver: pid=14632 uid=10074 gids={50074, 1028, 1015, 3003}

I/ActivityManager(  455): Delay finish: com.texty.sms/com.google.android.gcm.GCMBroadcastReceiver

I/ActivityManager(  455): Process android.process.media (pid 14217) has died.

I/ActivityManager(  455): Resuming delayed broadcast

I/ActivityManager(  455): Delay finish: com.google.android.gsf/.subscribedfeeds.SubscribedFeedsGCMBroadcastReceiver

I/ActivityManager(  455): Resuming delayed broadcast

D/ConnectivityService(  455): handleInetConditionHoldEnd: net=0, condition=100, published condition=100

I/ActivityManager(  455): Delay finish: com.google.android.gm/.GmailReceiver

I/ActivityManager(  455): Resuming delayed broadcast

I/ActivityManager(  455): Start proc android.process.media for content provider com.android.providers.media/.MediaProvider: pid=14652 uid=10010 gids={50010, 1028, 1015, 1023, 1024, 2001, 3003, 3007}

I/ActivityManager(  455): Process ru.org.amip.ClockSync (pid 14269) has died.

I/ActivityManager(  455): Delay finish: com.google.android.gsf/.subscribedfeeds.SubscribedFeedsGCMBroadcastReceiver

I/ActivityManager(  455): Resuming delayed broadcast

I/ActivityManager(  455): Delay finish: com.texty.sms/com.google.android.gcm.GCMBroadcastReceiver

D/ConnectivityService(  455): handleInetConditionHoldEnd: net=0, condition=100, published condition=100

I/ActivityManager(  455): Resuming delayed broadcast

I/ActivityManager(  455): Delay finish: com.google.android.gm/.GmailReceiver

I/ActivityManager(  455): Resuming delayed broadcast

I/ActivityManager(  455): Delay finish: com.texty.sms/com.google.android.gcm.GCMBroadcastReceiver

D/ConnectivityService(  455): handleInetConditionHoldEnd: net=0, condition=100, published condition=100

I/ActivityManager(  455): Resuming delayed broadcast

D/ConnectivityService(  455): Sampling interval elapsed, updating statistics ..

D/ConnectivityService(  455): Done.

D/ConnectivityService(  455): Setting timer for 720seconds

I/ActivityManager(  455): Delay finish: com.texty.sms/com.google.android.gcm.GCMBroadcastReceiver

D/ConnectivityService(  455): handleInetConditionHoldEnd: net=0, condition=100, published condition=100

I/ActivityManager(  455): Resuming delayed broadcast

I/ActivityManager(  455): Delay finish: com.texty.sms/com.google.android.gcm.GCMBroadcastReceiver

D/ConnectivityService(  455): handleInetConditionHoldEnd: net=0, condition=100, published condition=100

I/ActivityManager(  455): Resuming delayed broadcast

I/ActivityManager(  455): Delay finish: com.google.android.gsf/.checkin.EventLogService$Receiver

I/ActivityManager(  455): Resuming delayed broadcast

I/ActivityManager(  455): Delay finish: com.texty.sms/com.google.android.gcm.GCMBroadcastReceiver

D/ConnectivityService(  455): handleInetConditionHoldEnd: net=0, condition=100, published condition=100

I/ActivityManager(  455): Resuming delayed broadcast

V/BackupManagerService(  455): Running a backup pass

V/BackupManagerService(  455): clearing pending backups

V/PerformBackupTask(  455): Beginning backup of 1 targets

D/PerformBackupTask(  455): invokeAgentForBackup on @pm@

I/PerformBackupTask(  455): no backup data written; not calling transport

D/PerformBackupTask(  455): starting agent for backup of BackupRequest{pkg=android}

D/BackupManagerService(  455): awaiting agent for ApplicationInfo{419059e0 android}

D/BackupManagerService(  455): agentConnected pkg=android agent=android.app.backup.BackupAgent$BackupServiceBinder@420af3c0

I/BackupManagerService(  455): got agent android.app.backup.BackupAgent$BackupServiceBinder@420af3c0

D/PerformBackupTask(  455): invokeAgentForBackup on android

I/PerformBackupTask(  455): no backup data written; not calling transport

I/PerformBackupTask(  455): Backup pass finished.

I/ActivityManager(  455): Delay finish: com.texty.sms/com.google.android.gcm.GCMBroadcastReceiver

D/ConnectivityService(  455): handleInetConditionHoldEnd: net=0, condition=100, published condition=100

I/ActivityManager(  455): Resuming delayed broadcast

D/ConnectivityService(  455): Sampling interval elapsed, updating statistics ..

D/ConnectivityService(  455): Done.

D/ConnectivityService(  455): Setting timer for 720seconds

I/ActivityManager(  455): Delay finish: com.cyanogenmod.lockclock/.ClockWidgetProvider

I/ActivityManager(  455): Resuming delayed broadcast

I/ActivityManager(  455): Delay finish: com.texty.sms/com.google.android.gcm.GCMBroadcastReceiver

D/ConnectivityService(  455): handleInetConditionHoldEnd: net=0, condition=100, published condition=100

I/ActivityManager(  455): Resuming delayed broadcast

D/MobileDataStateTracker(  455): default: setPolicyDataEnable(enabled=true)

I/ActivityManager(  455): Delay finish: com.texty.sms/com.google.android.gcm.GCMBroadcastReceiver

D/ConnectivityService(  455): handleInetConditionHoldEnd: net=0, condition=100, published condition=100

I/ActivityManager(  455): Resuming delayed broadcast

I/ActivityManager(  455): Delay finish: com.texty.sms/com.google.android.gcm.GCMBroadcastReceiver

D/ConnectivityService(  455): handleInetConditionHoldEnd: net=0, condition=100, published condition=100

I/ActivityManager(  455): Resuming delayed broadcast

D/ConnectivityService(  455): Sampling interval elapsed, updating statistics ..

D/ConnectivityService(  455): Done.

D/ConnectivityService(  455): Setting timer for 720seconds

I/ActivityManager(  455): Delay finish: com.texty.sms/com.google.android.gcm.GCMBroadcastReceiver

D/ConnectivityService(  455): handleInetConditionHoldEnd: net=0, condition=100, published condition=100

I/ActivityManager(  455): Resuming delayed broadcast

I/ActivityManager(  455): Delay finish: com.texty.sms/com.google.android.gcm.GCMBroadcastReceiver

D/ConnectivityService(  455): handleInetConditionHoldEnd: net=0, condition=100, published condition=100

I/ActivityManager(  455): Resuming delayed broadcast

I/ActivityManager(  455): Delay finish: com.texty.sms/com.google.android.gcm.GCMBroadcastReceiver

D/ConnectivityService(  455): handleInetConditionHoldEnd: net=0, condition=100, published condition=100

I/ActivityManager(  455): Resuming delayed broadcast

D/ConnectivityService(  455): Sampling interval elapsed, updating statistics ..

D/ConnectivityService(  455): Done.

D/ConnectivityService(  455): Setting timer for 720seconds

I/ActivityManager(  455): Delay finish: com.google.android.gsf/.checkin.EventLogService$Receiver

I/ActivityManager(  455): Resuming delayed broadcast

I/ActivityManager(  455): Delay finish: com.texty.sms/com.google.android.gcm.GCMBroadcastReceiver

D/ConnectivityService(  455): handleInetConditionHoldEnd: net=0, condition=100, published condition=100

I/ActivityManager(  455): Resuming delayed broadcast

I/ActivityManager(  455): Delay finish: com.texty.sms/com.google.android.gcm.GCMBroadcastReceiver

D/ConnectivityService(  455): handleInetConditionHoldEnd: net=0, condition=100, published condition=100

I/ActivityManager(  455): Resuming delayed broadcast

I/ActivityManager(  455): Delay finish: com.google.android.gsf/.subscribedfeeds.SubscribedFeedsGCMBroadcastReceiver

I/ActivityManager(  455): Resuming delayed broadcast

I/ActivityManager(  455): Delay finish: com.google.android.gsf/.subscribedfeeds.SubscribedFeedsGCMBroadcastReceiver

I/ActivityManager(  455): Resuming delayed broadcast

I/ActivityManager(  455): Delay finish: com.texty.sms/com.google.android.gcm.GCMBroadcastReceiver

D/ConnectivityService(  455): handleInetConditionHoldEnd: net=0, condition=100, published condition=100

I/ActivityManager(  455): Resuming delayed broadcast

D/MobileDataStateTracker(  455): default: setPolicyDataEnable(enabled=true)

D/ConnectivityService(  455): Sampling interval elapsed, updating statistics ..

D/ConnectivityService(  455): Done.

D/ConnectivityService(  455): Setting timer for 720seconds

I/ActivityManager(  455): Delay finish: com.google.android.gm/.GmailReceiver

I/ActivityManager(  455): Resuming delayed broadcast

I/ActivityManager(  455): Delay finish: com.google.android.gm/.GmailReceiver

I/ActivityManager(  455): Resuming delayed broadcast

I/ActivityManager(  455): Delay finish: com.google.android.gsf/.subscribedfeeds.SubscribedFeedsGCMBroadcastReceiver

I/ActivityManager(  455): Resuming delayed broadcast

I/ActivityManager(  455): Delay finish: com.google.android.gsf/.subscribedfeeds.SubscribedFeedsGCMBroadcastReceiver

I/ActivityManager(  455): Resuming delayed broadcast

I/ActivityManager(  455): Delay finish: com.google.android.gsf/.subscribedfeeds.SubscribedFeedsGCMBroadcastReceiver

I/ActivityManager(  455): Resuming delayed broadcast

D/ConnectivityService(  455): handleInetConditionHoldEnd: net=0, condition=100, published condition=100

I/ActivityManager(  455): Delay finish: com.google.android.gm/.GmailReceiver

I/ActivityManager(  455): Resuming delayed broadcast

I/ActivityManager(  455): Delay finish: com.google.android.gm/.GmailReceiver

I/ActivityManager(  455): Resuming delayed broadcast

I/ActivityManager(  455): Delay finish: com.texty.sms/com.google.android.gcm.GCMBroadcastReceiver

D/ConnectivityService(  455): handleInetConditionHoldEnd: net=0, condition=100, published condition=100

I/ActivityManager(  455): Resuming delayed broadcast

I/ActivityManager(  455): Delay finish: com.texty.sms/com.google.android.gcm.GCMBroadcastReceiver

D/ConnectivityService(  455): handleInetConditionHoldEnd: net=0, condition=100, published condition=100

I/ActivityManager(  455): Resuming delayed broadcast

D/ConnectivityService(  455): Sampling interval elapsed, updating statistics ..

D/ConnectivityService(  455): Done.

D/ConnectivityService(  455): Setting timer for 720seconds

I/ActivityManager(  455): Delay finish: com.texty.sms/com.google.android.gcm.GCMBroadcastReceiver

D/ConnectivityService(  455): handleInetConditionHoldEnd: net=0, condition=100, published condition=100

I/ActivityManager(  455): Resuming delayed broadcast

I/ActivityManager(  455): Delay finish: com.texty.sms/com.google.android.gcm.GCMBroadcastReceiver

D/ConnectivityService(  455): handleInetConditionHoldEnd: net=0, condition=100, published condition=100

I/ActivityManager(  455): Resuming delayed broadcast

I/ActivityManager(  455): Delay finish: com.google.android.gsf/.checkin.EventLogService$Receiver

I/ActivityManager(  455): Resuming delayed broadcast

I/ActivityManager(  455): Delay finish: com.texty.sms/com.google.android.gcm.GCMBroadcastReceiver

D/ConnectivityService(  455): handleInetConditionHoldEnd: net=0, condition=100, published condition=100

I/ActivityManager(  455): Resuming delayed broadcast

I/ActivityManager(  455): Delay finish: com.texty.sms/com.google.android.gcm.GCMBroadcastReceiver

D/ConnectivityService(  455): handleInetConditionHoldEnd: net=0, condition=100, published condition=100

I/ActivityManager(  455): Resuming delayed broadcast

D/ConnectivityService(  455): Sampling interval elapsed, updating statistics ..

V/BackupManagerService(  455): Running a backup pass

D/ConnectivityService(  455): Done.

D/ConnectivityService(  455): Setting timer for 720seconds

V/BackupManagerService(  455): Backup requested but nothing pending

I/ActivityManager(  455): Delay finish: com.cyanogenmod.lockclock/.ClockWidgetProvider

I/ActivityManager(  455): Resuming delayed broadcast

I/ActivityManager(  455): Delay finish: com.texty.sms/com.google.android.gcm.GCMBroadcastReceiver

D/ConnectivityService(  455): handleInetConditionHoldEnd: net=0, condition=100, published condition=100

I/ActivityManager(  455): Resuming delayed broadcast

I/ActivityManager(  455): Delay finish: com.texty.sms/com.google.android.gcm.GCMBroadcastReceiver

D/ConnectivityService(  455): handleInetConditionHoldEnd: net=0, condition=100, published condition=100

I/ActivityManager(  455): Resuming delayed broadcast

D/MobileDataStateTracker(  455): default: setPolicyDataEnable(enabled=true)

I/ActivityManager(  455): Delay finish: com.texty.sms/com.google.android.gcm.GCMBroadcastReceiver

D/ConnectivityService(  455): handleInetConditionHoldEnd: net=0, condition=100, published condition=100

I/ActivityManager(  455): Resuming delayed broadcast

D/ConnectivityService(  455): Sampling interval elapsed, updating statistics ..

D/ConnectivityService(  455): Done.

D/ConnectivityService(  455): Setting timer for 720seconds

I/ActivityManager(  455): Delay finish: com.texty.sms/com.google.android.gcm.GCMBroadcastReceiver

D/ConnectivityService(  455): handleInetConditionHoldEnd: net=0, condition=100, published condition=100

I/ActivityManager(  455): Resuming delayed broadcast

I/ActivityManager(  455): Delay finish: com.texty.sms/com.google.android.gcm.GCMBroadcastReceiver

D/ConnectivityService(  455): handleInetConditionHoldEnd: net=0, condition=100, published condition=100

I/ActivityManager(  455): Resuming delayed broadcast

I/ActivityManager(  455): Delay finish: com.texty.sms/com.google.android.gcm.GCMBroadcastReceiver

D/ConnectivityService(  455): handleInetConditionHoldEnd: net=0, condition=100, published condition=100

I/ActivityManager(  455): Resuming delayed broadcast

D/ConnectivityService(  455): Sampling interval elapsed, updating statistics ..

D/ConnectivityService(  455): Done.

D/ConnectivityService(  455): Setting timer for 720seconds

I/ActivityManager(  455): Delay finish: com.google.android.gsf/.checkin.EventLogService$Receiver

I/ActivityManager(  455): Resuming delayed broadcast

I/ActivityManager(  455): Delay finish: com.facebook.orca/com.facebook.push.c2dm.C2DMBroadcastReceiver

D/ConnectivityService(  455): handleInetConditionHoldEnd: net=0, condition=100, published condition=100

I/ActivityManager(  455): Resuming delayed broadcast

I/ActivityManager(  455): Delay finish: com.facebook.orca/com.facebook.push.c2dm.C2DMBroadcastReceiver

I/ActivityManager(  455): Resuming delayed broadcast

I/ActivityManager(  455): Delay finish: com.facebook.orca/com.facebook.push.c2dm.C2DMBroadcastReceiver

I/ActivityManager(  455): Resuming delayed broadcast

I/ActivityManager(  455): Delay finish: com.facebook.orca/com.facebook.push.c2dm.C2DMBroadcastReceiver

I/ActivityManager(  455): Resuming delayed broadcast

D/ConnectivityService(  455): handleInetConditionHoldEnd: net=0, condition=100, published condition=100

I/ActivityManager(  455): Delay finish: com.texty.sms/com.google.android.gcm.GCMBroadcastReceiver

D/ConnectivityService(  455): handleInetConditionHoldEnd: net=0, condition=100, published condition=100

I/ActivityManager(  455): Resuming delayed broadcast

I/ActivityManager(  455): Delay finish: com.texty.sms/com.google.android.gcm.GCMBroadcastReceiver

D/ConnectivityService(  455): handleInetConditionHoldEnd: net=0, condition=100, published condition=100

I/ActivityManager(  455): Resuming delayed broadcast

I/ActivityManager(  455): Delay finish: com.texty.sms/com.google.android.gcm.GCMBroadcastReceiver

D/ConnectivityService(  455): handleInetConditionHoldEnd: net=0, condition=100, published condition=100

I/ActivityManager(  455): Resuming delayed broadcast

D/MobileDataStateTracker(  455): default: setPolicyDataEnable(enabled=true)

D/ConnectivityService(  455): Sampling interval elapsed, updating statistics ..

D/ConnectivityService(  455): Done.

D/ConnectivityService(  455): Setting timer for 720seconds

I/ActivityManager(  455): Delay finish: com.texty.sms/com.google.android.gcm.GCMBroadcastReceiver

D/ConnectivityService(  455): handleInetConditionHoldEnd: net=0, condition=100, published condition=100

I/ActivityManager(  455): Resuming delayed broadcast

I/ActivityManager(  455): Delay finish: com.texty.sms/com.google.android.gcm.GCMBroadcastReceiver

D/ConnectivityService(  455): handleInetConditionHoldEnd: net=0, condition=100, published condition=100

I/ActivityManager(  455): Resuming delayed broadcast

I/ActivityManager(  455): Delay finish: com.texty.sms/com.google.android.gcm.GCMBroadcastReceiver

D/ConnectivityService(  455): handleInetConditionHoldEnd: net=0, condition=100, published condition=100

I/ActivityManager(  455): Resuming delayed broadcast

D/ConnectivityService(  455): Sampling interval elapsed, updating statistics ..

D/ConnectivityService(  455): Done.

D/ConnectivityService(  455): Setting timer for 720seconds

I/ActivityManager(  455): Delay finish: com.texty.sms/com.google.android.gcm.GCMBroadcastReceiver

D/ConnectivityService(  455): handleInetConditionHoldEnd: net=0, condition=100, published condition=100

I/ActivityManager(  455): Resuming delayed broadcast

I/ActivityManager(  455): Delay finish: com.texty.sms/com.google.android.gcm.GCMBroadcastReceiver

D/ConnectivityService(  455): handleInetConditionHoldEnd: net=0, condition=100, published condition=100

I/ActivityManager(  455): Resuming delayed broadcast

I/ActivityManager(  455): Delay finish: com.texty.sms/com.google.android.gcm.GCMBroadcastReceiver

D/ConnectivityService(  455): handleInetConditionHoldEnd: net=0, condition=100, published condition=100

I/ActivityManager(  455): Resuming delayed broadcast

D/ConnectivityService(  455): Sampling interval elapsed, updating statistics ..

D/ConnectivityService(  455): Done.

D/ConnectivityService(  455): Setting timer for 720seconds

I/ActivityManager(  455): Delay finish: com.google.android.gsf/.checkin.EventLogService$Receiver

I/ActivityManager(  455): Resuming delayed broadcast

V/BackupManagerService(  455): Running a backup pass

V/BackupManagerService(  455): Backup requested but nothing pending

I/ActivityManager(  455): Delay finish: com.texty.sms/com.google.android.gcm.GCMBroadcastReceiver

D/ConnectivityService(  455): handleInetConditionHoldEnd: net=0, condition=100, published condition=100

I/ActivityManager(  455): Resuming delayed broadcast

I/ActivityManager(  455): Delay finish: com.cyanogenmod.lockclock/.ClockWidgetProvider

I/ActivityManager(  455): Resuming delayed broadcast

I/ActivityManager(  455): Delay finish: com.texty.sms/com.google.android.gcm.GCMBroadcastReceiver

D/ConnectivityService(  455): handleInetConditionHoldEnd: net=0, condition=100, published condition=100

I/ActivityManager(  455): Resuming delayed broadcast

D/MobileDataStateTracker(  455): default: setPolicyDataEnable(enabled=true)

I/ActivityManager(  455): Start proc com.android.vending for broadcast com.android.vending/com.google.android.finsky.receivers.ServerNotificationReceiver: pid=14831 uid=10007 gids={50007, 3003, 1028, 1015}

D/ConnectivityService(  455): handleInetConditionHoldEnd: net=0, condition=100, published condition=100

I/ActivityManager(  455): Process com.android.providers.calendar (pid 14601) has died.

W/ActivityThread(14652): ClassLoader.loadClass: The class loader returned by Thread.getContextClassLoader() may fail for processes that host multiple applications. You should explicitly specify a context class loader. For example: Thread.setContextClassLoader(getClass().getClassLoader());

I/ActivityManager(  455): Waited long enough for: ServiceRecord{420fa3f8 u0 com.android.providers.downloads/.DownloadService}

I/PowerManagerService(  455): Waking up from sleep...

I/ActivityManager(  455): Start proc com.google.android.apps.uploader for broadcast com.google.android.apps.uploader/com.google.android.picasasync.BatteryReceiver: pid=14874 uid=10038 gids={50038, 3003, 1028, 1015}

I/EntropyMixer(  455): Writing entropy...

I/WindowManager(  455): Lock screen displayed!

W/ContextImpl(  455): Calling a method in the system process without a qualified user: android.app.ContextImpl.sendStickyBroadcast:1320 com.android.server.usb.LegacyUsbDeviceManager$LegacyUsbHandler.updateUsbState:520 com.android.server.usb.LegacyUsbDeviceManager$LegacyUsbHandler.handleMessage:538 android.os.Handler.dispatchMessage:102 android.os.Looper.loop:136 

E/NotificationService(  455): Not posting notification with icon==0: Notification(pri=0 contentView=null vibrate=null sound=content://media/internal/audio/media/176 defaults=0xfffffffc flags=0x0 kind=[null])

E/NotificationService(  455): WARNING: In a future release this will crash the app: com.android.systemui

D/ConnectivityService(  455): Captive portal check NetworkInfo: type: WIFI[], state: CONNECTING/CAPTIVE_PORTAL_CHECK, reason: (unspecified), extra: "Paxy", roaming: false, failover: false, isAvailable: true, isConnectedToProvisioningNetwork: false

D/ConnectivityService(  455): Captive check on WIFI

D/ConnectivityService(  455): captivePortalCheckComplete: ni=NetworkInfo: type: WIFI[], state: CONNECTING/CAPTIVE_PORTAL_CHECK, reason: (unspecified), extra: "Paxy", roaming: false, failover: false, isAvailable: true, isConnectedToProvisioningNetwork: false

D/ConnectivityService(  455): ConnectivityChange for WIFI: CONNECTED/CONNECTED

D/ConnectivityService(  455): Policy requires mobile teardown

E/ConnectivityService(  455): Unexpected mtu value: android.net.wifi.WifiStateTracker@41c7d658

D/ConnectivityService(  455): sending Proxy Broadcast for [] 0 xl=

D/Nat464Xlat(  455): requiresClat: netType=1, hasIPv4Address=true

D/MobileDataStateTracker(  455): default: setPolicyDataEnable(enabled=true)

W/ProcessCpuTracker(  455): Skipping unknown process pid 14937

D/MobileDataStateTracker(  455): default: setPolicyDataEnable(enabled=true)

D/ConnectivityService(  455): handleConnectivityChange: addresses changed linkProperty[1]: resetMask=0

D/ConnectivityService(  455):    car=removed=[] added=[fe80::223:76ff:feb8:c9e4/64,]

D/Nat464Xlat(  455): requiresClat: netType=1, hasIPv4Address=true

W/InputMethodManagerService(  455): Window already focused, ignoring focus gain of: com.android.internal.view.IInputMethodClient$Stub$Proxy@41e97fa0 attribute=android.view.inputmethod.EditorInfo@4205dd30, token = android.os.BinderProxy@41d81278

D/MobileDataStateTracker(  455): default: Broadcast received: android.intent.action.ANY_DATA_STATE apnType=default

D/MobileDataStateTracker(  455): default: Received state=DISCONNECTED, old=CONNECTED, reason=dataDisabled

D/MobileDataStateTracker(  455): default: setDetailed state, old =CONNECTED and new state=DISCONNECTED

D/ConnectivityService(  455): ConnectivityChange for mobile: DISCONNECTED/DISCONNECTED

D/ConnectivityService(  455): Attempting to switch to WIFI

D/ConnectivityService(  455): Attempting to switch to BLUETOOTH_TETHER

D/ConnectivityService(  455): resetConnections(rmnet0, 3)

D/Nat464Xlat(  455): requiresClat: netType=0, hasIPv4Address=true

D/MobileDataStateTracker(  455): default: setPolicyDataEnable(enabled=true)

D/MobileDataStateTracker(  455): default: setPolicyDataEnable(enabled=true)

D/MobileDataStateTracker(  455): default: setPolicyDataEnable(enabled=true)

D/MobileDataStateTracker(  455): default: setPolicyDataEnable(enabled=true)

I/ActivityManager(  455): Start proc com.android.mms for broadcast com.android.mms/.transaction.MmsSystemEventReceiver: pid=14957 uid=10009 gids={50009, 3003, 1028, 1015}

I/ActivityManager(  455): Start proc ru.org.amip.ClockSync for broadcast ru.org.amip.ClockSync/.ConnectivityReceiver: pid=14985 uid=10081 gids={50081, 3003}

D/ConnectivityService(  455): handleInetConditionHoldEnd: net=1, condition=0, published condition=0

I/ActivityManager(  455): Process com.google.android.calendar (pid 14584) has died.

I/ActivityManager(  455): Start proc com.tytung.agpswidget for broadcast com.tytung.agpswidget/.AGpsWidgetProvider: pid=15003 uid=10097 gids={50097, 3003}

I/ActivityManager(  455): Process com.android.deskclock (pid 14508) has died.

I/ActivityManager(  455): Start proc com.antutu.ABenchMark for broadcast com.antutu.ABenchMark/com.antutu.benchmark.ConnectionChangeReceiver: pid=15017 uid=10091 gids={50091, 3003, 1028, 1015, 1006}

I/ActivityManager(  455): Process com.android.vending (pid 14831) has died.

I/ActivityManager(  455): Delay finish: com.android.mms/.transaction.SmsReceiver

I/ActivityManager(  455): Resuming delayed broadcast

I/ActivityManager(  455): Process com.google.android.apps.uploader (pid 14874) has died.

D/ConnectivityService(  455): handleInetConditionHoldEnd: net=1, condition=100, published condition=0

D/ConnectivityService(  455): handleInetConditionHoldEnd: net=1, condition=100, published condition=100

I/ActivityManager(  455): Start proc com.android.vending for broadcast com.android.vending/com.google.android.finsky.download.DownloadBroadcastReceiver: pid=15041 uid=10007 gids={50007, 3003, 1028, 1015}

I/ActivityManager(  455): Process netgenius.bizcal (pid 14632) has died.

I/ActivityManager(  455): Process com.android.mms (pid 14957) has died.

I/ActivityManager(  455): Process com.cyanogenmod.lockclock (pid 14255) has died.

I/ActivityManager(  455): Start proc com.android.defcontainer for service com.android.defcontainer/.DefaultContainerService: pid=15075 uid=10018 gids={50018, 1028, 1015, 1023, 2001, 1035}

W/ActivityManager(  455): No content provider found for permission revoke: file:///data/data/com.android.providers.downloads/cache/downloadfile.apk

I/ActivityManager(  455): Delay finish: com.android.vending/com.google.android.vending.verifier.PackageVerificationReceiver

I/ActivityManager(  455): Resuming delayed broadcast

I/ActivityManager(  455): Process ru.org.amip.ClockSync (pid 14985) has died.

I/ActivityManager(  455): Process com.tytung.agpswidget (pid 15003) has died.

D/ConnectivityService(  455): setProvNotificationVisible: E visible=false networkType=1 extraInfo=null url=null

W/ContextImpl(  455): Calling a method in the system process without a qualified user: android.app.ContextImpl.sendBroadcast:1176 android.net.CaptivePortalTracker.sendNetworkConditionsBroadcast:507 android.net.CaptivePortalTracker.isCaptivePortal:399 android.net.CaptivePortalTracker.access$2600:60 android.net.CaptivePortalTracker$DelayedCaptiveCheckState.processMessage:283 

D/ConnectivityService(  455): captivePortalCheckCompleted: ni=NetworkInfo: type: WIFI[], state: CONNECTED/CONNECTED, reason: (unspecified), extra: "Paxy", roaming: false, failover: false, isAvailable: true, isConnectedToProvisioningNetwork: false captive=false

W/ActivityManager(  455): No content provider found for permission revoke: file:///data/data/com.android.providers.downloads/cache/downloadfile.apk

I/PackageManager(  455): Copying native libraries to /data/app-lib/vmdl-397273231

I/ActivityManager(  455): Start proc com.fd.httpd for service com.fd.httpd/.FDHttpdSvc: pid=15102 uid=10090 gids={50090, 3003, 1028, 1015}

--------- beginning of /dev/log/main

I/LogService(15102): 2014-01-10	13:44:51	127.0.0.1	-	127.0.0.1	8182	GET	/info/	-	500	348	0	68	http://null	-	-

D/nicolas (15102): HttpServerHelper commit

D/nicolas (15102): sendResponse 1

D/nicolas (15102): writeResponseBody

I/org.restlet(15102): Couldn't find the mandatory "Host" HTTP header.

W/Settings(15102): Setting install_non_market_apps has moved from android.provider.Settings.Secure to android.provider.Settings.Global.

W/System.err(15102): android.util.AndroidRuntimeException: Invalid Method Name:getExternalStorage2Directory

W/System.err(15102): 	at com.fd.httpd.system.FDSystemBase.GetPhoneType(FDSystemBase.java:655)

W/System.err(15102): 	at com.fd.httpd.FDInfo.represent(FDInfo.java:102)

W/System.err(15102): 	at com.fd.httpd.FDInfo.handle(FDInfo.java:36)

W/System.err(15102): 	at org.restlet.routing.Filter.doHandle(Filter.java:156)

W/System.err(15102): 	at org.restlet.routing.Filter.handle(Filter.java:203)

W/System.err(15102): 	at org.restlet.routing.Router.doHandle(Router.java:396)

W/System.err(15102): 	at org.restlet.routing.Router.handle(Router.java:612)

W/System.err(15102): 	at org.restlet.routing.Filter.doHandle(Filter.java:156)

W/System.err(15102): 	at org.restlet.routing.Filter.handle(Filter.java:203)

W/System.err(15102): 	at org.restlet.routing.Filter.doHandle(Filter.java:156)

W/System.err(15102): 	at org.restlet.routing.Filter.handle(Filter.java:203)

W/System.err(15102): 	at org.restlet.routing.Filter.doHandle(Filter.java:156)

W/System.err(15102): 	at org.restlet.routing.Filter.handle(Filter.java:203)

W/System.err(15102): 	at org.restlet.routing.Filter.doHandle(Filter.java:156)

W/System.err(15102): 	at org.restlet.engine.application.StatusFilter.doHandle(StatusFilter.java:152)

W/System.err(15102): 	at org.restlet.routing.Filter.handle(Filter.java:203)

W/System.err(15102): 	at org.restlet.routing.Filter.doHandle(Filter.java:156)

W/System.err(15102): 	at org.restlet.routing.Filter.handle(Filter.java:203)

W/System.err(15102): 	at org.restlet.engine.ChainHelper.handle(ChainHelper.java:111)

W/System.err(15102): 	at org.restlet.engine.application.ApplicationHelper.handle(ApplicationHelper.java:72)

W/System.err(15102): 	at org.restlet.Application.handle(Application.java:400)

W/System.err(15102): 	at org.restlet.routing.Filter.doHandle(Filter.java:156)

W/System.err(15102): 	at org.restlet.routing.Filter.handle(Filter.java:203)

W/System.err(15102): 	at org.restlet.routing.Router.doHandle(Router.java:396)

W/System.err(15102): 	at org.restlet.routing.Router.handle(Router.java:612)

W/System.err(15102): 	at org.restlet.routing.Filter.doHandle(Filter.java:156)

W/System.err(15102): 	at org.restlet.routing.Filter.handle(Filter.java:203)

W/System.err(15102): 	at org.restlet.routing.Router.doHandle(Router.java:396)

W/System.err(15102): 	at org.restlet.routing.Router.handle(Router.java:612)

W/System.err(15102): 	at org.restlet.routing.Filter.doHandle(Filter.java:156)

W/System.err(15102): 	at org.restlet.engine.application.StatusFilter.doHandle(StatusFilter.java:152)

W/System.err(15102): 	at org.restlet.routing.Filter.handle(Filter.java:203)

W/System.err(15102): 	at org.restlet.routing.Filter.doHandle(Filter.java:156)

W/System.err(15102): 	at org.restlet.routing.Filter.handle(Filter.java:203)

W/System.err(15102): 	at org.restlet.engine.ChainHelper.handle(ChainHelper.java:111)

W/System.err(15102): 	at org.restlet.Component.handle(Component.java:382)

W/System.err(15102): 	at org.restlet.Server.handle(Server.java:400)

W/System.err(15102): 	at org.restlet.engine.ServerHelper.handle(ServerHelper.java:71)

W/System.err(15102): 	at org.restlet.engine.http.HttpServerHelper.handle(HttpServerHelper.java:151)

W/System.err(15102): 	at org.restlet.engine.http.StreamServerHelper$ConnectionHandler.run(StreamServerHelper.java:92)

W/System.err(15102): 	at java.util.concurrent.Executors$RunnableAdapter.call(Executors.java:422)

W/System.err(15102): 	at java.util.concurrent.FutureTask.run(FutureTask.java:237)

W/System.err(15102): 	at java.util.concurrent.ThreadPoolExecutor.runWorker(ThreadPoolExecutor.java:1112)

W/System.err(15102): 	at java.util.concurrent.ThreadPoolExecutor$Worker.run(ThreadPoolExecutor.java:587)

W/System.err(15102): 	at java.lang.Thread.run(Thread.java:841)

D/com.fd.httpd(15102): sdcard phone type != 1

E/FDApplication(15102): Unhandled exception or error intercepted

E/FDApplication(15102): java.lang.NoSuchMethodError: android.os.Environment.getSupportedStorages

E/FDApplication(15102): 	at com.fd.httpd.FDInfo.represent(FDInfo.java:113)

E/FDApplication(15102): 	at com.fd.httpd.FDInfo.handle(FDInfo.java:36)

E/FDApplication(15102): 	at org.restlet.routing.Filter.doHandle(Filter.java:156)

E/FDApplication(15102): 	at org.restlet.routing.Filter.handle(Filter.java:203)

E/FDApplication(15102): 	at org.restlet.routing.Router.doHandle(Router.java:396)

E/FDApplication(15102): 	at org.restlet.routing.Router.handle(Router.java:612)

E/FDApplication(15102): 	at org.restlet.routing.Filter.doHandle(Filter.java:156)

E/FDApplication(15102): 	at org.restlet.routing.Filter.handle(Filter.java:203)

E/FDApplication(15102): 	at org.restlet.routing.Filter.doHandle(Filter.java:156)

E/FDApplication(15102): 	at org.restlet.routing.Filter.handle(Filter.java:203)

E/FDApplication(15102): 	at org.restlet.routing.Filter.doHandle(Filter.java:156)

E/FDApplication(15102): 	at org.restlet.routing.Filter.handle(Filter.java:203)

E/FDApplication(15102): 	at org.restlet.routing.Filter.doHandle(Filter.java:156)

E/FDApplication(15102): 	at org.restlet.engine.application.StatusFilter.doHandle(StatusFilter.java:152)

E/FDApplication(15102): 	at org.restlet.routing.Filter.handle(Filter.java:203)

E/FDApplication(15102): 	at org.restlet.routing.Filter.doHandle(Filter.java:156)

E/FDApplication(15102): 	at org.restlet.routing.Filter.handle(Filter.java:203)

E/FDApplication(15102): 	at org.restlet.engine.ChainHelper.handle(ChainHelper.java:111)

E/FDApplication(15102): 	at org.restlet.engine.application.ApplicationHelper.handle(ApplicationHelper.java:72)

E/FDApplication(15102): 	at org.restlet.Application.handle(Application.java:400)

E/FDApplication(15102): 	at org.restlet.routing.Filter.doHandle(Filter.java:156)

E/FDApplication(15102): 	at org.restlet.routing.Filter.handle(Filter.java:203)

E/FDApplication(15102): 	at org.restlet.routing.Router.doHandle(Router.java:396)

E/FDApplication(15102): 	at org.restlet.routing.Router.handle(Router.java:612)

E/FDApplication(15102): 	at org.restlet.routing.Filter.doHandle(Filter.java:156)

E/FDApplication(15102): 	at org.restlet.routing.Filter.handle(Filter.java:203)

E/FDApplication(15102): 	at org.restlet.routing.Router.doHandle(Router.java:396)

E/FDApplication(15102): 	at org.restlet.routing.Router.handle(Router.java:612)

E/FDApplication(15102): 	at org.restlet.routing.Filter.doHandle(Filter.java:156)

E/FDApplication(15102): 	at org.restlet.engine.application.StatusFilter.doHandle(StatusFilter.java:152)

E/FDApplication(15102): 	at org.restlet.routing.Filter.handle(Filter.java:203)

E/FDApplication(15102): 	at org.restlet.routing.Filter.doHandle(Filter.java:156)

E/FDApplication(15102): 	at org.restlet.routing.Filter.handle(Filter.java:203)

E/FDApplication(15102): 	at org.restlet.engine.ChainHelper.handle(ChainHelper.java:111)

E/FDApplication(15102): 	at org.restlet.Component.handle(Component.java:382)

E/FDApplication(15102): 	at org.restlet.Server.handle(Server.java:400)

E/FDApplication(15102): 	at org.restlet.engine.ServerHelper.handle(ServerHelper.java:71)

E/FDApplication(15102): 	at org.restlet.engine.http.HttpServerHelper.handle(HttpServerHelper.java:151)

E/FDApplication(15102): 	at org.restlet.engine.http.StreamServerHelper$ConnectionHandler.run(StreamServerHelper.java:92)

E/FDApplication(15102): 	at java.util.concurrent.Executors$RunnableAdapter.call(Executors.java:422)

E/FDApplication(15102): 	at java.util.concurrent.FutureTask.run(FutureTask.java:237)

E/FDApplication(15102): 	at java.util.concurrent.ThreadPoolExecutor.runWorker(ThreadPoolExecutor.java:1112)

E/FDApplication(15102): 	at java.util.concurrent.ThreadPoolExecutor$Worker.run(ThreadPoolExecutor.java:587)

E/FDApplication(15102): 	at java.lang.Thread.run(Thread.java:841)

I/LogService(15102): 2014-01-10	13:44:52	127.0.0.1	-	127.0.0.1	8182	GET	/info/	-	500	348	0	52	http://null	-	-

D/nicolas (15102): HttpServerHelper commit

D/nicolas (15102): sendResponse 1

D/nicolas (15102): writeResponseBody

I/PackageManager(  455): Running dexopt on: ru.worldoftanks.mobile

D/AndroidRuntime(15121): 

D/AndroidRuntime(15121): >>>>>> AndroidRuntime START com.android.internal.os.RuntimeInit <<<<<<

D/AndroidRuntime(15121): CheckJNI is OFF

D/dalvikvm(15121): Trying to load lib libjavacore.so 0x0

D/dalvikvm(15121): Added shared lib libjavacore.so 0x0

D/dalvikvm(15121): Trying to load lib libnativehelper.so 0x0

D/dalvikvm(15121): Added shared lib libnativehelper.so 0x0

D/dalvikvm(15121): No JNI_OnLoad found in libnativehelper.so 0x0, skipping init

D/dalvikvm(15121): Note: class Landroid/app/ActivityManagerNative; has 180 unimplemented (abstract) methods

E/memtrack(15121): Couldn't load memtrack module (No such file or directory)

E/android.os.Debug(15121): failed to load memtrack module: -2

D/AndroidRuntime(15121): Calling main entry com.android.commands.am.Am

I/com.fd.httpd(15102): --Intent:--com.fd.httpd.service.STOP_FDHTTPD--1389357895936

I/com.fd.httpd(15102): FDBroadcastReceiver->FDIntents.STOP_ACTION

D/AndroidRuntime(15121): Shutting down VM

E/cutils-trace(15121): Error opening trace file: No such file or directory (2)

I/com.fd.httpd(15102): onDestroy

I/com.fd.httpd(15102): Call _stopService

I/com.fd.httpd(15102): FDHttpdSve.java:StopServer Running...

I/com.fd.httpd(15102): _stopService Begin

I/Server  (15102): Stopping the internal HTTP server

I/com.fd.httpd(15102): _stopServiceOnUSB.

I/com.fd.httpd(15102): _stopService End

I/ActivityManager(  455): Process com.antutu.ABenchMark (pid 15017) has died.

D/AndroidRuntime(15133): 

D/AndroidRuntime(15133): >>>>>> AndroidRuntime START com.android.internal.os.RuntimeInit <<<<<<

D/AndroidRuntime(15133): CheckJNI is OFF

D/dalvikvm(15133): Trying to load lib libjavacore.so 0x0

D/dalvikvm(15133): Added shared lib libjavacore.so 0x0

D/dalvikvm(15133): Trying to load lib libnativehelper.so 0x0

D/dalvikvm(15133): Added shared lib libnativehelper.so 0x0

D/dalvikvm(15133): No JNI_OnLoad found in libnativehelper.so 0x0, skipping init

D/dalvikvm(15120): DexOpt: load 778ms, verify+opt 3968ms, 3265044 bytes

D/dalvikvm(15133): Note: class Landroid/app/ActivityManagerNative; has 180 unimplemented (abstract) methods

I/ActivityManager(  455): Force stopping ru.worldoftanks.mobile appid=10098 user=-1: update pkg

E/memtrack(15133): Couldn't load memtrack module (No such file or directory)

E/android.os.Debug(15133): failed to load memtrack module: -2

D/AndroidRuntime(15133): Calling main entry com.android.commands.pm.Pm

D/BackupManagerService(  455): Now staging backup of android

I/ThemeManager(  635): Handling new theme package: ru.worldoftanks.mobile

I/InputReader(  455): Reconfiguring input devices.  changes=0x00000010

D/BackupManagerService(  455): Received broadcast Intent { act=android.intent.action.PACKAGE_ADDED dat=package:ru.worldoftanks.mobile flg=0x4000010 (has extras) }

V/BackupManagerService(  455): addPackageParticipantsLocked: #1

I/PackageManager(  455):   Action: "android.intent.action.SENDTO"

I/PackageManager(  455):   Category: "android.intent.category.DEFAULT"

I/PackageManager(  455):   Scheme: "sms"

I/PackageManager(  455): Adding preferred activity ComponentInfo{com.android.mms/com.android.mms.ui.ComposeMessageActivity} for user 0 :

I/PackageManager(  455):   Action: "android.intent.action.SENDTO"

I/PackageManager(  455):   Category: "android.intent.category.DEFAULT"

I/PackageManager(  455):   Scheme: "smsto"

I/PackageManager(  455): Adding preferred activity ComponentInfo{com.android.mms/com.android.mms.ui.ComposeMessageActivity} for user 0 :

W/BackupManagerService(  455): dataChanged but no participant pkg='com.android.launcher3' uid=10011

W/BackupManagerService(  455): dataChanged but no participant pkg='com.android.launcher3' uid=10011

I/PackageManager(  455):   Action: "android.intent.action.SENDTO"

I/PackageManager(  455):   Category: "android.intent.category.DEFAULT"

I/PackageManager(  455):   Scheme: "mms"

I/PackageManager(  455): Adding preferred activity ComponentInfo{com.android.mms/com.android.mms.ui.ComposeMessageActivity} for user 0 :

I/PackageManager(  455): Adding preferred activity ComponentInfo{com.android.mms/com.android.mms.ui.ComposeMessageActivity} for user 0 :

I/PackageManager(  455):   Action: "android.intent.action.SENDTO"

I/PackageManager(  455):   Category: "android.intent.category.DEFAULT"

I/PackageManager(  455):   Scheme: "mmsto"

I/PackageManager(  455):   Action: "android.intent.action.SENDTO"

I/PackageManager(  455):   Category: "android.intent.category.DEFAULT"

I/PackageManager(  455):   Scheme: "sms"

I/PackageManager(  455): Adding preferred activity ComponentInfo{com.android.mms/com.android.mms.ui.ComposeMessageActivity} for user 0 :

I/PackageManager(  455):   Action: "android.intent.action.SENDTO"

I/PackageManager(  455):   Category: "android.intent.category.DEFAULT"

I/PackageManager(  455):   Scheme: "smsto"

I/PackageManager(  455): Adding preferred activity ComponentInfo{com.android.mms/com.android.mms.ui.ComposeMessageActivity} for user 0 :

I/PackageManager(  455):   Action: "android.intent.action.SENDTO"

I/PackageManager(  455):   Category: "android.intent.category.DEFAULT"

I/PackageManager(  455):   Scheme: "mms"

I/PackageManager(  455): Adding preferred activity ComponentInfo{com.android.mms/com.android.mms.ui.ComposeMessageActivity} for user 0 :

D/ConnectivityService(  455): handleInetConditionHoldEnd: net=1, condition=0, published condition=100

D/Finsky  (15041): [661] 1.packageInstalled: Package install status for "ru.worldoftanks.mobile" is 1

I/PackageManager(  455):   Action: "android.intent.action.SENDTO"

I/PackageManager(  455):   Category: "android.intent.category.DEFAULT"

I/PackageManager(  455):   Scheme: "mmsto"

I/PackageManager(  455): Adding preferred activity ComponentInfo{com.android.mms/com.android.mms.ui.ComposeMessageActivity} for user 0 :

