E/AppsCustomizePagedView(  646): Widget ComponentInfo{com.facebook.katana/com.facebook.katana.FacebookControlWidgetProvider} can not fit on this device (441, 15)

E/AppsCustomizePagedView(  646): Widget ComponentInfo{com.facebook.katana/com.facebook.katana.FacebookWidgetProvider} can not fit on this device (441, 216)

E/AppsCustomizePagedView(  646): Widget ComponentInfo{com.google.android.googlequicksearchbox/com.google.android.apps.sidekick.widget.PredictiveCardsWidgetProvider} can not fit on this device (450, 375)

E/AppsCustomizePagedView(  646): Widget ComponentInfo{org.videolan.vlc.betav7neon/org.videolan.vlc.betav7neon.widget.VLCAppWidgetProvider} can not fit on this device (441, 60)

W/ActivityManager(  455): No content provider found for permission revoke: file:///data/local/tmp/FDHttpd.apk

I/ActivityManager(  455): Start proc com.android.voicedialer for broadcast com.android.voicedialer/.VoiceDialerReceiver: pid=15145 uid=10002 gids={50002, 3002}

E/AppsCustomizePagedView(  646): Widget ComponentInfo{com.facebook.katana/com.facebook.katana.FacebookControlWidgetProvider} can not fit on this device (441, 15)

E/AppsCustomizePagedView(  646): Widget ComponentInfo{com.facebook.katana/com.facebook.katana.FacebookWidgetProvider} can not fit on this device (441, 216)

E/AppsCustomizePagedView(  646): Widget ComponentInfo{com.google.android.googlequicksearchbox/com.google.android.apps.sidekick.widget.PredictiveCardsWidgetProvider} can not fit on this device (450, 375)

E/AppsCustomizePagedView(  646): Widget ComponentInfo{org.videolan.vlc.betav7neon/org.videolan.vlc.betav7neon.widget.VLCAppWidgetProvider} can not fit on this device (441, 60)

I/ActivityManager(  455): Start proc com.google.android.partnersetup for broadcast com.google.android.partnersetup/.RlzPingBroadcastReceiver: pid=15158 uid=10013 gids={50013, 3003}

I/ActivityManager(  455): Process com.fd.httpd (pid 15102) has died.

I/ActivityManager(  455): Delay finish: com.google.android.partnersetup/.RlzPingBroadcastReceiver

I/ActivityManager(  455): Resuming delayed broadcast

I/ActivityManager(  455): Delay finish: com.google.android.partnersetup/.AppInstalledReceiver

W/SearchableInfo(  455): Invalid searchable metadata for com.quoord.tapatalkpro.activity/.directory.ics.IcsEntryActivity: Search label must be a resource reference.

I/ActivityManager(  455): Resuming delayed broadcast

I/ActivityManager(  455): Process android.process.media (pid 14652) has died.

I/ActivityManager(  455): Delay finish: com.google.android.gms/.app.receiver.SystemBroadcastReceiver

D/SystemBroadcastService(13648): Received broadcast action=android.intent.action.PACKAGE_ADDED and uri=

W/ContextImpl(13648): Implicit intents with startService are not safe: Intent { act=com.google.android.gms.games.service.INTENT } android.content.ContextWrapper.startService:494 com.google.android.gms.games.service.GamesIntentService.a:101 com.google.android.gms.games.service.GamesIntentService.b:368 

I/PeopleDatabaseHelper(13648): cleanUpNonGplusAccounts done.

D/dalvikvm(13648): No JNI_OnLoad found in /system/lib/libAppDataSearch.so 0x417e9b68, skipping init

D/Icing   (13648): Default language: en

D/Icing   (13648): Init last flush num docs 1111 last docstore size 433152

D/Icing   (13648): Docid map file has data, scanning...

D/Icing   (13648): Scanning /data/data/com.google.android.gms/files/AppDataSearch/main/cur/ds.docids found 1111 documents, last docstore location 432896

D/Icing   (13648): File /data/data/com.google.android.gms/files/AppDataSearch/main/cur/ds.perdocdata contains 1111 records of size 6

D/Icing   (13648): Corpus scoring data inited successfully num corpora 2

D/Icing   (13648): Init docstore ok num docs 1111 bytes 433152

V/Icing   (13648): Lite index crc computed in 1.068ms

V/Icing   (13648): Lite index init ok in 12.268ms

V/Icing   (13648): Warming lite-index took 0.031ms

V/Icing   (13648): Warming lexicon took 0.153ms

V/Icing   (13648): Warming display mappings took 0.000ms

D/Icing   (13648): Init index ok num docs 1111

D/Icing   (13648): Init done

I/ActivityManager(  455): Resuming delayed broadcast

I/ActivityManager(  455): Start proc com.svox.pico for broadcast com.svox.pico/.VoiceDataInstallerReceiver: pid=15233 uid=10034 gids={50034, 1028, 1015}

I/ActivityManager(  455): Start proc com.android.gallery3d for broadcast com.android.gallery3d/.app.PackagesMonitor: pid=15245 uid=10044 gids={50044, 1006, 3003, 1028, 1015}

I/ActivityManager(  455): Start proc com.cyanogenmod.settings.device.hwa for broadcast com.cyanogenmod.settings.device.hwa/.receivers.PackageAddedReceiver: pid=15259 uid=1000 gids={41000, 1028, 1015, 3002, 3001, 3003}

I/ActivityManager(  455): Process com.android.vending (pid 15041) has died.

I/ActivityManager(  455): Start proc com.google.android.googlequicksearchbox:search for broadcast com.google.android.googlequicksearchbox/com.google.android.search.core.summons.icing.InternalIcingCorporaProvider$CorporaChangedReceiver: pid=15272 uid=10060 gids={50060, 3003, 1028, 3002, 1015}

I/ActivityManager(  455): Delay finish: com.google.android.googlequicksearchbox/com.google.android.search.core.summons.icing.InternalIcingCorporaProvider$CorporaChangedReceiver

I/Icing.InternalIcingCorporaProvider(15272): Updating corpora: A: ru.worldoftanks.mobile, C: MAYBE

I/ActivityManager(  455): Process com.android.voicedialer (pid 15145) has died.

I/ActivityManager(  455): Process com.google.android.partnersetup (pid 15158) has died.

V/GelStubAppWatcher(15272): onReceive: android.intent.action.PACKAGE_ADDED

I/ActivityManager(  455): Resuming delayed broadcast

I/ActivityManager(  455): Process com.svox.pico (pid 15233) has died.

I/ActivityManager(  455): Start proc com.keramidas.TitaniumBackup for broadcast com.keramidas.TitaniumBackup/.PackageEventsReceiver: pid=15296 uid=10094 gids={50094, 1028, 1015, 3003}

I/com.keramidas.TitaniumBackup.MainApplication(15296): onCreate()

D/dalvikvm(15296): Trying to load lib /data/app-lib/com.keramidas.TitaniumBackup-1/libtitanium.so 0x417e56a8

D/dalvikvm(15296): Added shared lib /data/app-lib/com.keramidas.TitaniumBackup-1/libtitanium.so 0x417e56a8

I/com.keramidas.TitaniumBackup.MainApplication(15296): Detected CPU architecture: ARM

W/Settings(15296): Setting android_id has moved from android.provider.Settings.System to android.provider.Settings.Secure, returning read-only value.

D/캤     (15296): Debug features are disabled.

I/檝     (15296): restoreMySettings_ifNeeded()

I/檝     (15296): Internal settings found => No need to restore.

W/Resources(15296): Converting to string: TypedValue{t=0x10/d=0x0 a=-1}

W/Resources(15296): Converting to string: TypedValue{t=0x10/d=0x0 a=-1}

W/Resources(15296): Converting to string: TypedValue{t=0x10/d=0x0 a=-1}

W/Resources(15296): Converting to string: TypedValue{t=0x10/d=0xf a=-1}

W/Resources(15296): Converting to string: TypedValue{t=0x10/d=0x80 a=-1}

W/Resources(15296): Converting to string: TypedValue{t=0x10/d=0x80 a=-1}

W/Resources(15296): Converting to string: TypedValue{t=0x10/d=0x3 a=-1}

W/Resources(15296): Converting to string: TypedValue{t=0x10/d=0x3 a=-1}

W/Resources(15296): Converting to string: TypedValue{t=0x10/d=0x20 a=-1}

W/Resources(15296): Converting to string: TypedValue{t=0x10/d=0x20 a=-1}

W/Resources(15296): Converting to string: TypedValue{t=0x10/d=0x1 a=-1}

W/Resources(15296): Converting to string: TypedValue{t=0x10/d=0x3 a=-1}

W/Resources(15296): Converting to string: TypedValue{t=0x10/d=0x3 a=-1}

I/ActivityManager(  455): Start proc com.android.deskclock for broadcast com.android.deskclock/com.android.alarmclock.DigitalAppWidgetProvider: pid=15311 uid=10049 gids={50049, 1028, 3003}

I/ActivityManager(  455): Start proc com.android.vending for broadcast com.android.vending/com.google.android.vending.verifier.PackageVerificationReceiver: pid=15323 uid=10007 gids={50007, 3003, 1028, 1015}

D/Finsky  (15323): [1] FinskyApp.onCreate: Initializing network with DFE https://android.clients.google.com/fdfe/

D/Finsky  (15323): [1] DailyHygiene.goMakeHygieneIfDirty: No need to run daily hygiene.

W/Settings(15323): Setting download_manager_max_bytes_over_mobile has moved from android.provider.Settings.Secure to android.provider.Settings.Global.

W/Settings(15323): Setting download_manager_recommended_max_bytes_over_mobile has moved from android.provider.Settings.Secure to android.provider.Settings.Global.

D/Finsky  (15323): [1] PackageVerificationReceiver.onReceive: Verification requested, id = 3

D/Finsky  (15323): [1] WorkerTask.onPreExecute: Verification Requested for id = 3, data=file:///data/local/tmp/FDHttpd.apk flags=114 fromVerificationActivity=false

I/ActivityManager(  455): Start proc android.process.media for content provider com.android.providers.downloads/.DownloadProvider: pid=15356 uid=10010 gids={50010, 1028, 1015, 1023, 1024, 2001, 3003, 3007}

D/Finsky  (15323): [1] 2.run: Loaded library for account: [vPhtsBC6q5nK4DjmTvkkCOCbSCo]

D/GCM     (  763): Connected

D/Finsky  (15323): [1] 2.run: Loaded library for account: [0v_iLESGYZOevlmED71nXj7oBFI]

D/Finsky  (15323): [1] 2.run: Finished loading 2 libraries.

D/ConnectivityService(  455): handleInetConditionHoldEnd: net=1, condition=100, published condition=0

I/GCM     (  763): GCM message com.google.android.gsf.gtalkservice 

D/GCM     (  763): Message class fon

D/Finsky  (15323): [1] GmsCoreHelper.cleanupNlp: result=false type=4

D/Finsky  (15323): [1] RestoreTracker.stopServiceIfDone: Restore complete with 0 success and 0 failed.

D/Finsky  (15323): [713] PackageVerificationService.getPackageInfo: Error while getting information about apk contents for file=file:///data/local/tmp/FDHttpd.apk, error=java.io.FileNotFoundException: /data/local/tmp/FDHttpd.apk: open failed: ENOENT (No such file or directory)

W/asset   (15323): Asset path /data/local/tmp/FDHttpd.apk is neither a directory nor file (type=1).

W/PackageManager(15323): Failure retrieving resources forcom.fd.httpd

D/ConnectivityService(  455): handleInetConditionHoldEnd: net=1, condition=100, published condition=100

D/Finsky  (15323): [1] 2.onResponse: Verification id=3 response=0

D/Finsky  (15323): [1] PackageVerificationReceiver.onReceive: Verification requested, id = 3

I/ActivityManager(  455): Process com.android.gallery3d (pid 15245) has died.

E/DefContainer(15075): Could not copy URI file:///data/local/tmp/FDHttpd.apk FNF: /data/local/tmp/FDHttpd.apk: open failed: ENOENT (No such file or directory)

W/ActivityManager(  455): No content provider found for permission revoke: file:///data/local/tmp/FDHttpd.apk

I/PackageManager(  455): Copying native libraries to /data/app-lib/vmdl1538213942

I/NativeLibraryHelper(  455): Couldn't open APK /data/app/vmdl1538213942.tmp

I/PackageManager(  455): Observer no longer exists.

D/Finsky  (15323): [1] 5.onFinished: Installation state replication succeeded.

I/ActivityManager(  455): Process com.cyanogenmod.settings.device.hwa (pid 15259) has died.

I/PowerManagerService(  455): Going to sleep due to screen timeout...

D/SurfaceFlinger(   83): Screen released, type=0 flinger=0x2a007450

D/AndroidRuntime(15387): 

D/AndroidRuntime(15387): >>>>>> AndroidRuntime START com.android.internal.os.RuntimeInit <<<<<<

D/AndroidRuntime(15387): CheckJNI is OFF

D/AK8973  (   89): Compass CLOSE 

D/dalvikvm(15387): Trying to load lib libjavacore.so 0x0

D/dalvikvm(15387): Added shared lib libjavacore.so 0x0

D/dalvikvm(15387): Trying to load lib libnativehelper.so 0x0

D/dalvikvm(15387): Added shared lib libnativehelper.so 0x0

D/dalvikvm(15387): No JNI_OnLoad found in libnativehelper.so 0x0, skipping init

D/dalvikvm(15387): Note: class Landroid/app/ActivityManagerNative; has 180 unimplemented (abstract) methods

E/memtrack(15387): Couldn't load memtrack module (No such file or directory)

E/android.os.Debug(15387): failed to load memtrack module: -2

D/AndroidRuntime(15387): Calling main entry com.android.commands.pm.Pm

I/ActivityManager(  455): Force stopping com.fd.httpd appid=10090 user=-1: uninstall pkg

W/PackageManager(  455): Couldn't delete native library directory /data/app-lib/com.fd.httpd

I/ActivityManager(  455): Force stopping com.fd.httpd appid=10090 user=0: pkg removed

I/InputReader(  455): Reconfiguring input devices.  changes=0x00000010

I/Launcher(  646): Deferring update until onResume

I/PackageManager(  455):   Action: "android.intent.action.SENDTO"

I/PackageManager(  455):   Category: "android.intent.category.DEFAULT"

I/PackageManager(  455):   Scheme: "sms"

I/PackageManager(  455): Adding preferred activity ComponentInfo{com.android.mms/com.android.mms.ui.ComposeMessageActivity} for user 0 :

I/ThemeManager(  635): Handling removed theme package: com.fd.httpd

I/Launcher(  646): Deferring update until onResume

I/PackageManager(  455):   Action: "android.intent.action.SENDTO"

I/PackageManager(  455):   Category: "android.intent.category.DEFAULT"

I/PackageManager(  455):   Scheme: "smsto"

I/PackageManager(  455): Adding preferred activity ComponentInfo{com.android.mms/com.android.mms.ui.ComposeMessageActivity} for user 0 :

I/LatinIME:LogUtils(  608): Dictionary info: dictionary = main:en_us ; version = 42 ; date = 1381226432

D/BackupManagerService(  455): Received broadcast Intent { act=android.intent.action.PACKAGE_REMOVED dat=package:com.fd.httpd flg=0x4000010 (has extras) }

V/BackupManagerService(  455): removePackageParticipantsLocked: uid=10090 #1

I/PackageManager(  455):   Action: "android.intent.action.SENDTO"

I/PackageManager(  455):   Category: "android.intent.category.DEFAULT"

I/PackageManager(  455):   Scheme: "mms"

I/PackageManager(  455): Adding preferred activity ComponentInfo{com.android.mms/com.android.mms.ui.ComposeMessageActivity} for user 0 :

I/PackageManager(  455):   Action: "android.intent.action.SENDTO"

I/PackageManager(  455):   Category: "android.intent.category.DEFAULT"

I/PackageManager(  455):   Scheme: "mmsto"

I/PackageManager(  455): Adding preferred activity ComponentInfo{com.android.mms/com.android.mms.ui.ComposeMessageActivity} for user 0 :

I/PackageManager(  455):   Action: "android.intent.action.SENDTO"

I/PackageManager(  455):   Category: "android.intent.category.DEFAULT"

I/PackageManager(  455):   Scheme: "sms"

I/PackageManager(  455): Adding preferred activity ComponentInfo{com.android.mms/com.android.mms.ui.ComposeMessageActivity} for user 0 :

I/PackageManager(  455):   Action: "android.intent.action.SENDTO"

I/PackageManager(  455):   Category: "android.intent.category.DEFAULT"

I/PackageManager(  455):   Scheme: "smsto"

I/PackageManager(  455): Adding preferred activity ComponentInfo{com.android.mms/com.android.mms.ui.ComposeMessageActivity} for user 0 :

I/PackageManager(  455):   Action: "android.intent.action.SENDTO"

I/PackageManager(  455):   Category: "android.intent.category.DEFAULT"

I/PackageManager(  455):   Scheme: "mms"

I/PackageManager(  455): Adding preferred activity ComponentInfo{com.android.mms/com.android.mms.ui.ComposeMessageActivity} for user 0 :

I/PackageManager(  455):   Action: "android.intent.action.SENDTO"

I/PackageManager(  455):   Category: "android.intent.category.DEFAULT"

I/PackageManager(  455):   Scheme: "mmsto"

I/PackageManager(  455): Adding preferred activity ComponentInfo{com.android.mms/com.android.mms.ui.ComposeMessageActivity} for user 0 :

D/MobileDataStateTracker(  455): default: setPolicyDataEnable(enabled=true)

D/AndroidRuntime(15387): Shutting down VM

E/cutils-trace(15387): Error opening trace file: No such file or directory (2)

I/ActivityManager(  455): Start proc com.android.voicedialer for broadcast com.android.voicedialer/.VoiceDialerReceiver: pid=15409 uid=10002 gids={50002, 3002}

D/AndroidRuntime(15407): 

D/AndroidRuntime(15407): >>>>>> AndroidRuntime START com.android.internal.os.RuntimeInit <<<<<<

D/AndroidRuntime(15407): CheckJNI is OFF

D/dalvikvm(15407): Trying to load lib libjavacore.so 0x0

D/dalvikvm(15407): Added shared lib libjavacore.so 0x0

D/dalvikvm(15407): Trying to load lib libnativehelper.so 0x0

D/dalvikvm(15407): Added shared lib libnativehelper.so 0x0

D/dalvikvm(15407): No JNI_OnLoad found in libnativehelper.so 0x0, skipping init

I/ActivityManager(  455): Process com.google.android.googlequicksearchbox:search (pid 15272) has died.

D/dalvikvm(15407): Note: class Landroid/app/ActivityManagerNative; has 180 unimplemented (abstract) methods

W/Launcher(  646): setApplicationContext called twice! old=com.android.launcher3.LauncherApplication@417e8510 new=com.android.launcher3.LauncherApplication@417e8510

E/memtrack(15407): Couldn't load memtrack module (No such file or directory)

E/android.os.Debug(15407): failed to load memtrack module: -2

W/SearchableInfo(  455): Invalid searchable metadata for com.quoord.tapatalkpro.activity/.directory.ics.IcsEntryActivity: Search label must be a resource reference.

D/AndroidRuntime(15407): Calling main entry com.android.commands.pm.Pm

D/SystemBroadcastService(13648): Received broadcast action=android.intent.action.PACKAGE_REMOVED and uri=

I/ActivityManager(  455): Delay finish: com.google.android.gms/.app.receiver.SystemBroadcastReceiver

W/ContextImpl(13648): Implicit intents with startService are not safe: Intent { act=com.google.android.gms.games.service.INTENT } android.content.ContextWrapper.startService:494 com.google.android.gms.games.service.GamesIntentService.a:101 com.google.android.gms.games.service.GamesIntentService.c:373 

W/ActivityManager(  455): No content provider found for permission revoke: file:///data/local/tmp/FDHttpd.apk

W/ContextImpl(13648): Implicit intents with startService are not safe: Intent { act=com.google.android.gms.appstate.service.INTENT } android.content.ContextWrapper.startService:494 com.google.android.gms.appstate.service.AppStateIntentService.a:58 com.google.android.gms.appstate.service.AppStateIntentService.a:104 

I/ActivityManager(  455): Resuming delayed broadcast

I/ActivityManager(  455): Process com.keramidas.TitaniumBackup (pid 15296) has died.

I/ActivityManager(  455): Delay finish: com.android.providers.contacts/.PackageIntentReceiver

D/VoicemailCleanupService(10968): Cleaning up data for package: com.fd.httpd

I/ActivityManager(  455): Resuming delayed broadcast

I/ActivityManager(  455): Start proc com.android.keychain for broadcast com.android.keychain/.KeyChainBroadcastReceiver: pid=15449 uid=1000 gids={41000, 1028, 1015, 3002, 3001, 3003}

W/ContextImpl(15449): Calling a method in the system process without a qualified user: android.app.ContextImpl.startService:1518 android.content.ContextWrapper.startService:494 android.content.ContextWrapper.startService:494 com.android.keychain.KeyChainBroadcastReceiver.onReceive:12 android.app.ActivityThread.handleReceiver:2439 

I/ActivityManager(  455): Delay finish: com.android.keychain/.KeyChainBroadcastReceiver

I/ActivityManager(  455): Process com.android.deskclock (pid 15311) has died.

I/ActivityManager(  455): Resuming delayed broadcast

I/ActivityManager(  455): Start proc com.android.gallery3d for broadcast com.android.gallery3d/.app.PackagesMonitor: pid=15462 uid=10044 gids={50044, 1006, 3003, 1028, 1015}

I/ActivityManager(  455): Start proc com.cyanogenmod.settings.device.hwa for broadcast com.cyanogenmod.settings.device.hwa/.receivers.PackageRemovedReceiver: pid=15476 uid=1000 gids={41000, 1028, 1015, 3002, 3001, 3003}

I/ActivityManager(  455): Start proc com.google.android.googlequicksearchbox:search for broadcast com.google.android.googlequicksearchbox/com.google.android.search.core.summons.icing.InternalIcingCorporaProvider$CorporaChangedReceiver: pid=15489 uid=10060 gids={50060, 3003, 1028, 3002, 1015}

I/ActivityManager(  455): Delay finish: com.google.android.googlequicksearchbox/com.google.android.search.core.summons.icing.InternalIcingCorporaProvider$CorporaChangedReceiver

I/Icing.InternalIcingCorporaProvider(15489): Updating corpora: A: com.fd.httpd, C: MAYBE

I/ActivityManager(  455): Start proc com.google.android.partnersetup for content provider com.google.android.partnersetup/.RlzAppProvider: pid=15505 uid=10013 gids={50013, 3003}

I/ActivityManager(  455): Process android.process.media (pid 15356) has died.

I/ActivityManager(  455): Resuming delayed broadcast

V/GelStubAppWatcher(15489): onReceive: android.intent.action.PACKAGE_REMOVED

I/ActivityManager(  455): Process com.android.voicedialer (pid 15409) has died.

I/ActivityManager(  455): Start proc com.facebook.katana:dash for broadcast com.facebook.katana/com.facebook.dash.receivers.DashPackageUninstallReceiver: pid=15523 uid=10070 gids={50070, 1006, 1028, 1015, 3003}

D/CatchMeIfYouCan(15523): Process (dash) ca: '/data/data/com.facebook.katana/app_cmiyc/0C66B38F48468E96F8008B6D5A2AE33B4A60265E01'

D/CatchMeIfYouCan(15523): Process (dash) fc: '/data/data/com.facebook.katana/app_cmiyc/0C66B38F48468E96F8008B6D5A2AE33B4A60265E02'

D/CatchMeIfYouCan(15523): Process (dash) cp: '('dash', 6, 60000, silent [true], restart [true], logout [true])'

D/ACRA    (15523): ACRA is enabled for com.facebook.katana, intializing...

D/ACRA    (15523): Looking for error files in /data/data/com.facebook.katana/app_acra-reports

D/ACRA    (15523): Looking for error files in /data/data/com.facebook.katana/app_minidumps

D/dalvikvm(15523): Trying to load lib /data/app-lib/com.facebook.katana-2/libfb_stl_shared.so 0x417e5ec0

D/dalvikvm(15523): Added shared lib /data/app-lib/com.facebook.katana-2/libfb_stl_shared.so 0x417e5ec0

D/dalvikvm(15523): No JNI_OnLoad found in /data/app-lib/com.facebook.katana-2/libfb_stl_shared.so 0x417e5ec0, skipping init

D/dalvikvm(15523): Trying to load lib /data/app-lib/com.facebook.katana-2/libfb_breakpad_client.so 0x417e5ec0

D/dalvikvm(15523): Added shared lib /data/app-lib/com.facebook.katana-2/libfb_breakpad_client.so 0x417e5ec0

W/SystemClassLoaderAdder(15523): Could not find zipFile entry corresponding to path /data/app/com.facebook.katana-2.apk

V/DexLibLoader(15523): Preparing secondary program dexes.

V/DexLibLoader(15523): Loaded 2 raw lines of metadata.

V/DexLibLoader(15523): Secondary program dex metadata: secondary-1.dex.jar.xz f7e38ec968b6f2c814ad1f4d5b47f85696c042d4 secondary.dex01.Canary

V/DexLibLoader(15523): Secondary program dex metadata: secondary-2.dex.jar.xz 6fb202a0ae116edf8eb7d3e4f1e2fe8d0d2d42dd secondary.dex02.Canary

W/DexLibLoader(15523): Unexpected file in program dex directory: /data/data/com.facebook.katana/app_secondary_program_dex/temp_dex_lock

V/DexLibLoader(15523): Preparing to extract secondary-1.dex.jar.xz to /data/data/com.facebook.katana/app_secondary_program_dex/program-f7e38ec968b6f2c814ad1f4d5b47f85696c042d4250825ce.dex.jar

V/DexLibLoader(15523): Dex already copied

D/OdexVerifier(15523): Odex verification is skipped.

V/DexLibLoader(15523): Creating class loader

V/DexLibLoader(15523): Finished creating class loader

V/DexLibLoader(15523): Preparing to extract secondary-2.dex.jar.xz to /data/data/com.facebook.katana/app_secondary_program_dex/program-6fb202a0ae116edf8eb7d3e4f1e2fe8d0d2d42dd250825ce.dex.jar

V/DexLibLoader(15523): Dex already copied

D/OdexVerifier(15523): Odex verification is skipped.

V/DexLibLoader(15523): Creating class loader

V/DexLibLoader(15523): Finished creating class loader

V/DexLibLoader(15523): Verifying classes from secondary dexes.

I/ActivityManager(  455): Process com.android.vending (pid 15323) has died.

D/DexLibLoader(15523): DexLibLoader.ensureDexLoaded took 1217 ms

W/fb4a(:dash):BaseAnalyticsConfig(15523): willEventBeLogged() called before shared prefs were initialized! Defaulting to true.

W/fb4a(:dash):BaseAnalyticsConfig(15523): willEventBeLogged() called before shared prefs were initialized! Defaulting to true.

I/ActivityManager(  455): Start proc com.keramidas.TitaniumBackup for broadcast com.keramidas.TitaniumBackup/.PackageEventsReceiver: pid=15540 uid=10094 gids={50094, 1028, 1015, 3003}

I/ActivityManager(  455): Process com.android.gallery3d (pid 15462) has died.

I/ActivityManager(  455): Process com.android.keychain (pid 15449) has died.

I/ActivityManager(  455): Process com.cyanogenmod.settings.device.hwa (pid 15476) has died.

I/ActivityManager(  455): Process com.google.android.partnersetup (pid 15505) has died.

I/com.keramidas.TitaniumBackup.MainApplication(15540): onCreate()

D/dalvikvm(15540): Trying to load lib /data/app-lib/com.keramidas.TitaniumBackup-1/libtitanium.so 0x417e57f0

D/dalvikvm(15540): Added shared lib /data/app-lib/com.keramidas.TitaniumBackup-1/libtitanium.so 0x417e57f0

I/ActivityManager(  455): Process com.android.dialer (pid 10950) has died.

W/InputDispatcher(  455): channel '41cfac28 com.android.dialer/com.android.dialer.DialtactsActivity (server)' ~ Consumer closed input channel or an error occurred.  events=0x9

E/InputDispatcher(  455): channel '41cfac28 com.android.dialer/com.android.dialer.DialtactsActivity (server)' ~ Channel is unrecoverably broken and will be disposed!

I/WindowState(  455): WIN DEATH: Window{41cfac28 u0 com.android.dialer/com.android.dialer.DialtactsActivity}

W/InputDispatcher(  455): Attempted to unregister already unregistered input channel '41cfac28 com.android.dialer/com.android.dialer.DialtactsActivity (server)'

I/com.keramidas.TitaniumBackup.MainApplication(15540): Detected CPU architecture: ARM

W/Settings(15540): Setting android_id has moved from android.provider.Settings.System to android.provider.Settings.Secure, returning read-only value.

D/캤     (15540): Debug features are disabled.

I/ActivityManager(  455): Start proc com.android.vending for service com.android.vending/com.google.android.finsky.services.ContentSyncService: pid=15553 uid=10007 gids={50007, 3003, 1028, 1015}

I/檝     (15540): restoreMySettings_ifNeeded()

I/檝     (15540): Internal settings found => No need to restore.

I/GCM     (  763): GCM message com.texty.sms 0:1389357956759647%a0bb592a00170842

W/Resources(15540): Converting to string: TypedValue{t=0x10/d=0x0 a=-1}

W/Resources(15540): Converting to string: TypedValue{t=0x10/d=0x0 a=-1}

W/Resources(15540): Converting to string: TypedValue{t=0x10/d=0x0 a=-1}

W/Resources(15540): Converting to string: TypedValue{t=0x10/d=0xf a=-1}

W/Resources(15540): Converting to string: TypedValue{t=0x10/d=0x80 a=-1}

W/Resources(15540): Converting to string: TypedValue{t=0x10/d=0x80 a=-1}

W/Resources(15540): Converting to string: TypedValue{t=0x10/d=0x3 a=-1}

W/Resources(15540): Converting to string: TypedValue{t=0x10/d=0x3 a=-1}

D/Finsky  (15553): [1] FinskyApp.onCreate: Initializing network with DFE https://android.clients.google.com/fdfe/

W/Resources(15540): Converting to string: TypedValue{t=0x10/d=0x20 a=-1}

W/Resources(15540): Converting to string: TypedValue{t=0x10/d=0x20 a=-1}

D/ConnectivityService(  455): handleInetConditionHoldEnd: net=1, condition=100, published condition=100

W/Resources(15540): Converting to string: TypedValue{t=0x10/d=0x1 a=-1}

W/Resources(15540): Converting to string: TypedValue{t=0x10/d=0x3 a=-1}

W/Resources(15540): Converting to string: TypedValue{t=0x10/d=0x3 a=-1}

I/ActivityManager(  455): Start proc com.android.documentsui for broadcast com.android.documentsui/.PackageReceiver: pid=15583 uid=10047 gids={50047}

D/Finsky  (15553): [1] DailyHygiene.goMakeHygieneIfDirty: No need to run daily hygiene.

W/Settings(15553): Setting download_manager_max_bytes_over_mobile has moved from android.provider.Settings.Secure to android.provider.Settings.Global.

W/Settings(15553): Setting download_manager_recommended_max_bytes_over_mobile has moved from android.provider.Settings.Secure to android.provider.Settings.Global.

W/BroadcastQueue(  455): Permission Denial: broadcasting Intent { act=android.net.conn.INET_CONDITION_ACTION flg=0x4000010 (has extras) } from null (pid=-1, uid=-1) requires com.facebook.permission.prod.FB_APP_COMMUNICATION due to registered receiver BroadcastFilter{41e0c310 u0 ReceiverList{41e188c8 15523 com.facebook.katana:dash/10070/u0 remote:4202e600}}

W/BroadcastQueue(  455): Permission Denial: broadcasting Intent { act=android.net.conn.CONNECTIVITY_CHANGE flg=0x4000010 (has extras) } from null (pid=-1, uid=-1) requires com.facebook.permission.prod.FB_APP_COMMUNICATION due to registered receiver BroadcastFilter{41e0c310 u0 ReceiverList{41e188c8 15523 com.facebook.katana:dash/10070/u0 remote:4202e600}}

I/ActivityManager(  455): Process android.process.acore (pid 10968) has died.

D/CountryDetector(  455): No listener is left

D/Documents(15583): Loading roots for com.android.providers.media.documents

I/ActivityManager(  455): Start proc android.process.media for content provider com.android.providers.media/.MediaDocumentsProvider: pid=15600 uid=10010 gids={50010, 1028, 1015, 1023, 1024, 2001, 3003, 3007}

W/BroadcastQueue(  455): Permission Denial: broadcasting Intent { act=android.net.conn.CONNECTIVITY_CHANGE flg=0x4000010 (has extras) } from null (pid=-1, uid=-1) requires com.facebook.permission.prod.FB_APP_COMMUNICATION due to registered receiver BroadcastFilter{41f81ca8 u0 ReceiverList{41f81c48 15523 com.facebook.katana:dash/10070/u0 remote:41ea8b58}}

I/ActivityManager(  455): Delay finish: com.android.documentsui/.PackageReceiver

E/dalvikvm(15523): Could not find class 'org.apache.harmony.xnet.provider.jsse.OpenSSLSocketImpl', referenced from method com.facebook.ssl.openssl.check.CheckOpenSSLImplHasRequiredMethods.<clinit>

W/dalvikvm(15523): VFY: unable to resolve const-class 13369 (Lorg/apache/harmony/xnet/provider/jsse/OpenSSLSocketImpl;) in Lcom/facebook/ssl/openssl/check/CheckOpenSSLImplHasRequiredMethods;

D/dalvikvm(15523): VFY: replacing opcode 0x1c at 0x000d

E/dalvikvm(15523): Could not find class 'org.apache.harmony.xnet.provider.jsse.OpenSSLSocketFactoryImpl', referenced from method com.facebook.ssl.openssl.reflect.SSLParametersGetter.<clinit>

W/dalvikvm(15523): VFY: unable to resolve const-class 13368 (Lorg/apache/harmony/xnet/provider/jsse/OpenSSLSocketFactoryImpl;) in Lcom/facebook/ssl/openssl/reflect/SSLParametersGetter;

D/dalvikvm(15523): VFY: replacing opcode 0x1c at 0x000d

E/dalvikvm(15523): Could not find class 'org.apache.harmony.xnet.provider.jsse.SSLParametersImpl', referenced from method com.facebook.ssl.openssl.reflect.SSLParametersGetter.a

W/dalvikvm(15523): VFY: unable to resolve check-cast 13371 (Lorg/apache/harmony/xnet/provider/jsse/SSLParametersImpl;) in Lcom/facebook/ssl/openssl/reflect/SSLParametersGetter;

D/dalvikvm(15523): VFY: replacing opcode 0x1f at 0x0006

E/dalvikvm(15523): Could not find class 'org.apache.harmony.xnet.provider.jsse.SSLParametersImpl', referenced from method com.facebook.ssl.openssl.reflect.SSLSessionTimeoutSetter.<clinit>

W/dalvikvm(15523): VFY: unable to resolve const-class 13371 (Lorg/apache/harmony/xnet/provider/jsse/SSLParametersImpl;) in Lcom/facebook/ssl/openssl/reflect/SSLSessionTimeoutSetter;

D/dalvikvm(15523): VFY: replacing opcode 0x1c at 0x000d

W/dalvikvm(15523): VFY: unable to find class referenced in signature (Lorg/apache/harmony/xnet/provider/jsse/SSLParametersImpl;)

E/dalvikvm(15523): Could not find class 'org.apache.harmony.xnet.provider.jsse.ClientSessionContext', referenced from method com.facebook.ssl.openssl.reflect.SSLSessionTimeoutSetter.a

W/dalvikvm(15523): VFY: unable to resolve check-cast 13367 (Lorg/apache/harmony/xnet/provider/jsse/ClientSessionContext;) in Lcom/facebook/ssl/openssl/reflect/SSLSessionTimeoutSetter;

D/dalvikvm(15523): VFY: replacing opcode 0x1f at 0x0006

W/dalvikvm(15523): VFY: unable to find class referenced in signature (Lorg/apache/harmony/xnet/provider/jsse/SSLParametersImpl;)

W/dalvikvm(15523): Unable to resolve superclass of Lcom/facebook/ssl/openssl/TicketEnabledOpenSSLSocketImplWrapper; (13370)

W/dalvikvm(15523): Link of class 'Lcom/facebook/ssl/openssl/TicketEnabledOpenSSLSocketImplWrapper;' failed

E/dalvikvm(15523): Could not find class 'com.facebook.ssl.openssl.TicketEnabledOpenSSLSocketImplWrapper', referenced from method com.facebook.ssl.openssl.TicketEnabledOpenSSLSocketFactoryHelper.a

W/dalvikvm(15523): VFY: unable to resolve new-instance 10296 (Lcom/facebook/ssl/openssl/TicketEnabledOpenSSLSocketImplWrapper;) in Lcom/facebook/ssl/openssl/TicketEnabledOpenSSLSocketFactoryHelper;

D/dalvikvm(15523): VFY: replacing opcode 0x22 at 0x0000

W/dalvikvm(15523): Unable to resolve superclass of Lcom/facebook/ssl/openssl/TicketEnabledOpenSSLSocketImplWrapper; (13370)

W/dalvikvm(15523): Link of class 'Lcom/facebook/ssl/openssl/TicketEnabledOpenSSLSocketImplWrapper;' failed

D/dalvikvm(15523): DexOpt: unable to opt direct call 0xad58 at 0x08 in Lcom/facebook/ssl/openssl/TicketEnabledOpenSSLSocketFactoryHelper;.a

I/ActivityManager(  455): Process com.google.android.googlequicksearchbox:search (pid 15489) has died.

I/ActivityManager(  455): Resuming delayed broadcast

D/Finsky  (15553): [1] PackageVerificationReceiver.onReceive: Verification requested, id = 4

I/Choreographer(  510): Skipped 49 frames!  The application may be doing too much work on its main thread.

I/ActivityManager(  455): Process com.facebook.katana:dash (pid 15523) has died.

V/GCMBroadcastReceiver(14147): onReceive: com.google.android.c2dm.intent.RECEIVE

V/GCMBroadcastReceiver(14147): GCM IntentService class: com.texty.sms.GCMIntentService

V/GCMBaseIntentService(14147): Intent service name: GCMIntentService-82288362851-43

I/ActivityManager(  455): Delay finish: com.texty.sms/com.google.android.gcm.GCMBroadcastReceiver

E/GCMIntentService(14147): ***** GCM listener called

I/GCMIntentHelper(14147): action=get_phone_status

I/GCMIntentHelper(14147): action_data=check-phone-status-not-needed

I/GCMIntentHelper(14147): action_data (decoded )=check-phone-status-not-needed

I/GCMIntentHelper(14147): action=get_phone_status, action_data=check-phone-status-not-needed

D/Finsky  (15553): [1] GmsCoreHelper.cleanupNlp: result=false type=4

D/Finsky  (15553): [1] WorkerTask.onPreExecute: Verification Requested for id = 4, data=file:///data/local/tmp/FDHttpd.apk flags=114 fromVerificationActivity=false

D/PhoneStatusBar(  510): disable: < EXPAND* icons alerts TICKER* system_info BACK* HOME* RECENT* CLOCK* search >

I/Texty   (14147): ts_last_c2dm set to Fri Jan 10 13:46:01 CET 2014

I/SystemUtils(14147): carrier name=Telenor

D/Documents(15583): Loading roots for com.android.externalstorage.documents

I/ActivityManager(  455): Start proc com.android.externalstorage for content provider com.android.externalstorage/.ExternalStorageProvider: pid=15631 uid=10016 gids={50016, 1028, 1015, 1023}

D/ExternalStorage(15631): After updating volumes, found 1 active roots

D/Documents(15583): Updating roots due to change at content://com.android.externalstorage.documents/root

D/Finsky  (15553): [1] 2.run: Loaded library for account: [vPhtsBC6q5nK4DjmTvkkCOCbSCo]

D/Documents(15583): Loading roots for com.android.providers.downloads.documents

D/Documents(15583): Update found 6 roots in 2635ms

D/Documents(15583): Used cached roots for com.android.providers.media.documents

D/Documents(15583): Loading roots for com.android.externalstorage.documents

D/Documents(15583): Used cached roots for com.android.providers.downloads.documents

D/Documents(15583): Update found 6 roots in 106ms

D/Finsky  (15553): [1] 2.run: Loaded library for account: [0v_iLESGYZOevlmED71nXj7oBFI]

D/Finsky  (15553): [1] 2.run: Finished loading 2 libraries.

D/Finsky  (15553): [1] RestoreTracker.stopServiceIfDone: Restore complete with 0 success and 0 failed.

D/Finsky  (15553): [1] 5.onFinished: Installation state replication succeeded.

W/GCM/DMM (  763): Force release of GOOGLE_C2DM lock

I/SyncClient(14147): Message=phone status forwarded to cloud!

D/Finsky  (15553): [1] 2.onResponse: Verification id=4 response=0

I/ActivityManager(  455): Resuming delayed broadcast

D/ConnectivityService(  455): Sampling interval elapsed, updating statistics ..

D/ConnectivityService(  455): Done.

D/ConnectivityService(  455): Setting timer for 720seconds

D/Finsky  (15553): [1] PackageVerificationReceiver.onReceive: Verification requested, id = 4

W/ActivityManager(  455): No content provider found for permission revoke: file:///data/local/tmp/FDHttpd.apk

I/PackageManager(  455): Copying native libraries to /data/app-lib/vmdl-1446961316

I/PackageManager(  455): Running dexopt on: com.fd.httpd

D/dalvikvm(15648): DexOpt: load 56ms, verify+opt 520ms, 862292 bytes

I/ActivityManager(  455): Force stopping com.fd.httpd appid=10099 user=-1: update pkg

W/IdleConnectionHandler(13129): Removing a connection that never existed!

W/PackageManager(  455): Not granting permission android.permission.BATTERY_STATS to package com.fd.httpd (protectionLevel=18 flags=0x444)

W/PackageManager(  455): Not granting permission android.permission.INSTALL_PACKAGES to package com.fd.httpd (protectionLevel=18 flags=0x444)

W/PackageManager(  455): Not granting permission android.permission.DELETE_PACKAGES to package com.fd.httpd (protectionLevel=18 flags=0x444)

W/PackageManager(  455): Not granting permission android.permission.MASTER_CLEAR to package com.fd.httpd (protectionLevel=18 flags=0x444)

W/PackageManager(  455): Not granting permission android.permission.ACCESS_CACHE_FILESYSTEM to package com.fd.httpd (protectionLevel=18 flags=0x444)

W/PackageManager(  455): Not granting permission android.permission.DEVICE_POWER to package com.fd.httpd (protectionLevel=2 flags=0x444)

W/PackageManager(  455): Not granting permission android.permission.WRITE_SECURE_SETTINGS to package com.fd.httpd (protectionLevel=50 flags=0x444)

W/PackageManager(  455): Not granting permission android.permission.CHANGE_CONFIGURATION to package com.fd.httpd (protectionLevel=50 flags=0x444)

W/PackageManager(  455): Unknown permission com.android.launcher.permission.WRITE_SETTINGS in package com.fd.httpd

W/PackageManager(  455): Not granting permission android.permission.MOUNT_UNMOUNT_FILESYSTEMS to package com.fd.httpd (protectionLevel=18 flags=0x444)

W/PackageManager(  455): Not granting permission android.permission.MOUNT_FORMAT_FILESYSTEMS to package com.fd.httpd (protectionLevel=18 flags=0x444)

D/BackupManagerService(  455): Received broadcast Intent { act=android.intent.action.PACKAGE_ADDED dat=package:com.fd.httpd flg=0x4000010 (has extras) }

V/BackupManagerService(  455): addPackageParticipantsLocked: #1

D/Documents(15583): Used cached roots for com.android.providers.media.documents

D/Documents(15583): Used cached roots for com.android.externalstorage.documents

D/Documents(15583): Used cached roots for com.android.providers.downloads.documents

D/Documents(15583): Update found 6 roots in 3ms

I/PackageManager(  455):   Action: "android.intent.action.SENDTO"

I/PackageManager(  455):   Category: "android.intent.category.DEFAULT"

I/PackageManager(  455):   Scheme: "sms"

I/PackageManager(  455): Adding preferred activity ComponentInfo{com.android.mms/com.android.mms.ui.ComposeMessageActivity} for user 0 :

I/ThemeManager(  635): Handling new theme package: com.fd.httpd

I/Launcher(  646): Deferring update until onResume

I/InputReader(  455): Reconfiguring input devices.  changes=0x00000010

I/PackageManager(  455):   Action: "android.intent.action.SENDTO"

I/PackageManager(  455):   Category: "android.intent.category.DEFAULT"

I/PackageManager(  455):   Scheme: "smsto"

I/PackageManager(  455): Adding preferred activity ComponentInfo{com.android.mms/com.android.mms.ui.ComposeMessageActivity} for user 0 :

I/PackageManager(  455):   Action: "android.intent.action.SENDTO"

I/PackageManager(  455):   Category: "android.intent.category.DEFAULT"

I/PackageManager(  455):   Scheme: "mms"

I/PackageManager(  455): Adding preferred activity ComponentInfo{com.android.mms/com.android.mms.ui.ComposeMessageActivity} for user 0 :

I/PackageManager(  455):   Action: "android.intent.action.SENDTO"

I/PackageManager(  455):   Category: "android.intent.category.DEFAULT"

I/PackageManager(  455):   Scheme: "mmsto"

I/PackageManager(  455): Adding preferred activity ComponentInfo{com.android.mms/com.android.mms.ui.ComposeMessageActivity} for user 0 :

I/PackageManager(  455):   Action: "android.intent.action.SENDTO"

I/PackageManager(  455):   Category: "android.intent.category.DEFAULT"

I/PackageManager(  455):   Scheme: "sms"

I/PackageManager(  455): Adding preferred activity ComponentInfo{com.android.mms/com.android.mms.ui.ComposeMessageActivity} for user 0 :

I/PackageManager(  455):   Action: "android.intent.action.SENDTO"

I/PackageManager(  455):   Category: "android.intent.category.DEFAULT"

I/PackageManager(  455):   Scheme: "smsto"

I/PackageManager(  455): Adding preferred activity ComponentInfo{com.android.mms/com.android.mms.ui.ComposeMessageActivity} for user 0 :

I/PackageManager(  455):   Action: "android.intent.action.SENDTO"

I/PackageManager(  455):   Category: "android.intent.category.DEFAULT"

I/PackageManager(  455):   Scheme: "mms"

I/PackageManager(  455): Adding preferred activity ComponentInfo{com.android.mms/com.android.mms.ui.ComposeMessageActivity} for user 0 :

I/PackageManager(  455):   Action: "android.intent.action.SENDTO"

I/PackageManager(  455):   Category: "android.intent.category.DEFAULT"

I/PackageManager(  455):   Scheme: "mmsto"

I/PackageManager(  455): Adding preferred activity ComponentInfo{com.android.mms/com.android.mms.ui.ComposeMessageActivity} for user 0 :

I/PackageManager(  455): Observer no longer exists.

I/ActivityManager(  455): Start proc com.android.voicedialer for broadcast com.android.voicedialer/.VoiceDialerReceiver: pid=15650 uid=10002 gids={50002, 3002}

I/ActivityManager(  455): Start proc com.google.android.partnersetup for broadcast com.google.android.partnersetup/.RlzPingBroadcastReceiver: pid=15663 uid=10013 gids={50013, 3003}

I/ActivityManager(  455): Delay finish: com.google.android.partnersetup/.RlzPingBroadcastReceiver

I/ActivityManager(  455): Resuming delayed broadcast

I/ActivityManager(  455): Delay finish: com.google.android.partnersetup/.AppInstalledReceiver

I/ActivityManager(  455): Resuming delayed broadcast

D/SystemBroadcastService(13648): Received broadcast action=android.intent.action.PACKAGE_ADDED and uri=

I/ActivityManager(  455): Delay finish: com.google.android.gms/.app.receiver.SystemBroadcastReceiver

I/ActivityManager(  455): Process android.process.media (pid 15600) has died.

W/SearchableInfo(  455): Invalid searchable metadata for com.quoord.tapatalkpro.activity/.directory.ics.IcsEntryActivity: Search label must be a resource reference.

W/ContextImpl(13648): Implicit intents with startService are not safe: Intent { act=com.google.android.gms.games.service.INTENT } android.content.ContextWrapper.startService:494 com.google.android.gms.games.service.GamesIntentService.a:101 com.google.android.gms.games.service.GamesIntentService.b:368 

I/ActivityManager(  455): Resuming delayed broadcast

I/ActivityManager(  455): Start proc android.process.acore for broadcast com.android.providers.contacts/.PackageIntentReceiver: pid=15681 uid=10019 gids={50019, 3003, 1028, 1015}

I/ActivityManager(  455): Start proc com.svox.pico for broadcast com.svox.pico/.VoiceDataInstallerReceiver: pid=15695 uid=10034 gids={50034, 1028, 1015}

I/ActivityManager(  455): Start proc com.android.gallery3d for broadcast com.android.gallery3d/.app.PackagesMonitor: pid=15707 uid=10044 gids={50044, 1006, 3003, 1028, 1015}

I/ActivityManager(  455): Process com.android.documentsui (pid 15583) has died.

I/ActivityManager(  455): Process com.android.externalstorage (pid 15631) has died.

I/ActivityManager(  455): Start proc com.cyanogenmod.settings.device.hwa for broadcast com.cyanogenmod.settings.device.hwa/.receivers.PackageAddedReceiver: pid=15721 uid=1000 gids={41000, 1028, 1015, 3002, 3001, 3003}

I/ActivityManager(  455): Start proc com.google.android.googlequicksearchbox:search for broadcast com.google.android.googlequicksearchbox/com.google.android.search.core.summons.icing.InternalIcingCorporaProvider$CorporaChangedReceiver: pid=15734 uid=10060 gids={50060, 3003, 1028, 3002, 1015}

I/ContactLocale(15681): AddressBook Labels [en_US]: [, A, B, C, D, E, F, G, H, I, J, K, L, M, N, O, P, Q, R, S, T, U, V, W, X, Y, Z, Α, Β, Γ, Δ, Ε, Ζ, Η, Θ, Ι, Κ, Λ, Μ, Ν, Ξ, Ο, Π, Ρ, Σ, Τ, Υ, Φ, Χ, Ψ, Ω, , А, Б, В, Г, Д, Е, Є, Ж, З, И, І, Ї, Й, К, Л, М, Н, О, П, Р, С, Т, У, Ф, Х, Ц, Ч, Ш, Щ, Ю, Я, , א, ב, ג, ד, ה, ו, ז, ח, ט, י, כ, ל, מ, נ, ס, ע, פ, צ, ק, ר, ש, ת, , ا, ب, ت, ث, ج, ح, خ, د, ذ, ر, ز, س, ش, ص, ض, ط, ظ, ع, غ, ف, ق, ك, ل, م, ن, ه, و, ي, , ก, ข, ฃ, ค, ฅ, ฆ, ง, จ, ฉ, ช, ซ, ฌ, ญ, ฎ, ฏ, ฐ, ฑ, ฒ, ณ, ด, ต, ถ, ท, ธ, น, บ, ป, ผ, ฝ, พ, ฟ, ภ, ม, ย, ร, ฤ, ล, ฦ, ว, ศ, ษ, ส, ห, ฬ, อ, ฮ, , ㄱ, ㄴ, ㄷ, ㄹ, ㅁ, ㅂ, ㅅ, ㅇ, ㅈ, ㅊ, ㅋ, ㅌ, ㅍ, ㅎ, , あ, か, さ, た, な, は, ま, や, ら, わ, #, ]

I/ActivityManager(  455): Process com.android.vending (pid 15553) has died.

I/Icing.InternalIcingCorporaProvider(15734): Updating corpora: A: com.fd.httpd, C: MAYBE

I/ActivityManager(  455): Delay finish: com.google.android.googlequicksearchbox/com.google.android.search.core.summons.icing.InternalIcingCorporaProvider$CorporaChangedReceiver

I/ActivityManager(  455): Process com.android.defcontainer (pid 15075) has died.

I/ActivityManager(  455): Resuming delayed broadcast

V/GelStubAppWatcher(15734): onReceive: android.intent.action.PACKAGE_ADDED

I/ActivityManager(  455): Process com.google.android.partnersetup (pid 15663) has died.

I/ActivityManager(  455): Start proc com.android.vending for service com.android.vending/com.google.android.finsky.services.ContentSyncService: pid=15764 uid=10007 gids={50007, 3003, 1028, 1015}

I/ActivityManager(  455): Process com.android.voicedialer (pid 15650) has died.

D/Finsky  (15764): [1] FinskyApp.onCreate: Initializing network with DFE https://android.clients.google.com/fdfe/

D/Finsky  (15764): [1] DailyHygiene.goMakeHygieneIfDirty: No need to run daily hygiene.

W/Settings(15764): Setting download_manager_max_bytes_over_mobile has moved from android.provider.Settings.Secure to android.provider.Settings.Global.

W/Settings(15764): Setting download_manager_recommended_max_bytes_over_mobile has moved from android.provider.Settings.Secure to android.provider.Settings.Global.

I/ActivityManager(  455): Start proc android.process.media for content provider com.android.providers.downloads/.DownloadProvider: pid=15794 uid=10010 gids={50010, 1028, 1015, 1023, 1024, 2001, 3003, 3007}

D/Finsky  (15764): [1] 2.run: Loaded library for account: [vPhtsBC6q5nK4DjmTvkkCOCbSCo]

D/Finsky  (15764): [1] 2.run: Loaded library for account: [0v_iLESGYZOevlmED71nXj7oBFI]

D/Finsky  (15764): [1] 2.run: Finished loading 2 libraries.

D/Finsky  (15764): [1] GmsCoreHelper.cleanupNlp: result=false type=4

I/ActivityManager(  455): Process android.process.acore (pid 15681) has died.

D/Finsky  (15764): [1] RestoreTracker.stopServiceIfDone: Restore complete with 0 success and 0 failed.

D/Finsky  (15764): [1] 5.onFinished: Installation state replication succeeded.

I/ActivityManager(  455): Process com.svox.pico (pid 15695) has died.

I/PowerManagerService(  455): Waking up from sleep...

I/InputDispatcher(  455): Dropped event because input dispatch is disabled.

D/AK8973  (   89): Compass Start

D/SurfaceFlinger(   83): Screen acquired, type=0 flinger=0x2a007450

I/WindowManager(  455): Lock screen displayed!

D/PhoneStatusBar(  510): disable: < expand* icons alerts ticker* system_info back* home* recent* clock* search >

E/AppsCustomizePagedView(  646): Widget ComponentInfo{com.facebook.katana/com.facebook.katana.FacebookControlWidgetProvider} can not fit on this device (441, 15)

E/AppsCustomizePagedView(  646): Widget ComponentInfo{com.facebook.katana/com.facebook.katana.FacebookWidgetProvider} can not fit on this device (441, 216)

E/AppsCustomizePagedView(  646): Widget ComponentInfo{com.google.android.googlequicksearchbox/com.google.android.apps.sidekick.widget.PredictiveCardsWidgetProvider} can not fit on this device (450, 375)

I/ActivityManager(  455): Start proc netgenius.bizcal for broadcast netgenius.bizcal/.WidgetProvider1x1: pid=15821 uid=10074 gids={50074, 1028, 1015, 3003}

E/AppsCustomizePagedView(  646): Widget ComponentInfo{org.videolan.vlc.betav7neon/org.videolan.vlc.betav7neon.widget.VLCAppWidgetProvider} can not fit on this device (441, 60)

I/Choreographer(  646): Skipped 34 frames!  The application may be doing too much work on its main thread.

W/InputMethodManagerService(  455): Window already focused, ignoring focus gain of: com.android.internal.view.IInputMethodClient$Stub$Proxy@41d53080 attribute=android.view.inputmethod.EditorInfo@421cdda0, token = android.os.BinderProxy@41d81278

I/ActivityManager(  646): Timeline: Activity_idle id: android.os.BinderProxy@417e2858 time:14272723

I/ActivityManager(  455): Process com.android.gallery3d (pid 15707) has died.

I/ActivityManager(  646): Timeline: Activity_launch_request id:com.antutu.ABenchMark time:14301750

I/ActivityManager(  455): START u0 {act=android.intent.action.MAIN cat=[android.intent.category.LAUNCHER] flg=0x10200000 cmp=com.antutu.ABenchMark/.ABenchMarkStart} from pid 646

W/BroadcastQueue(  455): Permission Denial: receiving Intent { act=com.android.launcher3.action.LAUNCH flg=0x10 (has extras) } to com.google.android.googlequicksearchbox/com.google.android.search.core.summons.icing.InternalIcingCorporaProvider$ApplicationLaunchReceiver requires com.android.launcher3.permission.RECEIVE_LAUNCH_BROADCASTS due to sender com.android.launcher3 (uid 10011)

I/ActivityManager(  455): Start proc com.antutu.ABenchMark for activity com.antutu.ABenchMark/.ABenchMarkStart: pid=15834 uid=10091 gids={50091, 3003, 1028, 1015, 1006}

D/dalvikvm(15834): Trying to load lib /data/app-lib/com.antutu.ABenchMark-2/libabenchmark.so 0x417e9880

D/dalvikvm(15834): Added shared lib /data/app-lib/com.antutu.ABenchMark-2/libabenchmark.so 0x417e9880

